{"id":2064,"date":"2020-03-10T20:49:09","date_gmt":"2020-03-10T19:49:09","guid":{"rendered":"http:\/\/blogs.uo.edu.cu\/doctoradocienciasambientales\/?page_id=2064"},"modified":"2022-03-03T17:38:48","modified_gmt":"2022-03-03T16:38:48","slug":"cronograma","status":"publish","type":"page","link":"https:\/\/blogs.uo.edu.cu\/doctoradocienciasambientales\/cronograma\/","title":{"rendered":"Cronograma"},"content":{"rendered":"\n<h1 class=\"wp-block-heading\">Calendario del Programa de Doctorado planificado para 4 a\u00f1os<\/h1>\n\n\n\n<p>Tabla V. Gr\u00e1fico de trabajo para la duraci\u00f3n m\u00e1xima del doctorado (Dedicaci\u00f3n Parcial)<\/p>\n\n\n\n<figure class=\"wp-block-image size-full\"><img fetchpriority=\"high\" decoding=\"async\" width=\"858\" height=\"251\" src=\"https:\/\/blogs.uo.edu.cu\/doctoradocienciasambientales\/wp-content\/uploads\/sites\/47\/2022\/03\/imagen.png\" alt=\"\" class=\"wp-image-2611\" srcset=\"https:\/\/blogs.uo.edu.cu\/doctoradocienciasambientales\/wp-content\/uploads\/sites\/47\/2022\/03\/imagen.png 858w, https:\/\/blogs.uo.edu.cu\/doctoradocienciasambientales\/wp-content\/uploads\/sites\/47\/2022\/03\/imagen-300x88.png 300w, https:\/\/blogs.uo.edu.cu\/doctoradocienciasambientales\/wp-content\/uploads\/sites\/47\/2022\/03\/imagen-768x225.png 768w\" sizes=\"(max-width: 858px) 100vw, 858px\" \/><\/figure>\n\n\n\n<h1 class=\"wp-block-heading\">Calendario del Programa de Doctorado planificado para 3 a\u00f1os (a sesionar una semana de cada mes)<\/h1>\n\n\n\n<p>Tabla VI. Gr\u00e1fico de trabajo para la duraci\u00f3n m\u00ednima del doctorado (Tiempo completo)<\/p>\n\n\n\n<figure class=\"wp-block-image size-full\"><img decoding=\"async\" width=\"862\" height=\"276\" src=\"https:\/\/blogs.uo.edu.cu\/doctoradocienciasambientales\/wp-content\/uploads\/sites\/47\/2022\/03\/imagen-2.png\" alt=\"\" class=\"wp-image-2610\" srcset=\"https:\/\/blogs.uo.edu.cu\/doctoradocienciasambientales\/wp-content\/uploads\/sites\/47\/2022\/03\/imagen-2.png 862w, https:\/\/blogs.uo.edu.cu\/doctoradocienciasambientales\/wp-content\/uploads\/sites\/47\/2022\/03\/imagen-2-300x96.png 300w, https:\/\/blogs.uo.edu.cu\/doctoradocienciasambientales\/wp-content\/uploads\/sites\/47\/2022\/03\/imagen-2-768x246.png 768w\" sizes=\"(max-width: 862px) 100vw, 862px\" \/><\/figure>\n","protected":false},"excerpt":{"rendered":"<p>Calendario del Programa de Doctorado planificado para 4 a\u00f1os Tabla V. Gr\u00e1fico de trabajo para la duraci\u00f3n m\u00e1xima del doctorado &hellip; <\/p>\n","protected":false},"author":937,"featured_media":0,"parent":0,"menu_order":0,"comment_status":"closed","ping_status":"closed","template":"","meta":{"_uag_custom_page_level_css":"","ngg_post_thumbnail":0,"footnotes":""},"class_list":["post-2064","page","type-page","status-publish","hentry"],"uagb_featured_image_src":{"full":false,"thumbnail":false,"medium":false,"medium_large":false,"large":false,"1536x1536":false,"2048x2048":false,"education-zone-banner":false,"education-zone-image-full":false,"education-zone-image":false,"education-zone-recent-post":false,"education-zone-search-result":false,"education-zone-featured-course":false,"education-zone-testimonial":false,"education-zone-blog-full":false},"uagb_author_info":{"display_name":"doctoradocienciasambientales","author_link":"https:\/\/blogs.uo.edu.cu\/doctoradocienciasambientales\/author\/doctoradocienciasambientales\/"},"uagb_comment_info":0,"uagb_excerpt":"Calendario del Programa de Doctorado planificado para 4 a\u00f1os Tabla V. Gr\u00e1fico de trabajo para la duraci\u00f3n m\u00e1xima del doctorado &hellip;","_links":{"self":[{"href":"https:\/\/blogs.uo.edu.cu\/doctoradocienciasambientales\/wp-json\/wp\/v2\/pages\/2064","targetHints":{"allow":["GET"]}}],"collection":[{"href":"https:\/\/blogs.uo.edu.cu\/doctoradocienciasambientales\/wp-json\/wp\/v2\/pages"}],"about":[{"href":"https:\/\/blogs.uo.edu.cu\/doctoradocienciasambientales\/wp-json\/wp\/v2\/types\/page"}],"author":[{"embeddable":true,"href":"https:\/\/blogs.uo.edu.cu\/doctoradocienciasambientales\/wp-json\/wp\/v2\/users\/937"}],"replies":[{"embeddable":true,"href":"https:\/\/blogs.uo.edu.cu\/doctoradocienciasambientales\/wp-json\/wp\/v2\/comments?post=2064"}],"version-history":[{"count":4,"href":"https:\/\/blogs.uo.edu.cu\/doctoradocienciasambientales\/wp-json\/wp\/v2\/pages\/2064\/revisions"}],"predecessor-version":[{"id":2612,"href":"https:\/\/blogs.uo.edu.cu\/doctoradocienciasambientales\/wp-json\/wp\/v2\/pages\/2064\/revisions\/2612"}],"wp:attachment":[{"href":"https:\/\/blogs.uo.edu.cu\/doctoradocienciasambientales\/wp-json\/wp\/v2\/media?parent=2064"}],"curies":[{"name":"wp","href":"https:\/\/api.w.org\/{rel}","templated":true}]}}