{"id":2100,"date":"2020-03-12T17:45:48","date_gmt":"2020-03-12T16:45:48","guid":{"rendered":"http:\/\/blogs.uo.edu.cu\/doctoradocienciasambientales\/?page_id=2100"},"modified":"2024-01-23T18:57:21","modified_gmt":"2024-01-23T17:57:21","slug":"comite-doc","status":"publish","type":"page","link":"https:\/\/blogs.uo.edu.cu\/doctoradocienciasambientales\/comite-doc\/","title":{"rendered":"Comit\u00e9 Acad\u00e9mico"},"content":{"rendered":"\n<figure class=\"wp-block-table\"><table><thead><tr><th>Nombre y Apellidos<\/th><th><strong>Instituci\u00f3n<\/strong><\/th><th><strong><strong>L\u00ednea de investigaci\u00f3n<\/strong><\/strong><\/th><\/tr><\/thead><tbody><tr><td>1. Dr.C. Liliana G\u00f3mez Luna <strong><em>Coordinadora<\/em><\/strong><\/td><td>CNEA, UO, MES<\/td><td><em>Gesti\u00f3n de riesgos para el desarrollo\/Gesti\u00f3n integrada de recursos naturales para la mitigaci\u00f3n de impactos ambientales<\/em>.<\/td><\/tr><tr><td>2. Dr.C. Alexis P\u00e9rez Figueredo <strong><em>Secretario<\/em><\/strong><\/td><td>CEMZOC, UO, MES<\/td><td><em>Gesti\u00f3n integrada de recursos naturales para la mitigaci\u00f3n de impactos ambientales<\/em>.<\/td><\/tr><tr><td>3. Dr.C. Elizabeth Isaac Alem\u00e1n<\/td><td>CNEA, UO, MES<\/td><td><em>Tecnolog\u00eda Ambiental, Bioprocesos y Bioenerg\u00eda<\/em><\/td><\/tr><tr><td>4. Dr.C. Rosa Mar\u00eda P\u00e9rez Silva<\/td><td>CEBI, UO, MES<\/td><td><em>Tecnolog\u00eda Ambiental, Bioprocesos y Bioenerg\u00eda<\/em><\/td><\/tr><tr><td>5. Dr.C. Melek Campos Sof\u00eda<\/td><td>CNEA, UO, MES<\/td><td><em>Tecnolog\u00eda Ambiental, Bioprocesos y Bioenerg\u00eda<\/em><\/td><\/tr><tr><td>6. Dr. C. Yudith Gonz\u00e1lez D\u00edaz<\/td><td>FIQA, UO, MES<\/td><td><em>Tecnolog\u00eda Ambiental, Bioprocesos y Bioenerg\u00eda<\/em><\/td><\/tr><tr><td>7. Dr.C. Ofelia P\u00e9rez Montero<\/td><td>CEMZOC, UO, MES<\/td><td><br><em>Gesti\u00f3n integrada de recursos naturales para la mitigaci\u00f3n de impactos ambientales<\/em><\/td><\/tr><tr><td>8. Dr.C. Orlando Joel Reyes Dom\u00ednguez<\/td><td>BIOECO, CITMA<\/td><td><em>Gesti\u00f3n integrada de recursos naturales para la mitigaci\u00f3n de impactos ambientales<\/em><br><\/td><\/tr><tr><td>9. Dr.C. Ann Cuypers<\/td><td>UHasselt, B\u00e9lgica<\/td><td><em>Tecnolog\u00eda Ambiental, Bioprocesos y Bioenerg\u00eda<\/em><\/td><\/tr><tr><td>10. Dr.C. Yulia Clark Feoktistova<\/td><td>Univ. Guant\u00e1namo, MES<\/td><td><em>Gesti\u00f3n de riesgos para el desarrollo<\/em><\/td><\/tr><\/tbody><\/table><\/figure>\n","protected":false},"excerpt":{"rendered":"<p>Nombre y Apellidos Instituci\u00f3n L\u00ednea de investigaci\u00f3n 1. Dr.C. Liliana G\u00f3mez Luna Coordinadora CNEA, UO, MES Gesti\u00f3n de riesgos para &hellip; <\/p>\n","protected":false},"author":937,"featured_media":0,"parent":0,"menu_order":0,"comment_status":"closed","ping_status":"closed","template":"elementor_header_footer","meta":{"_uag_custom_page_level_css":"","ngg_post_thumbnail":0,"footnotes":""},"class_list":["post-2100","page","type-page","status-publish","hentry"],"uagb_featured_image_src":{"full":false,"thumbnail":false,"medium":false,"medium_large":false,"large":false,"1536x1536":false,"2048x2048":false,"education-zone-banner":false,"education-zone-image-full":false,"education-zone-image":false,"education-zone-recent-post":false,"education-zone-search-result":false,"education-zone-featured-course":false,"education-zone-testimonial":false,"education-zone-blog-full":false},"uagb_author_info":{"display_name":"doctoradocienciasambientales","author_link":"https:\/\/blogs.uo.edu.cu\/doctoradocienciasambientales\/author\/doctoradocienciasambientales\/"},"uagb_comment_info":0,"uagb_excerpt":"Nombre y Apellidos Instituci\u00f3n L\u00ednea de investigaci\u00f3n 1. Dr.C. Liliana G\u00f3mez Luna Coordinadora CNEA, UO, MES Gesti\u00f3n de riesgos para &hellip;","_links":{"self":[{"href":"https:\/\/blogs.uo.edu.cu\/doctoradocienciasambientales\/wp-json\/wp\/v2\/pages\/2100","targetHints":{"allow":["GET"]}}],"collection":[{"href":"https:\/\/blogs.uo.edu.cu\/doctoradocienciasambientales\/wp-json\/wp\/v2\/pages"}],"about":[{"href":"https:\/\/blogs.uo.edu.cu\/doctoradocienciasambientales\/wp-json\/wp\/v2\/types\/page"}],"author":[{"embeddable":true,"href":"https:\/\/blogs.uo.edu.cu\/doctoradocienciasambientales\/wp-json\/wp\/v2\/users\/937"}],"replies":[{"embeddable":true,"href":"https:\/\/blogs.uo.edu.cu\/doctoradocienciasambientales\/wp-json\/wp\/v2\/comments?post=2100"}],"version-history":[{"count":132,"href":"https:\/\/blogs.uo.edu.cu\/doctoradocienciasambientales\/wp-json\/wp\/v2\/pages\/2100\/revisions"}],"predecessor-version":[{"id":2866,"href":"https:\/\/blogs.uo.edu.cu\/doctoradocienciasambientales\/wp-json\/wp\/v2\/pages\/2100\/revisions\/2866"}],"wp:attachment":[{"href":"https:\/\/blogs.uo.edu.cu\/doctoradocienciasambientales\/wp-json\/wp\/v2\/media?parent=2100"}],"curies":[{"name":"wp","href":"https:\/\/api.w.org\/{rel}","templated":true}]}}