{"id":2445,"date":"2022-03-02T19:13:40","date_gmt":"2022-03-02T18:13:40","guid":{"rendered":"https:\/\/blogs.uo.edu.cu\/doctoradocienciasambientales\/?page_id=2445"},"modified":"2024-02-06T17:10:07","modified_gmt":"2024-02-06T16:10:07","slug":"grupo-jose-luis-garcia-cuevas","status":"publish","type":"page","link":"https:\/\/blogs.uo.edu.cu\/doctoradocienciasambientales\/grupo-jose-luis-garcia-cuevas\/","title":{"rendered":"Grupo Jos\u00e9 Luis Garc\u00eda Cuevas"},"content":{"rendered":"\n<p><strong>Listado de temas, tutores y oponentes<\/strong><\/p>\n\n\n\n<figure class=\"wp-block-table is-style-stripes\"><table><tbody><tr><td><strong>Autor y<\/strong> <strong>Tutores<\/strong><\/td><td><strong>Tema<\/strong><\/td><td><strong>Oponentes<\/strong><\/td><\/tr><tr><td>Yadenis Ortega D\u00edaz-<br><em>Dr.C. Liliana Gomez Luna\/ Dr.C. Ann Cuypers<\/em><\/td><td>El impacto de las cianobacterias en los cultivos agr\u00edcolas: diversidad y beneficios de las especies diaz\u00f3trofas como acondicionadores de suelo<\/td><td><em>Dra.C. Siannah M\u00e1s Diego<\/em><\/td><\/tr><tr><td>Mario Gordillo P\u00e9rez- <em>Dr.C. Bernardo Redyes Tur\/<\/em> <em>Dr.C. Karen Smeet<\/em><\/td><td>Efecto potencial de la variabilidad clim\u00e1tica sobre la eco-fisiolog\u00eda de <em>Polymita <\/em>spp.<\/td><td><em>Dr.C. Yander Luis Diez<\/em><\/td><\/tr><tr><td>Claudia Sanjuan Hern\u00e1ndez- <em>Dr.C. Yander Luis Diez<\/em><\/td><td>Diversidad de microturbelarios Proseriata (Platyhelmintes) de Cuba<\/td><td><em>Dr.C. Yusdiel Torres Cambas<\/em><\/td><\/tr><tr><td>Camila Bosh D\u00edaz- <em>Dr.C. Bernardo Reyes Tur\/ Dr.C. Thierry Backeljau<\/em><\/td><td>Taxonom\u00eda y filogenia de Rhabdocoela (Platyhelminthes) dulceacu\u00edcolas de Cuba<\/td><td><em>Dr.C. Yoandris Su\u00e1rez Megna<\/em><\/td><\/tr><tr><td>Abelardo Alan M\u00e9ndez Hern\u00e1ndez &#8211;<em>Dr.C. Germ\u00e1n L\u00f3pez Iborra<\/em><\/td><td>Evaluaci\u00f3n ecol\u00f3gica de Cepolidae (Mollusca: Hellicoidea) en condiciones de cambio clim\u00e1tico en el oriente de Cuba<\/td><td><em>Dr.C. Bernardo Reyes Tur<\/em><em><\/em><\/td><\/tr><tr><td>Javier Pe\u00f1a L\u00f3pez- <em>Dr.C. Yilan Fung Bois\/ Dra.C. Albys Ferrer<\/em><\/td><td>Efecto del riego con agua tratada con campo magn\u00e9tico est\u00e1tico en <em>Cucumis sativus<\/em><\/td><td>Dra.C. Elizabeth Isaac Alem\u00e1n<\/td><\/tr><tr><td>Yanet Cruz Portorreal-<em> Dr.C. Orlando Joel Reyes Dom\u00ednguez\/ Dr.C. Ofelia P\u00e9rez<\/em><\/td><td>Din\u00e1mica del carbono org\u00e1nico en manglares en relaci\u00f3n con los efectos de la variaci\u00f3n del hidroper\u00edodo y el cambio clim\u00e1tico<\/td><td><em>Dr.C. Arturo Salmer\u00f3n<\/em><\/td><\/tr><tr><td>Juan Carlos Salazar Salinas <em>Dr.C Yoadri Su\u00e1rez Megna<\/em><em><\/em><\/td><td>Taxonom\u00eda, distribuci\u00f3n y conservaci\u00f3n del Orden Ephemeroptera (Hexapoda: Insecta) en Cuba<\/td><td><em>Dr.C. Roberto Alonso Bosch<\/em><\/td><\/tr><\/tbody><\/table><\/figure>\n","protected":false},"excerpt":{"rendered":"<p>Listado de temas, tutores y oponentes Autor y Tutores Tema Oponentes Yadenis Ortega D\u00edaz-Dr.C. Liliana Gomez Luna\/ Dr.C. Ann Cuypers &hellip; <\/p>\n","protected":false},"author":937,"featured_media":0,"parent":0,"menu_order":0,"comment_status":"closed","ping_status":"closed","template":"","meta":{"_uag_custom_page_level_css":"","ngg_post_thumbnail":0,"footnotes":""},"class_list":["post-2445","page","type-page","status-publish","hentry"],"uagb_featured_image_src":{"full":false,"thumbnail":false,"medium":false,"medium_large":false,"large":false,"1536x1536":false,"2048x2048":false,"education-zone-banner":false,"education-zone-image-full":false,"education-zone-image":false,"education-zone-recent-post":false,"education-zone-search-result":false,"education-zone-featured-course":false,"education-zone-testimonial":false,"education-zone-blog-full":false},"uagb_author_info":{"display_name":"doctoradocienciasambientales","author_link":"https:\/\/blogs.uo.edu.cu\/doctoradocienciasambientales\/author\/doctoradocienciasambientales\/"},"uagb_comment_info":0,"uagb_excerpt":"Listado de temas, tutores y oponentes Autor y Tutores Tema Oponentes Yadenis Ortega D\u00edaz-Dr.C. Liliana Gomez Luna\/ Dr.C. Ann Cuypers &hellip;","_links":{"self":[{"href":"https:\/\/blogs.uo.edu.cu\/doctoradocienciasambientales\/wp-json\/wp\/v2\/pages\/2445","targetHints":{"allow":["GET"]}}],"collection":[{"href":"https:\/\/blogs.uo.edu.cu\/doctoradocienciasambientales\/wp-json\/wp\/v2\/pages"}],"about":[{"href":"https:\/\/blogs.uo.edu.cu\/doctoradocienciasambientales\/wp-json\/wp\/v2\/types\/page"}],"author":[{"embeddable":true,"href":"https:\/\/blogs.uo.edu.cu\/doctoradocienciasambientales\/wp-json\/wp\/v2\/users\/937"}],"replies":[{"embeddable":true,"href":"https:\/\/blogs.uo.edu.cu\/doctoradocienciasambientales\/wp-json\/wp\/v2\/comments?post=2445"}],"version-history":[{"count":3,"href":"https:\/\/blogs.uo.edu.cu\/doctoradocienciasambientales\/wp-json\/wp\/v2\/pages\/2445\/revisions"}],"predecessor-version":[{"id":2903,"href":"https:\/\/blogs.uo.edu.cu\/doctoradocienciasambientales\/wp-json\/wp\/v2\/pages\/2445\/revisions\/2903"}],"wp:attachment":[{"href":"https:\/\/blogs.uo.edu.cu\/doctoradocienciasambientales\/wp-json\/wp\/v2\/media?parent=2445"}],"curies":[{"name":"wp","href":"https:\/\/api.w.org\/{rel}","templated":true}]}}