{"id":2447,"date":"2022-03-02T19:15:17","date_gmt":"2022-03-02T18:15:17","guid":{"rendered":"https:\/\/blogs.uo.edu.cu\/doctoradocienciasambientales\/?page_id=2447"},"modified":"2024-02-06T17:11:18","modified_gmt":"2024-02-06T16:11:18","slug":"grupo-charles-darwin","status":"publish","type":"page","link":"https:\/\/blogs.uo.edu.cu\/doctoradocienciasambientales\/grupo-charles-darwin\/","title":{"rendered":"Grupo Charles Darwin"},"content":{"rendered":"\n<p><strong>Listado de temas, tutores y oponentes<\/strong><\/p>\n\n\n\n<figure class=\"wp-block-table is-style-stripes\"><table><tbody><tr><td><strong>Autor y<\/strong> <strong>Tutores<\/strong><\/td><td><strong>Tema<\/strong><\/td><td><strong>Oponentes<\/strong><\/td><\/tr><tr><td>Abdiel Jover Capote &#8211; <em>Dr.C. Jos\u00e9 Lucas P\u00e9rez Llorens\/<\/em> <em>Ana Mar\u00eda Su\u00e1rez Alfonso\/ Dr.C. Liliana Gomez Luna<\/em><\/td><td>Diversidad y distribuci\u00f3n de las macroalgas epifitas y hospederas de Cuba en relaci\u00f3n con el cambio clim\u00e1tico<\/td><td><em>Dr.C. Dennis Dennis\/ Dra.C. Patricia Gonz\u00e1lez<\/em><em><\/em><\/td><\/tr><tr><td>M\u00f3nica Tamayo Isaac-<em>Dra.C. Rosa Ma. P\u00e9rez Silva\/ Dra.C. Dolores Pi\u00f1\u00f3n Gomez<\/em><\/td><td>Interacciones suelo-planta-microorganismo-ambiente en <em>Sacharum<\/em> spp.<\/td><td><em>Dra.C. Teresa Orber\u00e1 Rat\u00f3n<\/em><\/td><\/tr><tr><td>Mait\u00e9 Serguera Ni\u00f1o- <em>Dra.C. Luz Margarita Figueredo\/ Dr.C. Angel Motito<\/em><\/td><td>Riqueza y distribuci\u00f3n de helechos y lic\u00f3fitos en pluvisilvas montanas de la Sierra Maestra<\/td><td><em>Dr.C. Orlando Joel Reyes Dom\u00ednguez<\/em><em><\/em><\/td><\/tr><tr><td>Margarita S\u00e1nchez Lozada- <em>Dr.C. Carlos Mancina\/ Dr.C. Arturo Salmer\u00f3n L\u00f3pez<\/em><\/td><td>Estructura tr\u00f3fica de murci\u00e9lagos nectar\u00edvoros en la reserva de biosfera Baconao<\/td><td><em>Dr.C. Freddy Rodr\u00edguez Santana<\/em><em><\/em><\/td><\/tr><tr><td>Leonel Dom\u00ednguez Borrero- <em>Dra. C. Cecilia Fonseca Rivera\/ DrC. <\/em><em>Ricardo Delgado T\u00e9llez<\/em><\/td><td>Interacciones que condicionan la din\u00e1mica de la sombra orogr\u00e1fica en la Regi\u00f3n Oriental de Cuba<\/td><td><em>Dr.C. Orlando Joel Reyes Dom\u00ednguez<\/em><\/td><\/tr><tr><td>Yindra Salmon Cuspinera- <em>Dr.C. Jos\u00e9 Alejandro Zapata Balanqu\u00e9\/ Dr.C. Reynaldo Rodr\u00edguez Gross<\/em><\/td><td>Zonificaci\u00f3n agroclim\u00e1tica en zonas monta\u00f1osas de la regi\u00f3n oriental de Cuba.<\/td><td><em>Dr.C. Claudio Carracedo<\/em><\/td><\/tr><tr><td>Yusniel A. N\u00fa\u00f1ez Acosta- <em>Dr.C. Alberto Mendez Barcel\u00f3\/ Dra.C. Cecilia Fonseca Rivera<\/em><\/td><td>Impacto de la sequ\u00eda en el comportamiento de insectos plaga en cultivos agr\u00edcolas en la provincia de Las Tunas<\/td><td><em>Dra.C. Anieska Baz\u00e1n<\/em><em><\/em><\/td><\/tr><tr><td>Axel Campos Castro- <em>Dr.C. Ansel Font Grillo\/ Dr.C. Carlos Sanz L\u00e1zaro<\/em><\/td><td>Influencia de la contaminaci\u00f3n en las comunidades litorales de <em>Lutjanus<\/em> spp. en Santiago de Cuba<\/td><td><em>Dr.C. Valduvina C\u00f3rdoba<\/em><\/td><\/tr><tr><td>&nbsp;Abel Almarales Castro-<em>Dra.C. Luz Margarita Figueredo Cardona\/ Dra.C. Michel Faiffe<\/em><\/td><td>Polinizaci\u00f3n y sistemas reproductivos en la Tribu Gesnerieae (Gesneriaceae) en Cuba: factores que inciden en su \u00e9xito reproductivo.<\/td><td><em>Dr.C. Freddy Rodr\u00edguez Santana. <\/em><em><\/em><\/td><\/tr><tr><td>Pedro L\u00f3pez del Castillo- <em>Dr.C. Germ\u00e1n P\u00e9rez Iborra\/ Dra.C. Liliana Gomez Luna<\/em><\/td><td>Efectos de la calidad ambiental en Ephemeroptera y Trichoptera (Clase: Insecta) de los R\u00edos Nagua y Yara<\/td><td><em>Dra C. Ansel Font<\/em><em><\/em><\/td><\/tr><tr><td>Alina Morell Bayard- <em>Dra.C. Liliana Gomez Luna\/ Dra.C. Arelys \u00c1balos<\/em><\/td><td>Vulnerabilidad de cuencas hidrogr\u00e1ficas del municipio Santiago de Cuba al cambio clim\u00e1tico: un an\u00e1lisis comparado<\/td><td><em>Dra.C. Alina Gonz\u00e1lez Mara\u00f1\u00f3n<\/em><\/td><\/tr><tr><td>Miguel A. Castell Puchades- <em>Dra.C. Luz Margarita Figueredo Cardona\/ Dr.C. Arturo Salmer\u00f3n L\u00f3pez<\/em><\/td><td>Din\u00e1mica funcional de las respuestas post-perturbaci\u00f3n en los ec\u00f3topos del bosque semideciduo mes\u00f3filo de la reserva de biosfera Baconao<\/td><td><em>Dr.C. O. Joel Reyes Dom\u00ednguez<\/em><\/td><\/tr><tr><td>Yoira Rivera Queralta- <em>Dr.C. \u00c1ngel Ernesto Motito Mar\u00edn<\/em><\/td><td>Los antocerotes (Anthocerotophyta) y las hep\u00e1ticas talosas (Marchantiophyta) de Cuba<\/td><td><em>Dr.C. Luz Margarita Figueredo Cardona<\/em><\/td><\/tr><\/tbody><\/table><\/figure>\n","protected":false},"excerpt":{"rendered":"<p>Listado de temas, tutores y oponentes Autor y Tutores Tema Oponentes Abdiel Jover Capote &#8211; Dr.C. Jos\u00e9 Lucas P\u00e9rez Llorens\/ &hellip; <\/p>\n","protected":false},"author":937,"featured_media":0,"parent":0,"menu_order":0,"comment_status":"closed","ping_status":"closed","template":"","meta":{"_uag_custom_page_level_css":"","ngg_post_thumbnail":0,"footnotes":""},"class_list":["post-2447","page","type-page","status-publish","hentry"],"uagb_featured_image_src":{"full":false,"thumbnail":false,"medium":false,"medium_large":false,"large":false,"1536x1536":false,"2048x2048":false,"education-zone-banner":false,"education-zone-image-full":false,"education-zone-image":false,"education-zone-recent-post":false,"education-zone-search-result":false,"education-zone-featured-course":false,"education-zone-testimonial":false,"education-zone-blog-full":false},"uagb_author_info":{"display_name":"doctoradocienciasambientales","author_link":"https:\/\/blogs.uo.edu.cu\/doctoradocienciasambientales\/author\/doctoradocienciasambientales\/"},"uagb_comment_info":0,"uagb_excerpt":"Listado de temas, tutores y oponentes Autor y Tutores Tema Oponentes Abdiel Jover Capote &#8211; Dr.C. Jos\u00e9 Lucas P\u00e9rez Llorens\/ &hellip;","_links":{"self":[{"href":"https:\/\/blogs.uo.edu.cu\/doctoradocienciasambientales\/wp-json\/wp\/v2\/pages\/2447","targetHints":{"allow":["GET"]}}],"collection":[{"href":"https:\/\/blogs.uo.edu.cu\/doctoradocienciasambientales\/wp-json\/wp\/v2\/pages"}],"about":[{"href":"https:\/\/blogs.uo.edu.cu\/doctoradocienciasambientales\/wp-json\/wp\/v2\/types\/page"}],"author":[{"embeddable":true,"href":"https:\/\/blogs.uo.edu.cu\/doctoradocienciasambientales\/wp-json\/wp\/v2\/users\/937"}],"replies":[{"embeddable":true,"href":"https:\/\/blogs.uo.edu.cu\/doctoradocienciasambientales\/wp-json\/wp\/v2\/comments?post=2447"}],"version-history":[{"count":4,"href":"https:\/\/blogs.uo.edu.cu\/doctoradocienciasambientales\/wp-json\/wp\/v2\/pages\/2447\/revisions"}],"predecessor-version":[{"id":2905,"href":"https:\/\/blogs.uo.edu.cu\/doctoradocienciasambientales\/wp-json\/wp\/v2\/pages\/2447\/revisions\/2905"}],"wp:attachment":[{"href":"https:\/\/blogs.uo.edu.cu\/doctoradocienciasambientales\/wp-json\/wp\/v2\/media?parent=2447"}],"curies":[{"name":"wp","href":"https:\/\/api.w.org\/{rel}","templated":true}]}}

<p><strong>Listado de temas, tutores y oponentes</strong></p>



<figure class="wp-block-table is-style-stripes"><table><tbody><tr><td><strong>Autor y</strong> <strong>Tutores</strong></td><td><strong>Tema</strong></td><td><strong>Oponentes</strong></td></tr><tr><td>Abdiel Jover Capote &#8211; <em>Dr.C. José Lucas Pérez Llorens/</em> <em>Ana María Suárez Alfonso/ Dr.C. Liliana Gomez Luna</em></td><td>Diversidad y distribución de las macroalgas epifitas y hospederas de Cuba en relación con el cambio climático</td><td><em>Dr.C. Dennis Dennis/ Dra.C. Patricia González</em><em></em></td></tr><tr><td>Mónica Tamayo Isaac-<em>Dra.C. Rosa Ma. Pérez Silva/ Dra.C. Dolores Piñón Gomez</em></td><td>Interacciones suelo-planta-microorganismo-ambiente en <em>Sacharum</em> spp.</td><td><em>Dra.C. Teresa Orberá Ratón</em></td></tr><tr><td>Maité Serguera Niño- <em>Dra.C. Luz Margarita Figueredo/ Dr.C. Angel Motito</em></td><td>Riqueza y distribución de helechos y licófitos en pluvisilvas montanas de la Sierra Maestra</td><td><em>Dr.C. Orlando Joel Reyes Domínguez</em><em></em></td></tr><tr><td>Margarita Sánchez Lozada- <em>Dr.C. Carlos Mancina/ Dr.C. Arturo Salmerón López</em></td><td>Estructura trófica de murciélagos nectarívoros en la reserva de biosfera Baconao</td><td><em>Dr.C. Freddy Rodríguez Santana</em><em></em></td></tr><tr><td>Leonel Domínguez Borrero- <em>Dra. C. Cecilia Fonseca Rivera/ DrC. </em><em>Ricardo Delgado Téllez</em></td><td>Interacciones que condicionan la dinámica de la sombra orográfica en la Región Oriental de Cuba</td><td><em>Dr.C. Orlando Joel Reyes Domínguez</em></td></tr><tr><td>Yindra Salmon Cuspinera- <em>Dr.C. José Alejandro Zapata Balanqué/ Dr.C. Reynaldo Rodríguez Gross</em></td><td>Zonificación agroclimática en zonas montañosas de la región oriental de Cuba.</td><td><em>Dr.C. Claudio Carracedo</em></td></tr><tr><td>Yusniel A. Núñez Acosta- <em>Dr.C. Alberto Mendez Barceló/ Dra.C. Cecilia Fonseca Rivera</em></td><td>Impacto de la sequía en el comportamiento de insectos plaga en cultivos agrícolas en la provincia de Las Tunas</td><td><em>Dra.C. Anieska Bazán</em><em></em></td></tr><tr><td>Axel Campos Castro- <em>Dr.C. Ansel Font Grillo/ Dr.C. Carlos Sanz Lázaro</em></td><td>Influencia de la contaminación en las comunidades litorales de <em>Lutjanus</em> spp. en Santiago de Cuba</td><td><em>Dr.C. Valduvina Córdoba</em></td></tr><tr><td>&nbsp;Abel Almarales Castro-<em>Dra.C. Luz Margarita Figueredo Cardona/ Dra.C. Michel Faiffe</em></td><td>Polinización y sistemas reproductivos en la Tribu Gesnerieae (Gesneriaceae) en Cuba: factores que inciden en su éxito reproductivo.</td><td><em>Dr.C. Freddy Rodríguez Santana. </em><em></em></td></tr><tr><td>Pedro López del Castillo- <em>Dr.C. Germán Pérez Iborra/ Dra.C. Liliana Gomez Luna</em></td><td>Efectos de la calidad ambiental en Ephemeroptera y Trichoptera (Clase: Insecta) de los Ríos Nagua y Yara</td><td><em>Dra C. Ansel Font</em><em></em></td></tr><tr><td>Alina Morell Bayard- <em>Dra.C. Liliana Gomez Luna/ Dra.C. Arelys Ábalos</em></td><td>Vulnerabilidad de cuencas hidrográficas del municipio Santiago de Cuba al cambio climático: un análisis comparado</td><td><em>Dra.C. Alina González Marañón</em></td></tr><tr><td>Miguel A. Castell Puchades- <em>Dra.C. Luz Margarita Figueredo Cardona/ Dr.C. Arturo Salmerón López</em></td><td>Dinámica funcional de las respuestas post-perturbación en los ecótopos del bosque semideciduo mesófilo de la reserva de biosfera Baconao</td><td><em>Dr.C. O. Joel Reyes Domínguez</em></td></tr><tr><td>Yoira Rivera Queralta- <em>Dr.C. Ángel Ernesto Motito Marín</em></td><td>Los antocerotes (Anthocerotophyta) y las hepáticas talosas (Marchantiophyta) de Cuba</td><td><em>Dr.C. Luz Margarita Figueredo Cardona</em></td></tr></tbody></table></figure>

<p>Listado de temas, tutores y oponentes Autor y Tutores Tema Oponentes Abdiel Jover Capote &#8211; Dr.C. José Lucas Pérez Llorens/ &hellip; </p>

Listado de temas, tutores y oponentes Autor y Tutores Tema Oponentes Abdiel Jover Capote &#8211; Dr.C. José Lucas Pérez Llorens/ &hellip;
