{"id":2658,"date":"2022-09-02T17:12:25","date_gmt":"2022-09-02T15:12:25","guid":{"rendered":"https:\/\/blogs.uo.edu.cu\/doctoradocienciasambientales\/?page_id=2658"},"modified":"2024-01-23T19:01:17","modified_gmt":"2024-01-23T18:01:17","slug":"lineas-de-investigacion-2","status":"publish","type":"page","link":"https:\/\/blogs.uo.edu.cu\/doctoradocienciasambientales\/lineas-de-investigacion-2\/","title":{"rendered":"L\u00edneas de Investigaci\u00f3n"},"content":{"rendered":"\n<p>El programa abarca tres grandes l\u00edneas de investigaci\u00f3n transdisciplinarias, con sub-l\u00edneas definidas seg\u00fan las potencialidades de instituciones involucradas en el mismo, todas comprendidas dentro del campo de las Ciencias Ambientales y en total correspondencia con las l\u00edneas de la UO. Se declara la transversalidad de la cultura ambiental en funci\u00f3n del desarrollo sostenible, lo que ser\u00e1 abordado en todas las l\u00edneas de investigaci\u00f3n, as\u00ed como la innovaci\u00f3n y los aspectos legales, y aquellos concernientes a la protecci\u00f3n de la propiedad intelectual. Los doctorandos pueden insertarse en tem\u00e1ticas afines a cualquiera de las l\u00edneas, las que responden a problemas sociales y cient\u00edficos concretos actuales y del contexto relacionados con las Ciencias Ambientales:<\/p>\n\n\n\n<ol class=\"wp-block-list\" type=\"1\"><li>Gesti\u00f3n integrada de ecosistemas y recursos naturales para la mitigaci\u00f3n de impactos (GIR&amp;E)<\/li><li>Tecnolog\u00eda ambiental, bioprocesos y bioenerg\u00eda (TA)<\/li><li>Gesti\u00f3n de riesgos para el desarrollo (GRD)<\/li><\/ol>\n\n\n\n<p>Las l\u00edneas se insertan en las prioridades nacionales seg\u00fan establece la pol\u00edtica de ciencia e innovaci\u00f3n tecnol\u00f3gica, locales e institucionales, estas se corresponden con las l\u00edneas de investigaci\u00f3n de la Universidad de Oriente. Hay que considerar que este programa ha sido dise\u00f1ado en plena coherencia con el eje estrat\u00e9gico y el macroprograma: <em>Recursos naturales y medio ambiente<\/em>, el que se articula con los ODS 2, 6, 7, 8, 11, 12, 13, 14 y 15, y tiene como objetivo general:<\/p>\n\n\n\n<ul class=\"wp-block-list\"><li>Garantizar un uso racional de los recursos naturales, la conservaci\u00f3n de los ecosistemas y el cuidado del medio ambiente y el patrimonio de la naci\u00f3n. (165)<\/li><li>Elevar la calidad ambiental. (166)<\/li><li>Fortalecer las capacidades nacionales para la adaptaci\u00f3n ante el cambio clim\u00e1tico. (167)<\/li><\/ul>\n\n\n\n<p>Este eje estrat\u00e9gico precisa que: \u00a8El Estado continuar\u00e1 impulsando el funcionamiento y fortalecimiento de los programas integrales de protecci\u00f3n del medio ambiente, con acciones dirigidas a la gesti\u00f3n de las cuencas hidrogr\u00e1ficas, los macizos monta\u00f1osos, la diversidad biol\u00f3gica; la lucha contra la desertificaci\u00f3n y la sequ\u00eda; la reducci\u00f3n de la contaminaci\u00f3n y la educaci\u00f3n ambiental, a lo que se deber\u00e1 sumar la adopci\u00f3n de nuevos incentivos y sanciones econ\u00f3micas y la aplicaci\u00f3n de mecanismos eficaces de supervisi\u00f3n y fiscalizaci\u00f3n ambiental a todas las formas de gesti\u00f3n econ\u00f3mica, de manera que se alcance un desarrollo ecol\u00f3gicamente sustentable, socialmente justo, equilibrado y econ\u00f3micamente sostenible. (162), aspectos a los que se dirigen las sub-l\u00edneas de investigaci\u00f3n. Asimismo, promover\u00e1 el establecimiento del conjunto de pol\u00edticas para la gesti\u00f3n eficaz de riesgos y la adaptaci\u00f3n del pa\u00eds al cambio clim\u00e1tico, la eficiencia energ\u00e9tica y el desarrollo de fuentes renovables de energ\u00eda; el impulso de mecanismos de informaci\u00f3n y participaci\u00f3n ciudadana, y la educaci\u00f3n ambiental en todos los niveles de ense\u00f1anza. Se tendr\u00e1 en cuenta, de manera especial, el car\u00e1cter pol\u00edtico del desaf\u00edo ambiental, a nivel internacional \u00a8. Aspectos clave que han sido considerados oportunamente en el programa de doctorado en Ciencias Ambientales de la Universidad de Oriente.<\/p>\n\n\n\n<p>Siendo los objetivos espec\u00edficos abordados en todas las l\u00edneas del programa.<\/p>\n\n\n\n<ul class=\"wp-block-list\"><li>Implementar con efectividad, mantener actualizado y fortalecer el marco institucional para la aplicaci\u00f3n de la Estrategia Ambiental Nacional, como base de la pol\u00edtica ambiental cubana. (168)<\/li><li>Considerar en las pol\u00edticas ambientales y en el marco legal establecido, todas las formas de gesti\u00f3n econ\u00f3mica.<\/li><li>Promover, sistematizar y optimizar el impacto de la ciencia y la innovaci\u00f3n tecnol\u00f3gica, en la soluci\u00f3n de los problemas ambientales del pa\u00eds. <\/li><li>Reorientar y fortalecer la educaci\u00f3n e informaci\u00f3n ambiental hacia el desarrollo sostenible, en todos los niveles de ense\u00f1anza del pa\u00eds y los medios de comunicaci\u00f3n, de manera arm\u00f3nica, sistem\u00e1tica y coherente, incorporando a toda la sociedad cubana.<\/li><\/ul>\n","protected":false},"excerpt":{"rendered":"<p>El programa abarca tres grandes l\u00edneas de investigaci\u00f3n transdisciplinarias, con sub-l\u00edneas definidas seg\u00fan las potencialidades de instituciones involucradas en el &hellip; <\/p>\n","protected":false},"author":937,"featured_media":0,"parent":0,"menu_order":0,"comment_status":"closed","ping_status":"closed","template":"elementor_header_footer","meta":{"_uag_custom_page_level_css":"","ngg_post_thumbnail":0,"footnotes":""},"class_list":["post-2658","page","type-page","status-publish","hentry"],"uagb_featured_image_src":{"full":false,"thumbnail":false,"medium":false,"medium_large":false,"large":false,"1536x1536":false,"2048x2048":false,"education-zone-banner":false,"education-zone-image-full":false,"education-zone-image":false,"education-zone-recent-post":false,"education-zone-search-result":false,"education-zone-featured-course":false,"education-zone-testimonial":false,"education-zone-blog-full":false},"uagb_author_info":{"display_name":"doctoradocienciasambientales","author_link":"https:\/\/blogs.uo.edu.cu\/doctoradocienciasambientales\/author\/doctoradocienciasambientales\/"},"uagb_comment_info":0,"uagb_excerpt":"El programa abarca tres grandes l\u00edneas de investigaci\u00f3n transdisciplinarias, con sub-l\u00edneas definidas seg\u00fan las potencialidades de instituciones involucradas en el &hellip;","_links":{"self":[{"href":"https:\/\/blogs.uo.edu.cu\/doctoradocienciasambientales\/wp-json\/wp\/v2\/pages\/2658","targetHints":{"allow":["GET"]}}],"collection":[{"href":"https:\/\/blogs.uo.edu.cu\/doctoradocienciasambientales\/wp-json\/wp\/v2\/pages"}],"about":[{"href":"https:\/\/blogs.uo.edu.cu\/doctoradocienciasambientales\/wp-json\/wp\/v2\/types\/page"}],"author":[{"embeddable":true,"href":"https:\/\/blogs.uo.edu.cu\/doctoradocienciasambientales\/wp-json\/wp\/v2\/users\/937"}],"replies":[{"embeddable":true,"href":"https:\/\/blogs.uo.edu.cu\/doctoradocienciasambientales\/wp-json\/wp\/v2\/comments?post=2658"}],"version-history":[{"count":3,"href":"https:\/\/blogs.uo.edu.cu\/doctoradocienciasambientales\/wp-json\/wp\/v2\/pages\/2658\/revisions"}],"predecessor-version":[{"id":2663,"href":"https:\/\/blogs.uo.edu.cu\/doctoradocienciasambientales\/wp-json\/wp\/v2\/pages\/2658\/revisions\/2663"}],"wp:attachment":[{"href":"https:\/\/blogs.uo.edu.cu\/doctoradocienciasambientales\/wp-json\/wp\/v2\/media?parent=2658"}],"curies":[{"name":"wp","href":"https:\/\/api.w.org\/{rel}","templated":true}]}}