{"id":2674,"date":"2022-09-02T17:59:18","date_gmt":"2022-09-02T15:59:18","guid":{"rendered":"https:\/\/blogs.uo.edu.cu\/doctoradocienciasambientales\/?page_id=2674"},"modified":"2024-01-23T18:15:40","modified_gmt":"2024-01-23T17:15:40","slug":"tecnologia-ambiental-bioprocesos-y-bioenergia-ta","status":"publish","type":"page","link":"https:\/\/blogs.uo.edu.cu\/doctoradocienciasambientales\/tecnologia-ambiental-bioprocesos-y-bioenergia-ta\/","title":{"rendered":"Tecnolog\u00eda ambiental, bioprocesos y bioenerg\u00eda (TA)"},"content":{"rendered":"\n<h1 class=\"wp-block-heading\">Objetivo:<\/h1>\n\n\n\n<p>La l\u00ednea considera como objetivo el desarrollo y aplicaciones de tecnolog\u00edas que aporten soluciones para mitigar problemas ambientales y\/o contribuir a preservar el patrimonio natural de Cuba, con m\u00ednimo coste ambiental. Todo ello contribuir\u00e1 a la gesti\u00f3n de ecosistemas complejos, incorporando la dimensi\u00f3n t\u00e9cnica a la soluci\u00f3n de los problemas ambientales clave.<\/p>\n\n\n\n<p><\/p>\n\n\n\n<h1 class=\"wp-block-heading\">Sub-l\u00edneas de investigaci\u00f3n<\/h1>\n\n\n\n<p>La actividad cient\u00edfica se organiza en las siguientes sub-l\u00edneas de investigaci\u00f3n:<\/p>\n\n\n\n<ul class=\"wp-block-list\">\n<li><strong><strong>Din\u00e1mica y desarrollo de bioprocesos; bioelectromagnetismo aplicado<\/strong><\/strong><\/li>\n\n\n\n<li><strong>Gesti\u00f3n de la contaminaci\u00f3n<\/strong><\/li>\n\n\n\n<li><strong>Qu\u00edmica y toxicolog\u00eda ambiental<\/strong><\/li>\n\n\n\n<li><strong>Sostenibilidad energ\u00e9tica, bioenerg\u00eda y medioambiente<\/strong><\/li>\n\n\n\n<li><strong>Tecnolog\u00edas integradas para la producci\u00f3n de alimentos y sostenibilidad de recursos naturales<\/strong><\/li>\n<\/ul>\n\n\n\n<h1 class=\"wp-block-heading\">L\u00edderes<\/h1>\n\n\n\n<p>Para la definici\u00f3n de los l\u00edderes cient\u00edficos responsables esta l\u00ednea se ha tenido en cuenta la trayectoria cient\u00edfica, aportes, experiencia de los profesores y vinculaci\u00f3n activa adem\u00e1s de experiencia profesional en la l\u00ednea. Los l\u00edderes son miembros del Comit\u00e9 de Doctorado y han tenido una labor integral de excelencia en el campo acad\u00e9mico y pol\u00edtico ideol\u00f3gico, destacando su alto compromiso el desarrollo acad\u00e9mico y cient\u00edfico del pa\u00eds. Han sido nombrado dos l\u00edderes pertenecientes a diferentes instituciones:<\/p>\n\n\n\n<ul class=\"wp-block-list\">\n<li><strong>Dr.C. Melek Campos Sof\u00eda (CNEA, UO)<\/strong><\/li>\n\n\n\n<li><strong>Dr.C. Rosa Mar\u00eda P\u00e9rez Silva (CEBI, UO)<\/strong><\/li>\n<\/ul>\n","protected":false},"excerpt":{"rendered":"<p>Objetivo: La l\u00ednea considera como objetivo el desarrollo y aplicaciones de tecnolog\u00edas que aporten soluciones para mitigar problemas ambientales y\/o &hellip; <\/p>\n","protected":false},"author":937,"featured_media":0,"parent":0,"menu_order":0,"comment_status":"closed","ping_status":"closed","template":"elementor_header_footer","meta":{"_uag_custom_page_level_css":"","ngg_post_thumbnail":0,"footnotes":""},"class_list":["post-2674","page","type-page","status-publish","hentry"],"uagb_featured_image_src":{"full":false,"thumbnail":false,"medium":false,"medium_large":false,"large":false,"1536x1536":false,"2048x2048":false,"education-zone-banner":false,"education-zone-image-full":false,"education-zone-image":false,"education-zone-recent-post":false,"education-zone-search-result":false,"education-zone-featured-course":false,"education-zone-testimonial":false,"education-zone-blog-full":false},"uagb_author_info":{"display_name":"doctoradocienciasambientales","author_link":"https:\/\/blogs.uo.edu.cu\/doctoradocienciasambientales\/author\/doctoradocienciasambientales\/"},"uagb_comment_info":0,"uagb_excerpt":"Objetivo: La l\u00ednea considera como objetivo el desarrollo y aplicaciones de tecnolog\u00edas que aporten soluciones para mitigar problemas ambientales y\/o &hellip;","_links":{"self":[{"href":"https:\/\/blogs.uo.edu.cu\/doctoradocienciasambientales\/wp-json\/wp\/v2\/pages\/2674","targetHints":{"allow":["GET"]}}],"collection":[{"href":"https:\/\/blogs.uo.edu.cu\/doctoradocienciasambientales\/wp-json\/wp\/v2\/pages"}],"about":[{"href":"https:\/\/blogs.uo.edu.cu\/doctoradocienciasambientales\/wp-json\/wp\/v2\/types\/page"}],"author":[{"embeddable":true,"href":"https:\/\/blogs.uo.edu.cu\/doctoradocienciasambientales\/wp-json\/wp\/v2\/users\/937"}],"replies":[{"embeddable":true,"href":"https:\/\/blogs.uo.edu.cu\/doctoradocienciasambientales\/wp-json\/wp\/v2\/comments?post=2674"}],"version-history":[{"count":2,"href":"https:\/\/blogs.uo.edu.cu\/doctoradocienciasambientales\/wp-json\/wp\/v2\/pages\/2674\/revisions"}],"predecessor-version":[{"id":2846,"href":"https:\/\/blogs.uo.edu.cu\/doctoradocienciasambientales\/wp-json\/wp\/v2\/pages\/2674\/revisions\/2846"}],"wp:attachment":[{"href":"https:\/\/blogs.uo.edu.cu\/doctoradocienciasambientales\/wp-json\/wp\/v2\/media?parent=2674"}],"curies":[{"name":"wp","href":"https:\/\/api.w.org\/{rel}","templated":true}]}}

Tecnología ambiental, bioprocesos y bioenergía (TA)

<h1 class="wp-block-heading">Objetivo:</h1>



<p>La línea considera como objetivo el desarrollo y aplicaciones de tecnologías que aporten soluciones para mitigar problemas ambientales y/o contribuir a preservar el patrimonio natural de Cuba, con mínimo coste ambiental. Todo ello contribuirá a la gestión de ecosistemas complejos, incorporando la dimensión técnica a la solución de los problemas ambientales clave.</p>



<p></p>



<h1 class="wp-block-heading">Sub-líneas de investigación</h1>



<p>La actividad científica se organiza en las siguientes sub-líneas de investigación:</p>



<ul class="wp-block-list">
<li><strong><strong>Dinámica y desarrollo de bioprocesos; bioelectromagnetismo aplicado</strong></strong></li>



<li><strong>Gestión de la contaminación</strong></li>



<li><strong>Química y toxicología ambiental</strong></li>



<li><strong>Sostenibilidad energética, bioenergía y medioambiente</strong></li>



<li><strong>Tecnologías integradas para la producción de alimentos y sostenibilidad de recursos naturales</strong></li>
</ul>



<h1 class="wp-block-heading">Líderes</h1>



<p>Para la definición de los líderes científicos responsables esta línea se ha tenido en cuenta la trayectoria científica, aportes, experiencia de los profesores y vinculación activa además de experiencia profesional en la línea. Los líderes son miembros del Comité de Doctorado y han tenido una labor integral de excelencia en el campo académico y político ideológico, destacando su alto compromiso el desarrollo académico y científico del país. Han sido nombrado dos líderes pertenecientes a diferentes instituciones:</p>



<ul class="wp-block-list">
<li><strong>Dr.C. Melek Campos Sofía (CNEA, UO)</strong></li>



<li><strong>Dr.C. Rosa María Pérez Silva (CEBI, UO)</strong></li>
</ul>

<p>Objetivo: La línea considera como objetivo el desarrollo y aplicaciones de tecnologías que aporten soluciones para mitigar problemas ambientales y/o &hellip; </p>

Objetivo: La línea considera como objetivo el desarrollo y aplicaciones de tecnologías que aporten soluciones para mitigar problemas ambientales y/o &hellip;
