{"id":1158,"date":"2021-10-19T23:21:11","date_gmt":"2021-10-19T23:21:11","guid":{"rendered":"https:\/\/blogs.uo.edu.cu\/dpi\/?page_id=1158"},"modified":"2021-10-19T23:21:23","modified_gmt":"2021-10-19T23:21:23","slug":"introduccion-a-la-ingenieria-mecanica","status":"publish","type":"page","link":"https:\/\/blogs.uo.edu.cu\/dpi\/introduccion-a-la-ingenieria-mecanica\/","title":{"rendered":"Introducci\u00f3n a la Ingenier\u00eda Mec\u00e1nica"},"content":{"rendered":"\n<p><strong>PROGRAMA ANAL\u00cdTICO DE LA ASIGNATURA<\/strong><\/p>\n\n\n\n<p><strong>CURSO: 2021<\/strong><\/p>\n\n\n\n<p><strong>Datos generales<\/strong>:<\/p>\n\n\n\n<p><strong>Nombre<\/strong>: Introducci\u00f3n a la Ingenier\u00eda Mec\u00e1nica.<\/p>\n\n\n\n<p><strong>Carrera<\/strong>: Ingenier\u00eda Mec\u00e1nica.<\/p>\n\n\n\n<p>Ubicaci\u00f3n en el plan de estudio: Primer semestre de primer a\u00f1o.<br>Forma organizativa: Conferencias, visitas a la industria y seminarios.<\/p>\n\n\n\n<p>Total de horas: 48.<\/p>\n\n\n\n<p>Conferencias&nbsp;&nbsp;&nbsp; Visitas&nbsp;&nbsp;&nbsp; Seminarios&nbsp;&nbsp;&nbsp; Total<\/p>\n\n\n\n<p>&nbsp;&nbsp;&nbsp;&nbsp; 20 h&nbsp;&nbsp;&nbsp;&nbsp;&nbsp;&nbsp;&nbsp;&nbsp;&nbsp;&nbsp;&nbsp; &nbsp; 16 h&nbsp;&nbsp;&nbsp;&nbsp;&nbsp;&nbsp;&nbsp;&nbsp;&nbsp;&nbsp;&nbsp;&nbsp; 12h&nbsp;&nbsp;&nbsp;&nbsp;&nbsp;&nbsp;&nbsp;&nbsp;&nbsp; 48 h<\/p>\n\n\n\n<p><strong>Objetivos Generales de la Asignatura:<\/strong><\/p>\n\n\n\n<p><strong>Objetivos Educativos:<\/strong><\/p>\n\n\n\n<p>* Observar las normas de protecci\u00f3n de la vida del hombre y el medio ambiente en las instalaciones industriales o de los servicios que visite.<br>* Desarrollar las formas del pensamiento l\u00f3gico y las capacidades cognoscitivas y axiol\u00f3gicas que le permitan comprender los fen\u00f3menos con que interact\u00faa.<br>* Fomentar la responsabilidad, desarrollar la creatividad y la independencia en la soluci\u00f3n de tareas profesionales que se le asignan, como v\u00eda para el desarrollo de su personalidad.<br>* Desarrollar la actitud de la autopreparaci\u00f3n permanente como expresi\u00f3n de la condici\u00f3n esencial de la vida profesional.<\/p>\n\n\n\n<p>* Desarrollar la capacidad de trabajo en grupos y de establecer relaciones adecuadas con jefes y subordinados en la soluci\u00f3n de tareas profesionales.<br><br><strong>Objetivos Instructivos:<\/strong><\/p>\n\n\n\n<p>Esta asignatura cubre como objetivo fundamental brindar al estudiante informaciones b\u00e1sicas que le permitan identificar el modo de actuaci\u00f3n profesional en los diferentes campos de acci\u00f3n de la carrera.<\/p>\n\n\n\n<p><strong>Sistema de Valores de la Asignatura.<\/strong><\/p>\n\n\n\n<p>La asignatura contribuye mediante su sistema de trabajo al fomento de los valores de responsabilidad ante las tareas asignadas; de honestidad, resaltando el sentido de pertenencia y deber con la sociedad; dignidad, mediante el compromiso revolucionario en el cumplimiento de las funciones como profesional y sensibilidad, creando el amor a la profesi\u00f3n.<\/p>\n\n\n\n<p><strong>Indicaciones Metodol\u00f3gicas y de Organizaci\u00f3n de la Asignatura.<\/strong><\/p>\n\n\n\n<p>Las actividades docentes de la misma deben ser impartidas por profesores de experiencia en la docencia y la actividad profesional, de forma tal que en periodos breves de tiempo puedan resumir experiencias que puedan aumentar la motivaci\u00f3n de los estudiantes por la carrera.<\/p>\n\n\n\n<p>En esta asignatura se debe incluir una conferencia sobre la historia de la profesi\u00f3n Ingeniero Mec\u00e1nico, las cual debe ser impartida por profesionales de prestigio reconocido en el entorno del CES.<\/p>\n\n\n\n<p>Para la impartici\u00f3n de las actividades se recomienda el empleo de medios de apoyo como videos, pel\u00edculas, visitas u otras que los docentes entiendan y tengan disponibles.<\/p>\n\n\n\n<p><strong>Tema I<\/strong>. Conferencia Introductoria. Historia y generalidades sobre la Ingenier\u00eda Mec\u00e1nica. (2 horas).<\/p>\n\n\n\n<p><strong>Tema II<\/strong>. Temas de Refrigeraci\u00f3n. (2 horas de Conferencia, 4 horas de Visita y 2 horas de Seminario, total 8 horas).<\/p>\n\n\n\n<p><strong>Objetivos:<\/strong><br>Conocer los elementos b\u00e1sicos de la refrigeraci\u00f3n.<\/p>\n\n\n\n<p><strong>Sistema de conocimientos:<\/strong><\/p>\n\n\n\n<p>Introducci\u00f3n. El ciclo invertido de Carnot. Conclusiones deducidas del ciclo de Carnot. Refrigeraci\u00f3n por compresi\u00f3n de vapores. Refrigeraci\u00f3n por absorci\u00f3n. Refrigeraci\u00f3n por eyecci\u00f3n. Determinaciones y capacidades nominales de la refrigeraci\u00f3n.<br><br><strong>Tema III<\/strong>. La&nbsp; Energ\u00e9tica en Cuba. Actualidad y las&nbsp; Fuentes de Energ\u00eda Renovable. (4 horas de Conferencia, 4 horas de Visita y 2 horas de Seminario, total 10 horas).<\/p>\n\n\n\n<p><strong>Objetivos:<\/strong><br>1. Fomentar&nbsp; formas del pensamiento l\u00f3gico y&nbsp; capacidades cognoscitivas que le permitan comprender&nbsp; fen\u00f3menos sencillos dentro del campo de la energ\u00e9tica<br>2. Fomentar la responsabilidad, desarrollar la creatividad y la independencia en la soluci\u00f3n de tarea profesional acorde a sus conocimientos para que contribuya a la auto preparaci\u00f3n permanente como expresi\u00f3n de la condici\u00f3n esencial de la vida profesional.<br>3. Desarrollar la capacidad de trabajo de&nbsp; forma individual&nbsp; en la soluci\u00f3n de un problema t\u00e9cnico en correspondencia con los contenidos que se imparten en&nbsp; la asignatura<br>4. Motivar en la necesidad de proteger&nbsp; al medio ambiente con el uso racional de la energ\u00eda.<br><br><strong>Sistema de conocimientos:<\/strong><\/p>\n\n\n\n<p>La Energ\u00e9tica en Cuba\u201d. Actualidad. Energ\u00eda, la utilizaci\u00f3n de la energ\u00eda en procesos industriales, instalaciones sociales y residenciales. Recursos energ\u00e9ticos en Cuba, Fuentes renovables y no renovables. El medio ambiente necesidad de su protecci\u00f3n&nbsp; y papel del energ\u00e9tico para evitar o disminuir efecto de la contaminaci\u00f3n ambiental&nbsp; producto de&nbsp; la utilizaci\u00f3n de fuentes no renovables de energ\u00eda que influyen en el calentamiento global debido al&nbsp; efecto invernadero y la pol\u00edtica de pa\u00edses industrializados en cuanto a toma de medidas para la disminuci\u00f3n de gases contaminantes.<br>Fuentes Renovables de Energ\u00eda. Diversas fuentes renovables de energ\u00eda empleadas en Cuba.&nbsp; Instalaciones utilizadas para la utilizaci\u00f3n de la energ\u00eda e\u00f3lica,&nbsp; hidr\u00e1ulica y solar. La biomasa, fuentes para su obtenci\u00f3n, transformaciones para su utilizaci\u00f3n en sectores industriales,&nbsp; resid\u00e9nciales&nbsp; y&nbsp; como combustibles en el sector automotriz. Efecto al medio ambiente&nbsp; la utilizaci\u00f3n de la biomasa como combustible<br><br><strong>Tema III.<\/strong> M\u00e1quinas Automotrices. (6 horas de Conferencia, 4 horas de Visita y 2 horas de Seminario, total 12 horas).<\/p>\n\n\n\n<p><strong>Objetivos:<\/strong><br><br>1.&nbsp;&nbsp;&nbsp; Incentivar al estudiante en las esferas de actuaci\u00f3n y los campos de acci\u00f3n del profesional vinculado a la explotaci\u00f3n&nbsp;&nbsp; de las m\u00e1quinas automotrices.<br>2.&nbsp;&nbsp;&nbsp; Orientar hacia un conocimiento de&nbsp; los sistemas&nbsp; y agregados componentes de los autom\u00f3viles, as\u00ed como&nbsp; su principio de funcionamiento, para lograr una orientaci\u00f3n hacia esta rama de la ingenier\u00eda.<\/p>\n\n\n\n<p><strong>Sistema de conocimientos:<\/strong><\/p>\n\n\n\n<p>Estructura general y funcionamiento del autom\u00f3vil. Estructura general&nbsp; y funcionamiento de los motores&nbsp; de combusti\u00f3n interna, sistemas de transmisi\u00f3n de potencia, y otros empleados en los autom\u00f3viles.<\/p>\n\n\n\n<p><strong>Tema IV.<\/strong> Manufactura y Materiales. (4 horas de Conferencia, 4 horas de Visita y 2 horas de Seminario, total 10 horas).<\/p>\n\n\n\n<p><strong>Objetivos:<\/strong><br>Conocer los diferentes procesos de manufactura para la fabricaci\u00f3n de piezas y partes para la industria y de uso general y los materiales empleados en ingenier\u00eda mec\u00e1nica.<br><br><strong>Sistema de conocimientos:<\/strong><\/p>\n\n\n\n<p>Desarrollo hist\u00f3rico de los procesos de manufactura. \u00bfQu\u00e9 son los procesos de manufactura? Divisi\u00f3n de procesos de manufactura. Reglas generales para la selecci\u00f3n de un proceso de manufactura Materiales. Materiales en la ingenier\u00eda. Metales. Metales ferrosos. Metales no ferrosos. Cer\u00e1micos. Principales materiales empleados en la fabricaci\u00f3n de piezas.<\/p>\n\n\n\n<p><strong>Tema V.<\/strong> Transmisiones Mec\u00e1nicas. (2 horas de Conferencia, 2 horas de Visita y 2 horas de Seminario, total 6 horas).<\/p>\n\n\n\n<p><strong>Objetivos:<\/strong><br>Conocer las principales transmisiones mec\u00e1nicas empleadas en la industria.<br><br><strong>Sistema de conocimientos:<\/strong><\/p>\n\n\n\n<p>Transmisi\u00f3n por\u00a0 correa y poleas. Transmisi\u00f3n por\u00a0 cadenas. Transmisi\u00f3n por engranajes.<br><br><strong>Sistema de Evaluaci\u00f3n<\/strong><\/p>\n\n\n\n<p>Cada tema es evaluado de diferentes formas: mediante la exposici\u00f3n en el seminario de cada alumno sobre el tema abordado y los elementos apreciados en la visita para cada tema o dando respuestas a preguntas de un cuestionario. Al final se emite una nota final dada por el colectivo de profesores.<\/p>\n\n\n\n<p><strong>Bibliograf\u00eda:<\/strong><\/p>\n\n\n\n<ol class=\"wp-block-list\" type=\"1\"><li>Colectivo de Autores.&nbsp; Manual del T\u00e9cnico Frigorista. Editorial Reverte. 1983.<\/li><li>Recio Recio A. Energ\u00edas Renovables y La Energ\u00e9tica en Cuba. Situaci\u00f3n actual.<\/li><li>Bergues C. Conferencia Internacional de Energ\u00edas&nbsp; Renovables, Eficiencia y Educaci\u00f3n Energ\u00e9tica CIER 2011.<\/li><li>Enrico Turrini \u201cEl camino del Sol\u201d Revista \u201cEnerg\u00eda y T\u00fa\u201d.Editorial Cubasolar.<\/li><li>Arias Paz. \u201cManual de autom\u00f3viles\u201d.&nbsp;&nbsp; 55 edic. Edit. Dossat SA. Madrid.<\/li><li>Gim\u00e9nez Ortiz, J.G., de Lasala Garc\u00eda, F.J., <em>Transportes<\/em>, Unicopia, 1998.<\/li><li>Internet: <a href=\"http:\/\/www.elpaisvirtual.com\/motor\">www.elpaisvirtual.com\/motor<\/a>.<\/li><li>Internet: <a href=\"http:\/\/www.autoweb.com.au\">www.autoweb.com.au<\/a>.<\/li><li>Dobrovolski V. Elementos de M\u00e1quinas. Editorial MIR. Mosc\u00fa, 1970.<\/li><li>Nieto Quirjona AJ.&nbsp; Elementos de M\u00e1quinas. \u00c1rea de Ingenier\u00eda Mec\u00e1nica. Universidad de Castilla-La Mancha. Enero 2007.<\/li><\/ol>\n","protected":false},"excerpt":{"rendered":"<p>PROGRAMA ANAL\u00cdTICO DE LA ASIGNATURA CURSO: 2021 Datos generales: Nombre: Introducci\u00f3n a la Ingenier\u00eda Mec\u00e1nica. Carrera: Ingenier\u00eda Mec\u00e1nica. Ubicaci\u00f3n en el plan de estudio: Primer semestre de primer a\u00f1o.Forma organizativa: Conferencias, visitas a la industria y seminarios. Total de horas: 48. Conferencias&nbsp;&nbsp;&nbsp; Visitas&nbsp;&nbsp;&nbsp; Seminarios&nbsp;&nbsp;&nbsp; Total &nbsp;&nbsp;&nbsp;&nbsp; 20 h&nbsp;&nbsp;&nbsp;&nbsp;&nbsp;&nbsp;&nbsp;&nbsp;&nbsp;&nbsp;&nbsp; &nbsp; 16 h&nbsp;&nbsp;&nbsp;&nbsp;&nbsp;&nbsp;&nbsp;&nbsp;&nbsp;&nbsp;&nbsp;&nbsp; 12h&nbsp;&nbsp;&nbsp;&nbsp;&nbsp;&nbsp;&nbsp;&nbsp;&nbsp; 48 h Objetivos [&hellip;]<\/p>\n","protected":false},"author":2,"featured_media":0,"parent":0,"menu_order":0,"comment_status":"closed","ping_status":"closed","template":"","meta":{"_uag_custom_page_level_css":"","site-sidebar-layout":"default","site-content-layout":"default","ast-site-content-layout":"default","site-content-style":"default","site-sidebar-style":"default","ast-global-header-display":"","ast-banner-title-visibility":"","ast-main-header-display":"","ast-hfb-above-header-display":"","ast-hfb-below-header-display":"","ast-hfb-mobile-header-display":"","site-post-title":"","ast-breadcrumbs-content":"","ast-featured-img":"","footer-sml-layout":"","ast-disable-related-posts":"","theme-transparent-header-meta":"default","adv-header-id-meta":"","stick-header-meta":"","header-above-stick-meta":"","header-main-stick-meta":"","header-below-stick-meta":"","astra-migrate-meta-layouts":"default","ast-page-background-enabled":"default","ast-page-background-meta":{"desktop":{"background-color":"","background-image":"","background-repeat":"repeat","background-position":"center center","background-size":"auto","background-attachment":"scroll","background-type":"","background-media":"","overlay-type":"","overlay-color":"","overlay-opacity":"","overlay-gradient":""},"tablet":{"background-color":"","background-image":"","background-repeat":"repeat","background-position":"center center","background-size":"auto","background-attachment":"scroll","background-type":"","background-media":"","overlay-type":"","overlay-color":"","overlay-opacity":"","overlay-gradient":""},"mobile":{"background-color":"","background-image":"","background-repeat":"repeat","background-position":"center center","background-size":"auto","background-attachment":"scroll","background-type":"","background-media":"","overlay-type":"","overlay-color":"","overlay-opacity":"","overlay-gradient":""}},"ast-content-background-meta":{"desktop":{"background-color":"var(--ast-global-color-5)","background-image":"","background-repeat":"repeat","background-position":"center center","background-size":"auto","background-attachment":"scroll","background-type":"","background-media":"","overlay-type":"","overlay-color":"","overlay-opacity":"","overlay-gradient":""},"tablet":{"background-color":"var(--ast-global-color-5)","background-image":"","background-repeat":"repeat","background-position":"center center","background-size":"auto","background-attachment":"scroll","background-type":"","background-media":"","overlay-type":"","overlay-color":"","overlay-opacity":"","overlay-gradient":""},"mobile":{"background-color":"var(--ast-global-color-5)","background-image":"","background-repeat":"repeat","background-position":"center center","background-size":"auto","background-attachment":"scroll","background-type":"","background-media":"","overlay-type":"","overlay-color":"","overlay-opacity":"","overlay-gradient":""}},"ngg_post_thumbnail":0,"footnotes":""},"class_list":["post-1158","page","type-page","status-publish","hentry"],"uagb_featured_image_src":{"full":false,"thumbnail":false,"medium":false,"medium_large":false,"large":false,"1536x1536":false,"2048x2048":false},"uagb_author_info":{"display_name":"mecatronica","author_link":"https:\/\/blogs.uo.edu.cu\/dpi\/author\/mecatronica\/"},"uagb_comment_info":0,"uagb_excerpt":"PROGRAMA ANAL\u00cdTICO DE LA ASIGNATURA CURSO: 2021 Datos generales: Nombre: Introducci\u00f3n a la Ingenier\u00eda Mec\u00e1nica. Carrera: Ingenier\u00eda Mec\u00e1nica. Ubicaci\u00f3n en el plan de estudio: Primer semestre de primer a\u00f1o.Forma organizativa: Conferencias, visitas a la industria y seminarios. Total de horas: 48. Conferencias&nbsp;&nbsp;&nbsp; Visitas&nbsp;&nbsp;&nbsp; Seminarios&nbsp;&nbsp;&nbsp; Total &nbsp;&nbsp;&nbsp;&nbsp; 20 h&nbsp;&nbsp;&nbsp;&nbsp;&nbsp;&nbsp;&nbsp;&nbsp;&nbsp;&nbsp;&nbsp; &nbsp; 16 h&nbsp;&nbsp;&nbsp;&nbsp;&nbsp;&nbsp;&nbsp;&nbsp;&nbsp;&nbsp;&nbsp;&nbsp; 12h&nbsp;&nbsp;&nbsp;&nbsp;&nbsp;&nbsp;&nbsp;&nbsp;&nbsp; 48 h Objetivos&hellip;","_links":{"self":[{"href":"https:\/\/blogs.uo.edu.cu\/dpi\/wp-json\/wp\/v2\/pages\/1158","targetHints":{"allow":["GET"]}}],"collection":[{"href":"https:\/\/blogs.uo.edu.cu\/dpi\/wp-json\/wp\/v2\/pages"}],"about":[{"href":"https:\/\/blogs.uo.edu.cu\/dpi\/wp-json\/wp\/v2\/types\/page"}],"author":[{"embeddable":true,"href":"https:\/\/blogs.uo.edu.cu\/dpi\/wp-json\/wp\/v2\/users\/2"}],"replies":[{"embeddable":true,"href":"https:\/\/blogs.uo.edu.cu\/dpi\/wp-json\/wp\/v2\/comments?post=1158"}],"version-history":[{"count":1,"href":"https:\/\/blogs.uo.edu.cu\/dpi\/wp-json\/wp\/v2\/pages\/1158\/revisions"}],"predecessor-version":[{"id":1159,"href":"https:\/\/blogs.uo.edu.cu\/dpi\/wp-json\/wp\/v2\/pages\/1158\/revisions\/1159"}],"wp:attachment":[{"href":"https:\/\/blogs.uo.edu.cu\/dpi\/wp-json\/wp\/v2\/media?parent=1158"}],"curies":[{"name":"wp","href":"https:\/\/api.w.org\/{rel}","templated":true}]}}