{"id":959,"date":"2021-09-16T18:13:18","date_gmt":"2021-09-16T18:13:18","guid":{"rendered":"https:\/\/blogs.uo.edu.cu\/dpi\/?page_id=959"},"modified":"2021-11-30T17:22:37","modified_gmt":"2021-11-30T17:22:37","slug":"sintesis-curricular-drc-mario-sanchez-orozco","status":"publish","type":"page","link":"https:\/\/blogs.uo.edu.cu\/dpi\/sintesis-curricular-drc-mario-sanchez-orozco\/","title":{"rendered":"S\u00edntesis Curricular DrC. Mario S\u00e1nchez Orozco"},"content":{"rendered":"\n<p>Graduado en Ingenier\u00eda Mec\u00e1nica en la Universidad de Oriente, Cuba (1995), Maestr\u00eda en Ingenier\u00eda del Mantenimiento en el Instituto Superior Polit\u00e9cnico Jos\u00e9 Antonio Echeverr\u00eda, Cuba (1998) y Doctor en Ciencias T\u00e9cnicas, en la Universidad de Oriente en el a\u00f1o 2014. Es Profesor Titular del Departamento de Manufactura y Materiales de la Facultad de Ingenier\u00eda Mec\u00e1nica e Industrial de la Universidad de Oriente. Es miembro del Consejo Cient\u00edfico de la Facultad y del Comit\u00e9 Acad\u00e9mico del Programa de la Maestr\u00eda en Dise\u00f1o Mec\u00e1nico de la Universidad de Oriente, Cuba. Su actividad investigativa se ha desarrollado principalmente en los siguientes temas: Diagn\u00f3stico Vibroac\u00fastico de Equipos Industriales, An\u00e1lisis de se\u00f1ales vibroac\u00fasticas, Caracterizaci\u00f3n de procesos de manufactura, tales como procesos de soldadura y de modificaci\u00f3n superficial, Tribolog\u00eda e Inteligencia Artificial. Actualmente trabaja en la l\u00ednea de investigaci\u00f3n de caracterizaci\u00f3n de procesos avanzados de soldadura, con \u00e9nfasis en el monitoreo y control de procesos de soldadura y de modificaci\u00f3n superficial, a partir del procesamiento de se\u00f1ales vibroac\u00fasticas. Cuenta con nueve publicaciones indexadas en JCR en los \u00faltimos cinco a\u00f1os, cuatro de ellas del Q1 y varias contribuciones en Congresos internacionales de especial relevancia por su rigor de selecci\u00f3n y difusi\u00f3n cient\u00edfica. Ha realizado estancias de investigaci\u00f3n en la Universidad de Burdeos 4, Francia, 2007, en la Universidad de La Rioja, Espa\u00f1a, 2012 y en la Universidad Federal de Uberlandia, Brasil, 2014. Ha tenido participaci\u00f3n en varios Proyectos de investigaci\u00f3n. Es tutor de varias tesis de maestr\u00eda y doctorado. Es miembro del Tribunal Nacional de Doctorado en Ingenier\u00eda Mec\u00e1nica. Ha participado en varios tribunales de defensa de doctorado y maestr\u00eda. Como resultado de su investigaci\u00f3n cient\u00edfica obtuvo junto a un colectivo de autores en el a\u00f1o 2016, el Premio Nacional de la Academia de Ciencias de Cuba, m\u00e1ximo reconocimiento que entrega esta instituci\u00f3n.<\/p>\n","protected":false},"excerpt":{"rendered":"<p>Graduado en Ingenier\u00eda Mec\u00e1nica en la Universidad de Oriente, Cuba (1995), Maestr\u00eda en Ingenier\u00eda del Mantenimiento en el Instituto Superior Polit\u00e9cnico Jos\u00e9 Antonio Echeverr\u00eda, Cuba (1998) y Doctor en Ciencias T\u00e9cnicas, en la Universidad de Oriente en el a\u00f1o 2014. Es Profesor Titular del Departamento de Manufactura y Materiales de la Facultad de Ingenier\u00eda Mec\u00e1nica [&hellip;]<\/p>\n","protected":false},"author":2,"featured_media":0,"parent":0,"menu_order":0,"comment_status":"closed","ping_status":"closed","template":"","meta":{"_uag_custom_page_level_css":"","site-sidebar-layout":"default","site-content-layout":"default","ast-site-content-layout":"default","site-content-style":"default","site-sidebar-style":"default","ast-global-header-display":"","ast-banner-title-visibility":"","ast-main-header-display":"","ast-hfb-above-header-display":"","ast-hfb-below-header-display":"","ast-hfb-mobile-header-display":"","site-post-title":"","ast-breadcrumbs-content":"","ast-featured-img":"","footer-sml-layout":"","ast-disable-related-posts":"","theme-transparent-header-meta":"default","adv-header-id-meta":"","stick-header-meta":"","header-above-stick-meta":"","header-main-stick-meta":"","header-below-stick-meta":"","astra-migrate-meta-layouts":"default","ast-page-background-enabled":"default","ast-page-background-meta":{"desktop":{"background-color":"","background-image":"","background-repeat":"repeat","background-position":"center center","background-size":"auto","background-attachment":"scroll","background-type":"","background-media":"","overlay-type":"","overlay-color":"","overlay-opacity":"","overlay-gradient":""},"tablet":{"background-color":"","background-image":"","background-repeat":"repeat","background-position":"center center","background-size":"auto","background-attachment":"scroll","background-type":"","background-media":"","overlay-type":"","overlay-color":"","overlay-opacity":"","overlay-gradient":""},"mobile":{"background-color":"","background-image":"","background-repeat":"repeat","background-position":"center center","background-size":"auto","background-attachment":"scroll","background-type":"","background-media":"","overlay-type":"","overlay-color":"","overlay-opacity":"","overlay-gradient":""}},"ast-content-background-meta":{"desktop":{"background-color":"var(--ast-global-color-5)","background-image":"","background-repeat":"repeat","background-position":"center center","background-size":"auto","background-attachment":"scroll","background-type":"","background-media":"","overlay-type":"","overlay-color":"","overlay-opacity":"","overlay-gradient":""},"tablet":{"background-color":"var(--ast-global-color-5)","background-image":"","background-repeat":"repeat","background-position":"center center","background-size":"auto","background-attachment":"scroll","background-type":"","background-media":"","overlay-type":"","overlay-color":"","overlay-opacity":"","overlay-gradient":""},"mobile":{"background-color":"var(--ast-global-color-5)","background-image":"","background-repeat":"repeat","background-position":"center center","background-size":"auto","background-attachment":"scroll","background-type":"","background-media":"","overlay-type":"","overlay-color":"","overlay-opacity":"","overlay-gradient":""}},"ngg_post_thumbnail":0,"footnotes":""},"class_list":["post-959","page","type-page","status-publish","hentry"],"uagb_featured_image_src":{"full":false,"thumbnail":false,"medium":false,"medium_large":false,"large":false,"1536x1536":false,"2048x2048":false},"uagb_author_info":{"display_name":"mecatronica","author_link":"https:\/\/blogs.uo.edu.cu\/dpi\/author\/mecatronica\/"},"uagb_comment_info":0,"uagb_excerpt":"Graduado en Ingenier\u00eda Mec\u00e1nica en la Universidad de Oriente, Cuba (1995), Maestr\u00eda en Ingenier\u00eda del Mantenimiento en el Instituto Superior Polit\u00e9cnico Jos\u00e9 Antonio Echeverr\u00eda, Cuba (1998) y Doctor en Ciencias T\u00e9cnicas, en la Universidad de Oriente en el a\u00f1o 2014. Es Profesor Titular del Departamento de Manufactura y Materiales de la Facultad de Ingenier\u00eda Mec\u00e1nica&hellip;","_links":{"self":[{"href":"https:\/\/blogs.uo.edu.cu\/dpi\/wp-json\/wp\/v2\/pages\/959","targetHints":{"allow":["GET"]}}],"collection":[{"href":"https:\/\/blogs.uo.edu.cu\/dpi\/wp-json\/wp\/v2\/pages"}],"about":[{"href":"https:\/\/blogs.uo.edu.cu\/dpi\/wp-json\/wp\/v2\/types\/page"}],"author":[{"embeddable":true,"href":"https:\/\/blogs.uo.edu.cu\/dpi\/wp-json\/wp\/v2\/users\/2"}],"replies":[{"embeddable":true,"href":"https:\/\/blogs.uo.edu.cu\/dpi\/wp-json\/wp\/v2\/comments?post=959"}],"version-history":[{"count":2,"href":"https:\/\/blogs.uo.edu.cu\/dpi\/wp-json\/wp\/v2\/pages\/959\/revisions"}],"predecessor-version":[{"id":1293,"href":"https:\/\/blogs.uo.edu.cu\/dpi\/wp-json\/wp\/v2\/pages\/959\/revisions\/1293"}],"wp:attachment":[{"href":"https:\/\/blogs.uo.edu.cu\/dpi\/wp-json\/wp\/v2\/media?parent=959"}],"curies":[{"name":"wp","href":"https:\/\/api.w.org\/{rel}","templated":true}]}}