{"id":543,"date":"2020-10-07T17:19:39","date_gmt":"2020-10-07T17:19:39","guid":{"rendered":"http:\/\/blogs.uo.edu.cu\/maestriacemzoc\/?page_id=543"},"modified":"2020-10-07T17:19:42","modified_gmt":"2020-10-07T17:19:42","slug":"articulos-cientificos","status":"publish","type":"page","link":"https:\/\/blogs.uo.edu.cu\/maestriacemzoc\/articulos-cientificos\/","title":{"rendered":"Art\u00edculos Cient\u00edficos"},"content":{"rendered":"<div class=\"feedzy-122366c8854d16d5ce43a555b4c5c3af feedzy-rss\"><div class=\"rss_header\"><h2><a href=\"https:\/\/www.sciencedirect.com\/journal\/ocean-and-coastal-management\" class=\"rss_title\" rel=\"noopener\">ScienceDirect Publication: Ocean &amp; Coastal Management<\/a> <span class=\"rss_description\"> ScienceDirect RSS<\/span><\/h2><\/div><ul><li  style=\"padding: 15px 0 25px\" class=\"rss_item\"><span class=\"title\"><a href=\"https:\/\/www.sciencedirect.com\/science\/article\/pii\/S0964569126000955?dgcid=rss_sd_all\" target=\"_blank\" rel=\" noopener\">Transition from vulnerability to viability in small-scale fisheries: A diagnostic framework<\/a><\/span><div class=\"rss_content\" style=\"\"><small>en 9 abril, 2026 a las 1:27 pm <\/small><p>Publication date: June 2026Source: Ocean &amp; Coastal Management, Volume 277Author(s): Md. Ruyel Miah, Prateep Kumar Nayak, Ratana Chuenpagdee<\/p><\/div><\/li><li  style=\"padding: 15px 0 25px\" class=\"rss_item\"><span class=\"title\"><a href=\"https:\/\/www.sciencedirect.com\/science\/article\/pii\/S0964569126001146?dgcid=rss_sd_all\" target=\"_blank\" rel=\" noopener\">Climate change\u2013induced thermal load as a natural form of thermal pollution in semi-enclosed seas<\/a><\/span><div class=\"rss_content\" style=\"\"><small>en 9 abril, 2026 a las 1:27 pm <\/small><p>Publication date: June 2026Source: Ocean &amp; Coastal Management, Volume 277Author(s): Veysi Kartal, Muhammet Camci, Fatih Bayrak, Yavuz Kirim<\/p><\/div><\/li><li  style=\"padding: 15px 0 25px\" class=\"rss_item\"><span class=\"title\"><a href=\"https:\/\/www.sciencedirect.com\/science\/article\/pii\/S0964569126001134?dgcid=rss_sd_all\" target=\"_blank\" rel=\" noopener\">Geoecological analysis of the coastal-marine zone of the gulf of Montijo, Veraguas, Panama<\/a><\/span><div class=\"rss_content\" style=\"\"><small>en 9 abril, 2026 a las 1:27 pm <\/small><p>Publication date: June 2026Source: Ocean &amp; Coastal Management, Volume 277Author(s): Jaime Rivera-Sol\u00eds, Onel P\u00e9rez-Fern\u00e1ndez, Juan De La Lastra, Adolfo Quesada-Rom\u00e1n<\/p><\/div><\/li><li  style=\"padding: 15px 0 25px\" class=\"rss_item\"><span class=\"title\"><a href=\"https:\/\/www.sciencedirect.com\/science\/article\/pii\/S0964569126001006?dgcid=rss_sd_all\" target=\"_blank\" rel=\" noopener\">Distribution and density of baleen whales and delphinids in the European Macaronesia<\/a><\/span><div class=\"rss_content\" style=\"\"><small>en 9 abril, 2026 a las 1:27 pm <\/small><p>Publication date: June 2026Source: Ocean &amp; Coastal Management, Volume 277Author(s): Lu\u00eds Freitas, Ana Ca\u00f1adas, Ruth Esteban, M\u00f3nica P\u00e9rez-Gil, M\u00f3nica A. Silva, Antonella Servidio, Enrique P\u00e9rez-Gil, Nuria Varo-Cruz, Jos\u00e9 Antonio V\u00e1zquez, Enara Marcos Ipi\u00f1a, Gustavo Tejera, Jo\u00e3o Gon\u00e7alves, Diana Almeida, Lu\u00eds Berimbau, Cl\u00e0udia Auladell Quintana, Raul Zabala Belenguer, Filipe Henriques, William Hunt, Camilo Saavedra, Gilberto P. Carreira<\/p><\/div><\/li><li  style=\"padding: 15px 0 25px\" class=\"rss_item\"><span class=\"title\"><a href=\"https:\/\/www.sciencedirect.com\/science\/article\/pii\/S0964569126000943?dgcid=rss_sd_all\" target=\"_blank\" rel=\" noopener\">Evaluation of CO<sub>2<\/sub> emission efficiency in Chinese ports: A non-homogeneous DEA game model incorporating undesirable outputs<\/a><\/span><div class=\"rss_content\" style=\"\"><small>en 9 abril, 2026 a las 1:27 pm <\/small><p>Publication date: June 2026Source: Ocean &amp; Coastal Management, Volume 277Author(s): Xing Liu, Xianhua Wu, Junwei Chen, Weipan Zhang<\/p><\/div><\/li><li  style=\"padding: 15px 0 25px\" class=\"rss_item\"><span class=\"title\"><a href=\"https:\/\/www.sciencedirect.com\/science\/article\/pii\/S0964569126001080?dgcid=rss_sd_all\" target=\"_blank\" rel=\" noopener\">A GIS-based framework for hybrid offshore wind and floating solar power plants in Australia<\/a><\/span><div class=\"rss_content\" style=\"\"><small>en 9 abril, 2026 a las 1:27 pm <\/small><p>Publication date: June 2026Source: Ocean &amp; Coastal Management, Volume 277Author(s): Fida Ali, Rodney A. Stewart, Mohammad J. Sanjari, Jennifer A. Hayward, Robert C. Nicholson, Amir Etemad-Shahidi<\/p><\/div><\/li><li  style=\"padding: 15px 0 25px\" class=\"rss_item\"><span class=\"title\"><a href=\"https:\/\/www.sciencedirect.com\/science\/article\/pii\/S096456912600092X?dgcid=rss_sd_all\" target=\"_blank\" rel=\" noopener\">Multiscale assessment of anthropogenic impacts on a sandy beach social-ecological system: a mixed-methods approach<\/a><\/span><div class=\"rss_content\" style=\"\"><small>en 9 abril, 2026 a las 1:27 pm <\/small><p>Publication date: June 2026Source: Ocean &amp; Coastal Management, Volume 277Author(s): Julieta Olalde, Eleonora Celentano, Omar Defeo<\/p><\/div><\/li><li  style=\"padding: 15px 0 25px\" class=\"rss_item\"><span class=\"title\"><a href=\"https:\/\/www.sciencedirect.com\/science\/article\/pii\/S0964569126000980?dgcid=rss_sd_all\" target=\"_blank\" rel=\" noopener\">Fish restocking as a conservation strategy: Challenges and opportunities<\/a><\/span><div class=\"rss_content\" style=\"\"><small>en 9 abril, 2026 a las 1:27 pm <\/small><p>Publication date: June 2026Source: Ocean &amp; Coastal Management, Volume 277Author(s): Isis Ribeiro Evangelista, \u00c1thila Bertoncini Andrade, Matheus Oliveira Freitas, Leonardo Schlogel Bueno, Claudio Luis Santos Sampaio, Jonas Rodrigues Leite, Luana Barbosa Seixas, Jean Ricardo Sim\u00f5es Vitule, Bianca Bentes, Beatrice Padovani Ferreira, Ma\u00edra Borgonha, Vinicius Abilhoa, Bruna Larissa Maganhe, Eduardo Gomes Sanches, Mauricio Hostim-Silva<\/p><\/div><\/li><li  style=\"padding: 15px 0 25px\" class=\"rss_item\"><span class=\"title\"><a href=\"https:\/\/www.sciencedirect.com\/science\/article\/pii\/S0964569126000979?dgcid=rss_sd_all\" target=\"_blank\" rel=\" noopener\">Institutional configurations and ecological participation: An fsQCA\u2013IAD analysis of coastal farmers in China<\/a><\/span><div class=\"rss_content\" style=\"\"><small>en 9 abril, 2026 a las 1:27 pm <\/small><p>Publication date: June 2026Source: Ocean &amp; Coastal Management, Volume 277Author(s): Li Qiu, Wenhan Feng, Xiaoyu Yang, Xinman Lu, Han Wang<\/p><\/div><\/li><li  style=\"padding: 15px 0 25px\" class=\"rss_item\"><span class=\"title\"><a href=\"https:\/\/www.sciencedirect.com\/science\/article\/pii\/S0964569126000311?dgcid=rss_sd_all\" target=\"_blank\" rel=\" noopener\">Corrigendum to \u201cConstruction and application of an evaluation indicator system for biological coastal ecological restoration\u201d [Ocean coast. Manag. 273 (2026) 108053]<\/a><\/span><div class=\"rss_content\" style=\"\"><small>en 9 abril, 2026 a las 1:27 pm <\/small><p>Publication date: May 2026Source: Ocean &amp; Coastal Management, Volume 276Author(s): Yu Peng, Lianqiang Shi, Junli Guo, Mingli Zhao, Juan Liang, Qinghua Ye, Huangzhe Qi, Tianshui Cao<\/p><\/div><\/li><\/ul> <\/div><style type=\"text\/css\" media=\"all\">.feedzy-rss .rss_item .rss_image{float:left;position:relative;border:none;text-decoration:none;max-width:100%}.feedzy-rss .rss_item .rss_image span{display:inline-block;position:absolute;width:100%;height:100%;background-position:50%;background-size:cover}.feedzy-rss .rss_item .rss_image{margin:.3em 1em 0 0;content-visibility:auto}.feedzy-rss ul{list-style:none}.feedzy-rss ul li{display:inline-block}<\/style>","protected":false},"excerpt":{"rendered":"","protected":false},"author":1,"featured_media":0,"parent":0,"menu_order":0,"comment_status":"closed","ping_status":"closed","template":"","meta":{"sfsi_plus_gutenberg_text_before_share":"","sfsi_plus_gutenberg_show_text_before_share":"","sfsi_plus_gutenberg_icon_type":"","sfsi_plus_gutenberg_icon_alignemt":"","sfsi_plus_gutenburg_max_per_row":"","ngg_post_thumbnail":0,"_mc_calendar":[],"footnotes":""},"class_list":["post-543","page","type-page","status-publish","hentry"],"_links":{"self":[{"href":"https:\/\/blogs.uo.edu.cu\/maestriacemzoc\/wp-json\/wp\/v2\/pages\/543","targetHints":{"allow":["GET"]}}],"collection":[{"href":"https:\/\/blogs.uo.edu.cu\/maestriacemzoc\/wp-json\/wp\/v2\/pages"}],"about":[{"href":"https:\/\/blogs.uo.edu.cu\/maestriacemzoc\/wp-json\/wp\/v2\/types\/page"}],"author":[{"embeddable":true,"href":"https:\/\/blogs.uo.edu.cu\/maestriacemzoc\/wp-json\/wp\/v2\/users\/1"}],"replies":[{"embeddable":true,"href":"https:\/\/blogs.uo.edu.cu\/maestriacemzoc\/wp-json\/wp\/v2\/comments?post=543"}],"version-history":[{"count":2,"href":"https:\/\/blogs.uo.edu.cu\/maestriacemzoc\/wp-json\/wp\/v2\/pages\/543\/revisions"}],"predecessor-version":[{"id":677,"href":"https:\/\/blogs.uo.edu.cu\/maestriacemzoc\/wp-json\/wp\/v2\/pages\/543\/revisions\/677"}],"wp:attachment":[{"href":"https:\/\/blogs.uo.edu.cu\/maestriacemzoc\/wp-json\/wp\/v2\/media?parent=543"}],"curies":[{"name":"wp","href":"https:\/\/api.w.org\/{rel}","templated":true}]}}