{"id":798,"date":"2022-02-14T18:59:19","date_gmt":"2022-02-14T18:59:19","guid":{"rendered":"https:\/\/blogs.uo.edu.cu\/maestriacemzoc\/?page_id=798"},"modified":"2022-02-23T20:57:13","modified_gmt":"2022-02-23T20:57:13","slug":"tesis","status":"publish","type":"page","link":"https:\/\/blogs.uo.edu.cu\/maestriacemzoc\/bibliografia\/tesis\/","title":{"rendered":"Tesis"},"content":{"rendered":"\n<p><strong>Programa de Maestr\u00eda en Zonas Costeras coordinado por la Universidad de Cienfuegos.<\/strong><\/p>\n\n\n\n<p>Jes\u00fas Manuel Rey Novoa (2003). La toma de decisiones para el manejo integrado de la bah\u00eda de Cienfuegos y cuencas tributarias. <em>Tesis en opci\u00f3n al t\u00edtulo de M\u00e1ster en Manejo Integrado de Zonas Costeras. Universidad de Cienfuegos<\/em>. &#8212; <strong><em>(<a rel=\"noreferrer noopener\" href=\"http:\/\/blogs.uo.edu.cu\/maestriacemzoc\/wp-content\/uploads\/sites\/38\/2022\/02\/2003.-Tesis-Jesus-Novoa.pdf\" target=\"_blank\">Descargar<\/a>)<\/em><\/strong><\/p>\n\n\n\n<p>L\u00e1zara Sosa P\u00e9rez (2003). Propuesta de uso de especies de macroalgas como bioindicadores de la contaminaci\u00f3n por Ars\u00e9nico en playas de la Bah\u00eda de Cienfuegos. <em>Tesis en opci\u00f3n al t\u00edtulo de M\u00e1ster en Manejo Integrado de Zonas Costeras. Universidad de Cienfuegos.<\/em> &#8212; <strong><em>(<a href=\"http:\/\/blogs.uo.edu.cu\/maestriacemzoc\/wp-content\/uploads\/sites\/38\/2022\/02\/2003.-Tesis_M-Lazara-Sosa.pdf\" target=\"_blank\" rel=\"noreferrer noopener\">Descargar<\/a>)<\/em><\/strong><\/p>\n\n\n\n<p>Mabel Seisdedo Losa (2003). &nbsp;Adecuaci\u00f3n del Programa de Monitoreo de la Bah\u00eda de Cienfuegos en funci\u00f3n de un Programa de MIZC. <em>Tesis en opci\u00f3n al t\u00edtulo de M\u00e1ster en Manejo Integrado de Zonas Costeras. Universidad de Cienfuegos.<\/em> &#8212; <strong><em>(<a href=\"http:\/\/blogs.uo.edu.cu\/maestriacemzoc\/wp-content\/uploads\/sites\/38\/2022\/02\/2003.-Tesis_M-Mabel-Seisdedo.pdf\" target=\"_blank\" rel=\"noreferrer noopener\">Descargar<\/a>)<\/em><\/strong><\/p>\n\n\n\n<p>Silvio Due\u00f1as Rodr\u00edguez (2003). Estudio del patrimonio cultural y natural subacu\u00e1tico entre Punta Los Colorados y la Punta Gavil\u00e1n en Cienfuegos. <em>Tesis en opci\u00f3n al t\u00edtulo de M\u00e1ster en Manejo Integrado de Zonas Costeras. Universidad de Cienfuegos.<\/em> &#8212; <strong><em>(<a href=\"http:\/\/blogs.uo.edu.cu\/maestriacemzoc\/wp-content\/uploads\/sites\/38\/2022\/02\/2003.-Tesis_M-Silvio-Duenas.pdf\" target=\"_blank\" rel=\"noreferrer noopener\">Descargar<\/a>)<\/em><\/strong><\/p>\n\n\n\n<p>Elena G\u00f3mez Castro (2006). Estudio de la estructura din\u00e1mica de la playa Rancho Luna. <em>Tesis en opci\u00f3n al t\u00edtulo de M\u00e1ster en Manejo Integrado de Zonas Costeras. Universidad de Cienfuegos.<\/em> &#8212; <strong><em>(<a href=\"http:\/\/blogs.uo.edu.cu\/maestriacemzoc\/wp-content\/uploads\/sites\/38\/2022\/02\/2006.-TESIS-ELENA.pdf\" target=\"_blank\" rel=\"noreferrer noopener\">Descargar<\/a>)<\/em><\/strong><\/p>\n\n\n\n<p>Aleida Duque Tejera (2006). Propuesta de Programa Estrat\u00e9gico de Educaci\u00f3n Ambiental para las comunidades costeras de Villa Clara. Una contribuci\u00f3n al Manejo Integrado Costero. <em>Tesis en opci\u00f3n al t\u00edtulo de M\u00e1ster en Manejo Integrado de Zonas Costeras. Universidad de Cienfuegos.<\/em> &nbsp;&#8212; <strong><em>(<a href=\"http:\/\/blogs.uo.edu.cu\/maestriacemzoc\/wp-content\/uploads\/sites\/38\/2022\/02\/2006.-Tesis_M-Aleida-Duque.pdf\" target=\"_blank\" rel=\"noreferrer noopener\">Descargar<\/a>)<\/em><\/strong><\/p>\n\n\n\n<p>Roberto Luis Gonz\u00e1lez Su\u00e1rez (2006). Propuesta de Perfeccionamiento de algunas Regulaciones del Registro Cubano de Buques para la Protecci\u00f3n Ambiental de la Zona Costera\u201d. <em>Tesis en opci\u00f3n al t\u00edtulo de M\u00e1ster en Manejo Integrado de Zonas Costeras. Universidad de Cienfuegos. <\/em>&#8212; <strong><em>(<a href=\"http:\/\/blogs.uo.edu.cu\/maestriacemzoc\/wp-content\/uploads\/sites\/38\/2022\/02\/2006.-Tesis_M-Roberto-Glez.pdf\" target=\"_blank\" rel=\"noreferrer noopener\">Descargar<\/a>)<\/em><\/strong><\/p>\n\n\n\n<p>Ayl\u00ed D\u00edaz Bacallao (2006). La educaci\u00f3n jur\u00eddica ambiental en la educaci\u00f3n ambiental para el MIZC. propuestas y consideraciones generales. <em>Tesis en opci\u00f3n al t\u00edtulo de M\u00e1ster en Manejo Integrado de Zonas Costeras. Universidad de Cienfuegos.<\/em> &#8212; <strong><em>(<a href=\"http:\/\/blogs.uo.edu.cu\/maestriacemzoc\/wp-content\/uploads\/sites\/38\/2022\/02\/2006.-Tesis_M-Ayli-Diaz.pdf\" target=\"_blank\" rel=\"noreferrer noopener\">Descargar<\/a>)<\/em><\/strong><\/p>\n\n\n\n<p>Emma Caraballo Dampiel (2006). Sistema integrado de tratamiento de residuales dom\u00e9sticos para comunidades costeras. <em>Tesis en opci\u00f3n al t\u00edtulo de M\u00e1ster en Manejo Integrado de Zonas Costeras. Universidad de Cienfuegos.<\/em> &#8212; <strong><em>(<a href=\"http:\/\/blogs.uo.edu.cu\/maestriacemzoc\/wp-content\/uploads\/sites\/38\/2022\/02\/2006.-Tesis-Emma-Caraballo.pdf\" target=\"_blank\" rel=\"noreferrer noopener\">Descargar<\/a>)<\/em><\/strong><\/p>\n\n\n\n<p>Lisbet D\u00edaz Asencio (2006). Programa de monitoreo de bentos en la bah\u00eda de Cienfuegos como herramienta cient\u00edfica en funci\u00f3n del MICAC. <em>Tesis en opci\u00f3n al t\u00edtulo de M\u00e1ster en Manejo Integrado de Zonas Costeras. Universidad de Cienfuegos. <\/em>&#8212; <strong><em>(<a href=\"http:\/\/blogs.uo.edu.cu\/maestriacemzoc\/wp-content\/uploads\/sites\/38\/2022\/02\/2006.-Tesis-MIZC-Lisbet-Diaz.pdf\" target=\"_blank\" rel=\"noreferrer noopener\">Descargar<\/a>)<\/em><\/strong><\/p>\n\n\n\n<p>Edelkis Rodr\u00edguez Moya (2006). Recomendaciones para el manejo integrado del parque nacional Los Caimanes. Tesis en opci\u00f3n al t\u00edtulo de M\u00e1ster en Manejo Integrado de Zonas Costeras. <em>Tesis en opci\u00f3n al t\u00edtulo de M\u00e1ster en Manejo Integrado de Zonas Costeras. Universidad de Cienfuegos.<\/em> &#8212; <strong><em>(<a href=\"http:\/\/blogs.uo.edu.cu\/maestriacemzoc\/wp-content\/uploads\/sites\/38\/2022\/02\/2006.-Tesis_M-Edelkis-Rdguez.pdf\" target=\"_blank\" rel=\"noreferrer noopener\">Descargar<\/a>)<\/em><\/strong><\/p>\n\n\n\n<p>Juan Gustavo Menej\u00edas P\u00e9rez (2006). Propuesta de Programa de Manejo Integrado de Aguas para la Empresa Azucarera Jos\u00e9 Mar\u00eda P\u00e9rez. Una contribuci\u00f3n al MICAC. <em>Tesis en opci\u00f3n al t\u00edtulo de M\u00e1ster en Manejo Integrado de Zonas Costeras. Universidad de Cienfuegos.<\/em> &#8212; <strong><em>(<a href=\"http:\/\/blogs.uo.edu.cu\/maestriacemzoc\/wp-content\/uploads\/sites\/38\/2022\/02\/2006.-Tesis_M-Juan-G.-Menejias.pdf\" target=\"_blank\" rel=\"noreferrer noopener\">Descargar<\/a>)<\/em><\/strong><\/p>\n\n\n\n<p>L\u00e1zara Mart\u00ednez Ferrer (2006). Estudio de la Cuenca del R\u00edo Damuj\u00ed desde la perspectiva del MICAC. <em>Tesis en opci\u00f3n al t\u00edtulo de M\u00e1ster en Manejo Integrado de Zonas Costeras. Universidad de Cienfuegos.<\/em> &#8212; <strong><em>(<a href=\"http:\/\/blogs.uo.edu.cu\/maestriacemzoc\/wp-content\/uploads\/sites\/38\/2022\/02\/2006.-Tesis_M-Lazara-Martinez.pdf\" target=\"_blank\" rel=\"noreferrer noopener\">Descargar<\/a>)<\/em><\/strong><\/p>\n\n\n\n<p>Mait\u00e9 Nodarse Castillo (2006). Propuesta de un Programa Piloto de Monitoreo de Agua de Lastre en Buques de Traves\u00eda Internacional en el Puerto de Cienfuegos: Una Herramienta Eficaz Para El MICAC. <em>Tesis en opci\u00f3n al t\u00edtulo de M\u00e1ster en Manejo Integrado de Zonas Costeras. Universidad de Cienfuegos.<\/em> &#8212; <strong><em>(<a href=\"http:\/\/blogs.uo.edu.cu\/maestriacemzoc\/wp-content\/uploads\/sites\/38\/2022\/02\/2006.-Tesis_M-Maite-Nodarse.pdf\" target=\"_blank\" rel=\"noreferrer noopener\">Descargar<\/a>)<\/em><\/strong><\/p>\n\n\n\n<p>Miguel Aguila Villaz\u00f3n (2006). Estudio Integral de la Cuenca del r\u00edo Salado para un Plan de Manejo Integrado. <em>Tesis en opci\u00f3n al t\u00edtulo de M\u00e1ster en Manejo Integrado de Zonas Costeras. Universidad de Cienfuegos.<\/em> &#8212; <strong><em>(<a href=\"http:\/\/blogs.uo.edu.cu\/maestriacemzoc\/wp-content\/uploads\/sites\/38\/2022\/02\/2006.-Tesis_M-Miguel-Aguila.pdf\" target=\"_blank\" rel=\"noreferrer noopener\">Descargar<\/a>)<\/em><\/strong><\/p>\n\n\n\n<p>Yenysbel C\u00e1rdenas Rodr\u00edguez (2006). Propuestas de acciones ambientales integrales en la Cuenca Yaguanabo, Cienfuegos: Una contribuci\u00f3n al MICAC. <em>Tesis en opci\u00f3n al t\u00edtulo de M\u00e1ster en Manejo Integrado de Zonas Costeras. Universidad de Cienfuegos.<\/em> &#8212; <strong><em>(<a href=\"http:\/\/blogs.uo.edu.cu\/maestriacemzoc\/wp-content\/uploads\/sites\/38\/2022\/02\/2006.-Tesis_M-Yenysbel-Cardenas.pdf\" target=\"_blank\" rel=\"noreferrer noopener\">Descargar<\/a>)<\/em><\/strong><\/p>\n\n\n\n<p>Ana Mar\u00eda Pe\u00f1a D\u00edaz (2007). El proceso de Manejo integrado de Zonas Costeras a trav\u00e9s de un Instituci\u00f3n Cultural. Estudio de Caso.<em> Tesis en opci\u00f3n al t\u00edtulo de M\u00e1ster en Manejo Integrado de Zonas Costeras. Universidad de Cienfuegos.<\/em> &#8212; <strong><em>(<a href=\"http:\/\/blogs.uo.edu.cu\/maestriacemzoc\/wp-content\/uploads\/sites\/38\/2022\/02\/2007.-Tesis_M-Ana-M.-Pena.pdf\" target=\"_blank\" rel=\"noreferrer noopener\">Descargar<\/a>)<\/em><\/strong><\/p>\n\n\n\n<p>Tatiana Alonso P\u00e9rez (2007). La Agenda 21 Local-GEO, un modelo pr\u00e1ctico para la gesti\u00f3n urbano-ambiental, aplicable a la Zona Costera de la Ciudad de Cienfuegos. <em>Tesis en opci\u00f3n al t\u00edtulo de M\u00e1ster en Manejo Integrado de Zonas Costeras. Universidad de Cienfuegos. <\/em>&#8212; <strong><em>(<a href=\"http:\/\/blogs.uo.edu.cu\/maestriacemzoc\/wp-content\/uploads\/sites\/38\/2022\/02\/2007.-Tesis_M-Tatiana-Alonso.pdf\" target=\"_blank\" rel=\"noreferrer noopener\">Descargar<\/a>)<\/em><\/strong><\/p>\n\n\n\n<p>Gladys Caro Novoa (2012). Programa de Educaci\u00f3n Ambiental para las comunidades costeras del Consejo Popular Castillo \u2013 CEN desde el enfoque de Manejo Integrado de Zonas Costeras. <em>&nbsp;Tesis en opci\u00f3n al t\u00edtulo de M\u00e1ster en Manejo Integrado de Zonas Costeras. Universidad de Cienfuegos.<\/em> &#8212; <strong><em>(<a href=\"http:\/\/blogs.uo.edu.cu\/maestriacemzoc\/wp-content\/uploads\/sites\/38\/2022\/02\/2012.-Tesis_M-Gladys-Caro-Novoa-Maestria.pdf\" target=\"_blank\" rel=\"noreferrer noopener\">Descargar<\/a>)<\/em><\/strong><\/p>\n\n\n\n<p>Jes\u00fas Antonio S\u00e1nchez Garc\u00eda (2012). \u201cPerfeccionamiento de la dimensi\u00f3n organizativa de la tecnolog\u00eda portuaria en la Terminal 02 de la ESPC\u201d. <em>Tesis en opci\u00f3n al t\u00edtulo de M\u00e1ster en Manejo Integrado de Zonas Costeras. Universidad de Cienfuegos.<\/em> &#8212; <strong><em>(<a href=\"http:\/\/blogs.uo.edu.cu\/maestriacemzoc\/wp-content\/uploads\/sites\/38\/2022\/02\/2012.-Tesis_M-Jesus-Antonio-Sanchez-Garcia.pdf\" target=\"_blank\" rel=\"noreferrer noopener\">Descargar<\/a>)<\/em><\/strong><\/p>\n\n\n\n<p>Lester David Puntonet Toledo (2012). \u201cPropuesta de Estrategia para la Articulaci\u00f3n de la Arqueolog\u00eda y el MICAC en la provincia de Cienfuegos. <em>Tesis en opci\u00f3n al t\u00edtulo de M\u00e1ster en Manejo Integrado de Zonas Costeras. Universidad de Cienfuegos.<\/em> &#8212; <strong><em>(<a href=\"http:\/\/blogs.uo.edu.cu\/maestriacemzoc\/wp-content\/uploads\/sites\/38\/2022\/02\/2012.-Tesis_M-Lester-David-Puntonet-Toledo.pdf\" target=\"_blank\" rel=\"noreferrer noopener\">Descargar<\/a>)<\/em><\/strong><\/p>\n\n\n\n<p>Lisett Fleites Gonz\u00e1lez (2012). Bases generales para la formulaci\u00f3n de una pol\u00edtica p\u00fablica para el Manejo Integrado de Zonas Costeras en Cuba. <em>Tesis en opci\u00f3n al t\u00edtulo de M\u00e1ster en Manejo Integrado de Zonas Costeras. Universidad de Cienfuegos.<\/em> &#8212; <strong><em>(<a href=\"http:\/\/blogs.uo.edu.cu\/maestriacemzoc\/wp-content\/uploads\/sites\/38\/2022\/02\/2012.-Tesis_M-Lisett-Fleites-Gonzalez.pdf\" target=\"_blank\" rel=\"noreferrer noopener\">Descargar<\/a>)<\/em><\/strong><\/p>\n\n\n\n<p>Lisette G\u00f3mez G\u00f3mez (2012). Estudio de la concepci\u00f3n de proyectos de Investigaci\u00f3n- Desarrollo en comunidades costeras desde el enfoque de MIZC. Estudio de caso: Proyecto de Rehabilitaci\u00f3n Ambiental en la zona costera de Punta Majagua. <em>Tesis en opci\u00f3n al t\u00edtulo de M\u00e1ster en Manejo Integrado de Zonas Costeras. Universidad de Cienfuegos.<\/em> &#8212; <strong><em>(<a href=\"http:\/\/blogs.uo.edu.cu\/maestriacemzoc\/wp-content\/uploads\/sites\/38\/2022\/02\/2012.-Tesis_M-Lisette-Gomez-Gomez.pdf\" target=\"_blank\" rel=\"noreferrer noopener\">Descargar<\/a>)<\/em><\/strong><\/p>\n\n\n\n<p>Marisol Otero Alvarez (2012). Propuesta de un plan de operacionalizaci\u00f3n desde la perspectiva del MIZC del Patrimonio Cultural Inmaterial tecnoproductivo asociado a la pesca en la zona costera Calet\u00f3n de Don Bruno-Punta Sabanilla: Plan de Acci\u00f3n \u00a8Mar de Luna\u00a8. <em>Tesis en opci\u00f3n al t\u00edtulo de M\u00e1ster en Manejo Integrado de Zonas Costeras. Universidad de Cienfuegos. <\/em>&#8212; <strong><em>(<a href=\"http:\/\/blogs.uo.edu.cu\/maestriacemzoc\/wp-content\/uploads\/sites\/38\/2022\/02\/2012.-Tesis_M-Marisol-Otero-Alvarez.pdf\" target=\"_blank\" rel=\"noreferrer noopener\">Descargar<\/a>)<\/em><\/strong><\/p>\n\n\n\n<p>Roberto Yasiel Garc\u00eda Due\u00f1as (2012). El papel de los saberes tecnoproductivos tradicionales de pesca para el Manejo Integrado de Zonas Costeras. Estudio de caso de la comunidad Castillo de Jagua-Perch\u00e9. <em>Tesis en opci\u00f3n al t\u00edtulo de M\u00e1ster en Manejo Integrado de Zonas Costeras. Universidad de Cienfuegos.<\/em> &#8212; <strong><em>(<a href=\"http:\/\/blogs.uo.edu.cu\/maestriacemzoc\/wp-content\/uploads\/sites\/38\/2022\/02\/2012.-Tesis_M-Roberto-Yasiel-Garcia-Duenas.pdf\" target=\"_blank\" rel=\"noreferrer noopener\">Descargar<\/a>)<\/em><\/strong><\/p>\n\n\n\n<p>Yeslin Justafr\u00e9 Garc\u00eda (2012). Estado, gobierno y administraci\u00f3n p\u00fablica: diferencias e integraci\u00f3n te\u00f3rico jur\u00eddica como actores sociales claves del Manejo Integrado de Zonas Costeras en Cuba. <em>Tesis en opci\u00f3n al t\u00edtulo de M\u00e1ster en Manejo Integrado de Zonas Costeras. Universidad de Cienfuegos.<\/em> &#8212; <strong><em>(<a href=\"http:\/\/blogs.uo.edu.cu\/maestriacemzoc\/wp-content\/uploads\/sites\/38\/2022\/02\/2012.-Tesis_M-Yeslin-Justafre-Garcia.pdf\" target=\"_blank\" rel=\"noreferrer noopener\">Descargar<\/a>)<\/em><\/strong><\/p>\n\n\n\n<p>Arianna Garc\u00eda Chamero (2017). Evaluaci\u00f3n de micropl\u00e1sticos para el Manejo Integrado de Zonas Costeras de la Bah\u00eda de Cienfuegos. <em>Tesis en opci\u00f3n al t\u00edtulo de M\u00e1ster en Manejo Integrado de Zonas Costeras. Universidad de Cienfuegos.<\/em> &#8212; <strong><em>(<a href=\"http:\/\/blogs.uo.edu.cu\/maestriacemzoc\/wp-content\/uploads\/sites\/38\/2022\/02\/2017.-Tesis-completa-Arianna.pdf\" target=\"_blank\" rel=\"noreferrer noopener\">Descargar<\/a>)<\/em><\/strong><\/p>\n\n\n\n<p>Marileny Ramos Palenzuela (2017). Los estudios de percepci\u00f3n social en el fomento de la participaci\u00f3n p\u00fablica para el Manejo Integrado de Zonas Costeras (MIZC). <em>Tesis en opci\u00f3n al t\u00edtulo de M\u00e1ster en Manejo Integrado de Zonas Costeras. Universidad de Cienfuegos.<\/em> &#8212; <strong><em>(<a href=\"http:\/\/blogs.uo.edu.cu\/maestriacemzoc\/wp-content\/uploads\/sites\/38\/2022\/02\/2017.-TESIS-DE-MARILENY-MIZC-2.pdf\" target=\"_blank\" rel=\"noreferrer noopener\">Descargar<\/a>)<\/em><\/strong><\/p>\n","protected":false},"excerpt":{"rendered":"<p>Programa de Maestr\u00eda en Zonas Costeras coordinado por la Universidad de Cienfuegos. Jes\u00fas Manuel Rey Novoa (2003). La toma de decisiones para el manejo integrado de la bah\u00eda de Cienfuegos y cuencas tributarias. Tesis en opci\u00f3n al t\u00edtulo de M\u00e1ster<\/p>\n","protected":false},"author":35,"featured_media":0,"parent":25,"menu_order":0,"comment_status":"closed","ping_status":"closed","template":"","meta":{"sfsi_plus_gutenberg_text_before_share":"","sfsi_plus_gutenberg_show_text_before_share":"","sfsi_plus_gutenberg_icon_type":"","sfsi_plus_gutenberg_icon_alignemt":"","sfsi_plus_gutenburg_max_per_row":"","ngg_post_thumbnail":0,"_mc_calendar":[],"footnotes":""},"class_list":["post-798","page","type-page","status-publish","hentry"],"_links":{"self":[{"href":"https:\/\/blogs.uo.edu.cu\/maestriacemzoc\/wp-json\/wp\/v2\/pages\/798","targetHints":{"allow":["GET"]}}],"collection":[{"href":"https:\/\/blogs.uo.edu.cu\/maestriacemzoc\/wp-json\/wp\/v2\/pages"}],"about":[{"href":"https:\/\/blogs.uo.edu.cu\/maestriacemzoc\/wp-json\/wp\/v2\/types\/page"}],"author":[{"embeddable":true,"href":"https:\/\/blogs.uo.edu.cu\/maestriacemzoc\/wp-json\/wp\/v2\/users\/35"}],"replies":[{"embeddable":true,"href":"https:\/\/blogs.uo.edu.cu\/maestriacemzoc\/wp-json\/wp\/v2\/comments?post=798"}],"version-history":[{"count":4,"href":"https:\/\/blogs.uo.edu.cu\/maestriacemzoc\/wp-json\/wp\/v2\/pages\/798\/revisions"}],"predecessor-version":[{"id":941,"href":"https:\/\/blogs.uo.edu.cu\/maestriacemzoc\/wp-json\/wp\/v2\/pages\/798\/revisions\/941"}],"up":[{"embeddable":true,"href":"https:\/\/blogs.uo.edu.cu\/maestriacemzoc\/wp-json\/wp\/v2\/pages\/25"}],"wp:attachment":[{"href":"https:\/\/blogs.uo.edu.cu\/maestriacemzoc\/wp-json\/wp\/v2\/media?parent=798"}],"curies":[{"name":"wp","href":"https:\/\/api.w.org\/{rel}","templated":true}]}}