{"id":232,"date":"2018-05-25T08:29:43","date_gmt":"2018-05-25T08:29:43","guid":{"rendered":"http:\/\/localhost\/PatrimonioUO\/?page_id=232"},"modified":"2018-05-25T08:29:43","modified_gmt":"2018-05-25T08:29:43","slug":"juan-francisco-bosh-soto-cuqui","status":"publish","type":"page","link":"https:\/\/blogs.uo.edu.cu\/patrimonio\/nuestros-martires\/juan-francisco-bosh-soto-cuqui\/","title":{"rendered":"Juan Francisco Bosh Soto, Cuqui"},"content":{"rendered":"<p><img loading=\"lazy\" decoding=\"async\" class=\"alignnone size-medium wp-image-234 aligncenter\" src=\"http:\/\/localhost\/PatrimonioUO\/wp-content\/uploads\/2018\/05\/CCuqui-1-e1527236936349-300x295.jpg\" alt=\"\" width=\"300\" height=\"295\" \/><\/p>\n<p>&nbsp;<\/p>\n<p style=\"text-align: center\"><strong>JUAN FRANCISCO BOSCH SOTO (Cuqui)<\/strong><\/p>\n<p>Naci\u00f3 en Santiago de Cuba el 28 de enero del 1926. En el Instituto pasa sus primeras experiencias en las luchas estudiantiles. Fue continuador de las batallas emprendidas por Alfredo Yabur, para la construcci\u00f3n del nuevo edificio del Instituto que hoy lleva su nombre y contra los desmanes de los gobiernos aut\u00e9nticos. Se opuso al golpe militar de Batista el 10 de marzo de 1952, fue uno de los oradores en el mitin del parque C\u00e9spedes efectuado ese d\u00eda. En 1953 matricula en la Escuela de Derecho de la Universidad de Oriente y prosigue realizando actividades de oposici\u00f3n al r\u00e9gimen. Por mantener una actitud digna frente al r\u00e9gimen de facto fue detenido el 27 de febrero de 1958, es trasladado a las oficinas del Servicio de Inteligencia Militar en el Cuartel Moncada, donde sufri\u00f3 horribles torturas, destroz\u00e1ndolo a golpes, a consecuencia de los cuales muri\u00f3 el 5 de agosto de 1958. En su honor, el Instituto de Segunda Ense\u00f1anza de Santiago de Cuba lleva su nombre.<\/p>\n<p>&nbsp;<\/p>\n<p>&nbsp;<\/p>\n<p>&nbsp;<\/p>\n<p>&nbsp;<\/p>\n<p>&nbsp;<\/p>\n<p>&nbsp;<\/p>\n","protected":false},"excerpt":{"rendered":"<p>&nbsp; JUAN FRANCISCO BOSCH SOTO (Cuqui) Naci\u00f3 en Santiago de Cuba el 28 de enero del 1926. En el Instituto pasa sus primeras experiencias en las luchas estudiantiles. Fue continuador de las batallas emprendidas por Alfredo Yabur, para la construcci\u00f3n del nuevo edificio del Instituto que hoy lleva su nombre y contra los desmanes de [&hellip;]<\/p>\n","protected":false},"author":30,"featured_media":0,"parent":68,"menu_order":0,"comment_status":"closed","ping_status":"closed","template":"","meta":{"ngg_post_thumbnail":0,"footnotes":""},"class_list":["post-232","page","type-page","status-publish","czr-hentry"],"_links":{"self":[{"href":"https:\/\/blogs.uo.edu.cu\/patrimonio\/wp-json\/wp\/v2\/pages\/232","targetHints":{"allow":["GET"]}}],"collection":[{"href":"https:\/\/blogs.uo.edu.cu\/patrimonio\/wp-json\/wp\/v2\/pages"}],"about":[{"href":"https:\/\/blogs.uo.edu.cu\/patrimonio\/wp-json\/wp\/v2\/types\/page"}],"author":[{"embeddable":true,"href":"https:\/\/blogs.uo.edu.cu\/patrimonio\/wp-json\/wp\/v2\/users\/30"}],"replies":[{"embeddable":true,"href":"https:\/\/blogs.uo.edu.cu\/patrimonio\/wp-json\/wp\/v2\/comments?post=232"}],"version-history":[{"count":0,"href":"https:\/\/blogs.uo.edu.cu\/patrimonio\/wp-json\/wp\/v2\/pages\/232\/revisions"}],"up":[{"embeddable":true,"href":"https:\/\/blogs.uo.edu.cu\/patrimonio\/wp-json\/wp\/v2\/pages\/68"}],"wp:attachment":[{"href":"https:\/\/blogs.uo.edu.cu\/patrimonio\/wp-json\/wp\/v2\/media?parent=232"}],"curies":[{"name":"wp","href":"https:\/\/api.w.org\/{rel}","templated":true}]}}