{"id":389,"date":"2018-05-26T07:35:46","date_gmt":"2018-05-26T07:35:46","guid":{"rendered":"http:\/\/localhost\/PatrimonioUO\/?page_id=389"},"modified":"2019-04-24T14:43:40","modified_gmt":"2019-04-24T18:43:40","slug":"edificio-fundacional","status":"publish","type":"page","link":"https:\/\/blogs.uo.edu.cu\/patrimonio\/edificio-fundacional\/","title":{"rendered":"Edificio Fundacional"},"content":{"rendered":"<p><img loading=\"lazy\" decoding=\"async\" class=\"alignnone size-medium wp-image-382 aligncenter\" src=\"http:\/\/localhost\/PatrimonioUO\/wp-content\/uploads\/2018\/05\/DSC03091-300x225.jpg\" alt=\"\" width=\"300\" height=\"225\"><\/p>\n<p>&nbsp;<\/p>\n<p>Este inmueble fue el <em>primero del conjunto fundacional de la Universidad de Oriente y \u00fanico existente dentro de la caballer\u00eda de tierra adquirida en 1949 por las autoridades universitarias, el mismo fue construido en 1908 [&#8230;] destinado a Escuela de Artes y Oficios y levantado bajo la direcci\u00f3n t\u00e9cnica del ingeniero Joaqu\u00edn Chalons. Este edificio fue a\u00f1os m\u00e1s tarde abandonado, y lo ocup\u00f3 el Asilo Barcel\u00f3; por \u00faltimo fue Hospital Militar \u00abJoaqu\u00edn Castillo Duany<\/em>\u00ab.<a href=\"#_ftn1\" name=\"_ftnref1\">[1]<\/a><\/p>\n<p>Dicha construcci\u00f3n de sencilla influencia ecl\u00e9ctica, pose\u00eda una planta cuadrada y dos pisos, con estructura de muros de mampuesto y cuje, entrepiso de vigas de madera y la presencia de un entablamento. A partir de 1949, fue sometida a un intenso trabajo de remodelaci\u00f3n y reconstrucci\u00f3n, para su adaptaci\u00f3n a las nuevas necesidades de una instituci\u00f3n educativa. Los trabajos fueron realizados en poco tiempo y con escasos recursos, interviniendo de manera directa, profesores, trabajadores y alumnos, dirigidos por el Ingeniero Joaqu\u00edn V\u00e1zquez Alvarado. (Ver figura no. 31)<\/p>\n<p>En mayo de 1949 se realizaron trabajos de adecuaci\u00f3n en locales previstos para aulas, provistas y adaptadas para la docencia: de dibujo, algunas dedicadas a laboratorios, otras para la ense\u00f1anza general, radicando provisionalmente la Biblioteca en la segunda planta. La C\u00e1mara de Comercio y el Club Aponte hicieron donativos de dinero a la universidad y gracias a la ayuda recibida en esos momentos, la misma pudo continuar con los trabajos de ampliaci\u00f3n y terminaci\u00f3n de dicho edificio. (Ver figura no.32)<\/p>\n<p>El 31 de Marzo de 1950 se trasladan de la Escuela Profesional de Comercio, las oficinas de la Secretar\u00eda General, el Departamento de Relaciones Culturales y la Biblioteca, as\u00ed como todas las escuelas, excepto la de Ciencias Comerciales, lo cual se har\u00eda el curso siguiente. En ese mismo a\u00f1o se prev\u00e9 en dicho edificio la instauraci\u00f3n del Museo de Historia Natural, el Museo de Arqueolog\u00eda e Historia, el Gabinete de Geograf\u00eda y el Museo de Historia del Arte. (Los dos \u00faltimos no se llegaron a materializar) Los proyectos para una tercera planta sobre las dos naves laterales y para la reforma de las fachadas de este inmueble, fueron encargados al arquitecto Rodulfo Ibarra P\u00e9rez, seg\u00fan pudo corroborarse en los planos fechados 4 de enero de 1952, el primero y 24 de junio del mismo a\u00f1o, el segundo, aprobados por el entonces Rector de la Universidad de Oriente, Dr. Felipe Salcines Morlote, estas obras fueron ejecutadas por el contratista Sr. Serapio Prats Orta.<\/p>\n<p>Dichas obras implicaron la consolidaci\u00f3n del inmueble existente, el reforzamiento de la cimentaci\u00f3n y la inclusi\u00f3n de columnas, losas y vigas de hormig\u00f3n armado. El lenguaje propuesto fue el Monumental Moderno, respuesta arquitect\u00f3nica de la \u00e9poca para los temas de car\u00e1cter social y oficialistas, expresado en el \u00e9nfasis del acceso a trav\u00e9s de la escalinata central y el volumen techado sostenido por columnas circulares de gran esbeltez que jerarquizan la fachada principal del inmueble, la que se remata en su parte superior con el escudo de la Instituci\u00f3n, en forma circular que identifica a la Universidad de Oriente. (Ver figura no. 34 y planos hist\u00f3ricos en&nbsp; Ac\u00e1pite 4.2)<\/p>\n<p>A ambos lados del cuerpo central se desarrollan dos vol\u00famenes carentes de decoraci\u00f3n, las ventanas enmarcadas abarcan los tres niveles, en los que resalta su sobrio dise\u00f1o y que refuerzan la simetr\u00eda de la fachada principal. Por su parte en las fachadas laterales la soluci\u00f3n de los elementos de fenestraci\u00f3n marcan un ritmo regular, aunque se presentan de manera aislada. Predominan en esta edificaci\u00f3n los vol\u00famenes puros, aristas vivas, ausencia de decoraci\u00f3n que lo ubican dentro de los c\u00e1nones de la modernidad santiaguera. Los alrededores del inmueble fueron provistos de aceras anchas, tarea desarrollada por una cuadrilla de obras p\u00fablicas, la cual fue cedida por el Sr. Alcalde Lu\u00eds Casero Guill\u00e9n, convirti\u00e9ndose as\u00ed en edificio insignia de la Universidad de Oriente, no solo por haber sido el primero sino porque en \u00e9l radicar\u00eda el coraz\u00f3n del naciente centro de ense\u00f1anza superior. (Ver plano en Ac\u00e1pite 4.2)<\/p>\n<p>En el a\u00f1o 1952 el edificio se contaba: en el primer nivel, con la Direcci\u00f3n de la Escuela de Verano, el Sal\u00f3n de Profesores, la Oficina del Departamento de Psicolog\u00eda, los Laboratorios de Qu\u00edmica Org\u00e1nica, Inorg\u00e1nica y Anal\u00edtica, el Laboratorio de F\u00edsica, el Laboratorio de Qu\u00edmica- F\u00edsica, aulas de la carrera de Derecho, as\u00ed como el almac\u00e9n de los Laboratorios de Qu\u00edmica y \u00fatiles. En el segundo nivel se ubicaron las aulas de la carrera de Derecho, Filosof\u00eda y Ciencias Comerciales, el curso preuniversitario de la Escuela de Educaci\u00f3n, la oficina de la Secretaria General, el Laboratorio de Investigaciones Qu\u00edmicas \u201cJos\u00e9 Lu\u00eds Casaseca\u201d, la oficina del Departamento de Actividades Sociales y Publicidad. En el tercer nivel fueron ubicadas: la Escuela de Ingenier\u00eda, el Instituto de Idiomas, el aula de las carreras de Filosof\u00eda y Derecho, el Museo de Arqueolog\u00eda e Historia de Cuba, el Museo de Historia Natural y el local de la FEUO.(Ver figuras no. 22 y 23)<\/p>\n<p>Se observa en las \u00e1reas exteriores de este edificio un busto dedicado a Ra\u00fal Cepero Bonilla. En el tercer nivel, a la entrada del museo de Historia Natural, se encuentra una tarja dedicada al prestigioso naturalista, Charles Theodoro. Ramsden de la Torre, cuya familia hizo donaci\u00f3n de su colecci\u00f3n a la Universidad de Oriente. (Ver figura no. 35)<\/p>\n<p>En la actualidad alberga las Facultades de Derecho, Ciencias Naturales y Exactas, el Museo de Ciencias Naturales, la imprenta y dependencias de Meteorolog\u00eda.<\/p>\n<p>El estado de conservaci\u00f3n del inmueble de manera general es bueno, se observan muros con desprendimientos del mortero de recubrimiento, presencia de grietas y fisuras, as\u00ed como humedad en algunos de sus componentes. Sus elementos estructurales -columnas, losas y vigas-mantienen su capacidad&nbsp; portante. Se aprecian transformaciones en espacios interiores, debido a la realizaci\u00f3n de otras funciones, pero que son totalmente reversibles.<\/p>\n<p>&nbsp;<\/p>\n<p>&nbsp;<\/p>\n<p>&nbsp;<\/p>\n<p><strong>Fotos:<\/strong><\/p>\n<div id='gallery-1' class='czr-gallery row flex-row czr-gallery-style gallery galleryid-389 gallery-columns-3 gallery-size-thumbnail'><figure class='gallery-item col col-auto'>\r\n                        <div class='gallery-icon landscape czr-gallery-icon'>\r\n                              <a href=https:\/\/blogs.uo.edu.cu\/patrimonio\/dscn8499\/ class=\"bg-link\"><\/a><img loading=\"lazy\" decoding=\"async\" width=\"150\" height=\"150\" src=\"https:\/\/blogs.uo.edu.cu\/patrimonio\/wp-content\/uploads\/sites\/36\/2019\/04\/DSCN8499-150x150.jpg\" class=\"attachment-thumbnail size-thumbnail\" alt=\"\" sizes=\"auto, (min-width: 1200px) 255px, (min-width: 992px) 210px, (min-width: 576px) 150px, calc( 50vw - 30px )\" aria-describedby=\"gallery-1-1040\" srcset=\"https:\/\/blogs.uo.edu.cu\/patrimonio\/wp-content\/uploads\/sites\/36\/2019\/04\/DSCN8499-150x150.jpg 150w, https:\/\/blogs.uo.edu.cu\/patrimonio\/wp-content\/uploads\/sites\/36\/2019\/04\/DSCN8499-510x510.jpg 510w\" \/><div class=\"post-action btn btn-skin-dark-shaded inverted\"><a href=\"https:\/\/blogs.uo.edu.cu\/patrimonio\/wp-content\/uploads\/sites\/36\/2019\/04\/DSCN8499.jpg\" class=\"icn-expand\" data-lb-type=\"grouped-gallery\" title=\"Aula No. 35\"><\/a><\/div>\r\n                        <\/div>\r\n                              <figcaption class='wp-caption-text gallery-caption' id='gallery-1-1040'>\r\n                              Aula No. 35\r\n                              <\/figcaption><\/figure><figure class='gallery-item col col-auto'>\r\n                        <div class='gallery-icon landscape czr-gallery-icon'>\r\n                              <a href=https:\/\/blogs.uo.edu.cu\/patrimonio\/visita-de-pablo-casals-a-la-uo-15-de-febrero-1956\/ class=\"bg-link\"><\/a><img loading=\"lazy\" decoding=\"async\" width=\"150\" height=\"150\" src=\"https:\/\/blogs.uo.edu.cu\/patrimonio\/wp-content\/uploads\/sites\/36\/2019\/04\/Visita-de-Pablo-Casals-a-la-UO-15-de-Febrero-1956--150x150.jpg\" class=\"attachment-thumbnail size-thumbnail\" alt=\"\" sizes=\"auto, (min-width: 1200px) 255px, (min-width: 992px) 210px, (min-width: 576px) 150px, calc( 50vw - 30px )\" aria-describedby=\"gallery-1-1212\" srcset=\"https:\/\/blogs.uo.edu.cu\/patrimonio\/wp-content\/uploads\/sites\/36\/2019\/04\/Visita-de-Pablo-Casals-a-la-UO-15-de-Febrero-1956--150x150.jpg 150w, https:\/\/blogs.uo.edu.cu\/patrimonio\/wp-content\/uploads\/sites\/36\/2019\/04\/Visita-de-Pablo-Casals-a-la-UO-15-de-Febrero-1956--510x510.jpg 510w\" \/><div class=\"post-action btn btn-skin-dark-shaded inverted\"><a href=\"https:\/\/blogs.uo.edu.cu\/patrimonio\/wp-content\/uploads\/sites\/36\/2019\/04\/Visita-de-Pablo-Casals-a-la-UO-15-de-Febrero-1956-.jpg\" class=\"icn-expand\" data-lb-type=\"grouped-gallery\" title=\"Visita de Pablo Casals a la UO el 15 de febrero de 1956\"><\/a><\/div>\r\n                        <\/div>\r\n                              <figcaption class='wp-caption-text gallery-caption' id='gallery-1-1212'>\r\n                              Visita de Pablo Casals a la UO el 15 de febrero de 1956\r\n                              <\/figcaption><\/figure><figure class='gallery-item col col-auto'>\r\n                        <div class='gallery-icon landscape czr-gallery-icon'>\r\n                              <a href=https:\/\/blogs.uo.edu.cu\/patrimonio\/img_3900\/ class=\"bg-link\"><\/a><img loading=\"lazy\" decoding=\"async\" width=\"150\" height=\"150\" src=\"https:\/\/blogs.uo.edu.cu\/patrimonio\/wp-content\/uploads\/sites\/36\/2019\/04\/IMG_3900-150x150.jpg\" class=\"attachment-thumbnail size-thumbnail\" alt=\"\" sizes=\"auto, (min-width: 1200px) 255px, (min-width: 992px) 210px, (min-width: 576px) 150px, calc( 50vw - 30px )\" aria-describedby=\"gallery-1-1212\" srcset=\"https:\/\/blogs.uo.edu.cu\/patrimonio\/wp-content\/uploads\/sites\/36\/2019\/04\/IMG_3900-150x150.jpg 150w, https:\/\/blogs.uo.edu.cu\/patrimonio\/wp-content\/uploads\/sites\/36\/2019\/04\/IMG_3900-510x510.jpg 510w\" \/><div class=\"post-action btn btn-skin-dark-shaded inverted\"><a href=\"https:\/\/blogs.uo.edu.cu\/patrimonio\/wp-content\/uploads\/sites\/36\/2019\/04\/IMG_3900.jpg\" class=\"icn-expand\" data-lb-type=\"grouped-gallery\"><\/a><\/div>\r\n                        <\/div><\/figure><figure class='gallery-item col col-auto'>\r\n                        <div class='gallery-icon landscape czr-gallery-icon'>\r\n                              <a href=https:\/\/blogs.uo.edu.cu\/patrimonio\/dsc03100\/ class=\"bg-link\"><\/a><img loading=\"lazy\" decoding=\"async\" width=\"150\" height=\"150\" src=\"https:\/\/blogs.uo.edu.cu\/patrimonio\/wp-content\/uploads\/sites\/36\/2019\/04\/DSC03100-150x150.jpg\" class=\"attachment-thumbnail size-thumbnail\" alt=\"\" sizes=\"auto, (min-width: 1200px) 255px, (min-width: 992px) 210px, (min-width: 576px) 150px, calc( 50vw - 30px )\" aria-describedby=\"gallery-1-1212\" srcset=\"https:\/\/blogs.uo.edu.cu\/patrimonio\/wp-content\/uploads\/sites\/36\/2019\/04\/DSC03100-150x150.jpg 150w, https:\/\/blogs.uo.edu.cu\/patrimonio\/wp-content\/uploads\/sites\/36\/2019\/04\/DSC03100-510x510.jpg 510w\" \/><div class=\"post-action btn btn-skin-dark-shaded inverted\"><a href=\"https:\/\/blogs.uo.edu.cu\/patrimonio\/wp-content\/uploads\/sites\/36\/2019\/04\/DSC03100.jpg\" class=\"icn-expand\" data-lb-type=\"grouped-gallery\"><\/a><\/div>\r\n                        <\/div><\/figure><figure class='gallery-item col col-auto'>\r\n                        <div class='gallery-icon landscape czr-gallery-icon'>\r\n                              <a href=https:\/\/blogs.uo.edu.cu\/patrimonio\/dsc03097\/ class=\"bg-link\"><\/a><img loading=\"lazy\" decoding=\"async\" width=\"150\" height=\"150\" src=\"https:\/\/blogs.uo.edu.cu\/patrimonio\/wp-content\/uploads\/sites\/36\/2019\/04\/DSC03097-150x150.jpg\" class=\"attachment-thumbnail size-thumbnail\" alt=\"\" sizes=\"auto, (min-width: 1200px) 255px, (min-width: 992px) 210px, (min-width: 576px) 150px, calc( 50vw - 30px )\" aria-describedby=\"gallery-1-1212\" srcset=\"https:\/\/blogs.uo.edu.cu\/patrimonio\/wp-content\/uploads\/sites\/36\/2019\/04\/DSC03097-150x150.jpg 150w, https:\/\/blogs.uo.edu.cu\/patrimonio\/wp-content\/uploads\/sites\/36\/2019\/04\/DSC03097-510x510.jpg 510w\" \/><div class=\"post-action btn btn-skin-dark-shaded inverted\"><a href=\"https:\/\/blogs.uo.edu.cu\/patrimonio\/wp-content\/uploads\/sites\/36\/2019\/04\/DSC03097.jpg\" class=\"icn-expand\" data-lb-type=\"grouped-gallery\"><\/a><\/div>\r\n                        <\/div><\/figure><figure class='gallery-item col col-auto'>\r\n                        <div class='gallery-icon landscape czr-gallery-icon'>\r\n                              <a href=https:\/\/blogs.uo.edu.cu\/patrimonio\/dsc03091\/ class=\"bg-link\"><\/a><img loading=\"lazy\" decoding=\"async\" width=\"150\" height=\"150\" src=\"https:\/\/blogs.uo.edu.cu\/patrimonio\/wp-content\/uploads\/sites\/36\/2019\/04\/DSC03091-150x150.jpg\" class=\"attachment-thumbnail size-thumbnail\" alt=\"\" sizes=\"auto, (min-width: 1200px) 255px, (min-width: 992px) 210px, (min-width: 576px) 150px, calc( 50vw - 30px )\" aria-describedby=\"gallery-1-1212\" srcset=\"https:\/\/blogs.uo.edu.cu\/patrimonio\/wp-content\/uploads\/sites\/36\/2019\/04\/DSC03091-150x150.jpg 150w, https:\/\/blogs.uo.edu.cu\/patrimonio\/wp-content\/uploads\/sites\/36\/2019\/04\/DSC03091-510x510.jpg 510w\" \/><div class=\"post-action btn btn-skin-dark-shaded inverted\"><a href=\"https:\/\/blogs.uo.edu.cu\/patrimonio\/wp-content\/uploads\/sites\/36\/2019\/04\/DSC03091.jpg\" class=\"icn-expand\" data-lb-type=\"grouped-gallery\"><\/a><\/div>\r\n                        <\/div><\/figure>\r\n                  <\/div>\n\n","protected":false},"excerpt":{"rendered":"<p>&nbsp; Este inmueble fue el primero del conjunto fundacional de la Universidad de Oriente y \u00fanico existente dentro de la caballer\u00eda de tierra adquirida en 1949 por las autoridades universitarias, el mismo fue construido en 1908 [&#8230;] destinado a Escuela de Artes y Oficios y levantado bajo la direcci\u00f3n t\u00e9cnica del ingeniero Joaqu\u00edn Chalons. Este [&hellip;]<\/p>\n","protected":false},"author":30,"featured_media":0,"parent":0,"menu_order":0,"comment_status":"closed","ping_status":"closed","template":"","meta":{"ngg_post_thumbnail":0,"footnotes":""},"class_list":["post-389","page","type-page","status-publish","czr-hentry"],"_links":{"self":[{"href":"https:\/\/blogs.uo.edu.cu\/patrimonio\/wp-json\/wp\/v2\/pages\/389","targetHints":{"allow":["GET"]}}],"collection":[{"href":"https:\/\/blogs.uo.edu.cu\/patrimonio\/wp-json\/wp\/v2\/pages"}],"about":[{"href":"https:\/\/blogs.uo.edu.cu\/patrimonio\/wp-json\/wp\/v2\/types\/page"}],"author":[{"embeddable":true,"href":"https:\/\/blogs.uo.edu.cu\/patrimonio\/wp-json\/wp\/v2\/users\/30"}],"replies":[{"embeddable":true,"href":"https:\/\/blogs.uo.edu.cu\/patrimonio\/wp-json\/wp\/v2\/comments?post=389"}],"version-history":[{"count":1,"href":"https:\/\/blogs.uo.edu.cu\/patrimonio\/wp-json\/wp\/v2\/pages\/389\/revisions"}],"predecessor-version":[{"id":1251,"href":"https:\/\/blogs.uo.edu.cu\/patrimonio\/wp-json\/wp\/v2\/pages\/389\/revisions\/1251"}],"wp:attachment":[{"href":"https:\/\/blogs.uo.edu.cu\/patrimonio\/wp-json\/wp\/v2\/media?parent=389"}],"curies":[{"name":"wp","href":"https:\/\/api.w.org\/{rel}","templated":true}]}}