{"id":511,"date":"2018-05-27T02:10:01","date_gmt":"2018-05-27T02:10:01","guid":{"rendered":"http:\/\/localhost\/PatrimonioUO\/?page_id=511"},"modified":"2019-04-23T15:40:53","modified_gmt":"2019-04-23T19:40:53","slug":"cancha-mambisa","status":"publish","type":"page","link":"https:\/\/blogs.uo.edu.cu\/patrimonio\/cancha-mambisa\/","title":{"rendered":"Cancha Mambisa"},"content":{"rendered":"<p>Desde la fundaci\u00f3n de la Universidad de Oriente, qued\u00f3 definida con toda precisi\u00f3n, la extraordinaria importancia y responsabilidad de la Educaci\u00f3n F\u00edsica para formar individuos f\u00edsicamente aptos, f\u00edsicamente capaces, desarrollando h\u00e1bitos permanentes y destrezas en relaci\u00f3n con su salud f\u00edsica y mental. El art\u00edculo 8 de los estatutos de la Universidad de Oriente dice textualmente: \u00abLa Universidad de Oriente velar\u00e1 con todo celo por la Educaci\u00f3n Moral y C\u00edvica de sus alumnos tambi\u00e9n proporcionar\u00e1 a estos, la educaci\u00f3n F\u00edsica necesaria para la salud individual.\u201d<sup>6 <\/sup>De esta manera estimula y alienta a los estudiantes a la pr\u00e1ctica de deportes como el voleibol, basketball, baseball, tenis, lucha y otros.<\/p>\n<p>En los alrededores del Edificio Central, se encontraba un terreno completamente accidentado, el cual se acondicion\u00f3 como campo de deportes para dar respuesta a estas necesidades y el 22 de octubre de 1952 fue inaugurada la cancha deportiva (Cancha Mambisa), con una placa de concreto de 750 metros de largo por 30 metros de ancho; tambi\u00e9n se inclu\u00eda en el \u00e1rea de deportes el campo de <em>Baseball<\/em> y de <em>Softball, <\/em>inici\u00e1ndose la construcci\u00f3n del Gimnasio Mamb<em>\u00ed. <\/em>En noviembre de 1954 la Compa\u00f1\u00eda Cubana de Electricidad, dona unas columnas de hierro para la iluminaci\u00f3n del campo de deportes, en diciembre de ese mismo a\u00f1o se aprueba un cr\u00e9dito por la cantidad de 482.85 pesos, con el fin de adquirir los materiales para llevar a cabo dicha iluminaci\u00f3n, en este mismo mes se inician los trabajos. Es un sistema de torres met\u00e1licas ornamentales, las cuales sostienen 4 guirnaldas y un total de 20 l\u00e1mparas que iluminan la Cancha.<\/p>\n<p>El 19 de febrero de 1955 fue inaugurada la iluminaci\u00f3n de la Cancha con un programa deportivo art\u00edstico. A lo largo de todo este per\u00edodo la Cancha fue centro de las principales actividades de la universidad, donde se efectuaron graduaciones universitarias, actos solemnes en recordaci\u00f3n a fechas hist\u00f3ricas, festivales culturales y deportivos as\u00ed como diversas actividades de car\u00e1cter recreativo.<\/p>\n<p>La historia de la Cancha Mambisa es parte de la historia de la Universidad, en ella recibieron clases de Educaci\u00f3n F\u00edsica y practicaron deportes personalidades de la patria como Vilma Esp\u00edn y Asela de los Santos, entre otros y, adem\u00e1s, se siente permanentemente la presencia del \u201cGuerrillero Heroico\u201d Ernesto \u201cChe\u201d Guevara. Fue uno de los principales sitios en los que Fidel sosten\u00eda encuentros con la comunidad universitaria y con los vecinos de la zona. Fue la Cancha escenario de una de las tradiciones de la Universidad que consist\u00eda en La fogata mambisa al concluir las actividades que en ella se realizaban.<\/p>\n<p>&nbsp;<\/p>\n<p><strong>Fotos:<\/strong><\/p>\n<div id='gallery-1' class='czr-gallery row flex-row czr-gallery-style gallery galleryid-511 gallery-columns-3 gallery-size-thumbnail'><figure class='gallery-item col col-auto'>\r\n                        <div class='gallery-icon landscape czr-gallery-icon'>\r\n                              <a href=https:\/\/blogs.uo.edu.cu\/patrimonio\/cancha\/ class=\"bg-link\"><\/a><img loading=\"lazy\" decoding=\"async\" width=\"150\" height=\"150\" src=\"https:\/\/blogs.uo.edu.cu\/patrimonio\/wp-content\/uploads\/sites\/36\/2019\/04\/cancha-150x150.jpg\" class=\"attachment-thumbnail size-thumbnail\" alt=\"\" sizes=\"auto, (min-width: 1200px) 255px, (min-width: 992px) 210px, (min-width: 576px) 150px, calc( 50vw - 30px )\" aria-describedby=\"gallery-1-929\" srcset=\"https:\/\/blogs.uo.edu.cu\/patrimonio\/wp-content\/uploads\/sites\/36\/2019\/04\/cancha-150x150.jpg 150w, https:\/\/blogs.uo.edu.cu\/patrimonio\/wp-content\/uploads\/sites\/36\/2019\/04\/cancha-510x510.jpg 510w\" \/><div class=\"post-action btn btn-skin-dark-shaded inverted\"><a href=\"https:\/\/blogs.uo.edu.cu\/patrimonio\/wp-content\/uploads\/sites\/36\/2019\/04\/cancha.jpg\" class=\"icn-expand\" data-lb-type=\"grouped-gallery\" title=\"Vista aerea de la cancha\"><\/a><\/div>\r\n                        <\/div>\r\n                              <figcaption class='wp-caption-text gallery-caption' id='gallery-1-929'>\r\n                              Vista aerea de la cancha\r\n                              <\/figcaption><\/figure><figure class='gallery-item col col-auto'>\r\n                        <div class='gallery-icon landscape czr-gallery-icon'>\r\n                              <a href=https:\/\/blogs.uo.edu.cu\/patrimonio\/deportevieja1\/ class=\"bg-link\"><\/a><img loading=\"lazy\" decoding=\"async\" width=\"150\" height=\"150\" src=\"https:\/\/blogs.uo.edu.cu\/patrimonio\/wp-content\/uploads\/sites\/36\/2019\/04\/DeporteVieja1-150x150.jpg\" class=\"attachment-thumbnail size-thumbnail\" alt=\"\" sizes=\"auto, (min-width: 1200px) 255px, (min-width: 992px) 210px, (min-width: 576px) 150px, calc( 50vw - 30px )\" aria-describedby=\"gallery-1-997\" \/><div class=\"post-action btn btn-skin-dark-shaded inverted\"><a href=\"https:\/\/blogs.uo.edu.cu\/patrimonio\/wp-content\/uploads\/sites\/36\/2019\/04\/DeporteVieja1.jpg\" class=\"icn-expand\" data-lb-type=\"grouped-gallery\" title=\"Juegos Deportivos\"><\/a><\/div>\r\n                        <\/div>\r\n                              <figcaption class='wp-caption-text gallery-caption' id='gallery-1-997'>\r\n                              Juegos Deportivos\r\n                              <\/figcaption><\/figure><figure class='gallery-item col col-auto'>\r\n                        <div class='gallery-icon landscape czr-gallery-icon'>\r\n                              <a href=https:\/\/blogs.uo.edu.cu\/patrimonio\/deportevieja2\/ class=\"bg-link\"><\/a><img loading=\"lazy\" decoding=\"async\" width=\"150\" height=\"150\" src=\"https:\/\/blogs.uo.edu.cu\/patrimonio\/wp-content\/uploads\/sites\/36\/2019\/04\/DeporteVieja2-150x150.jpg\" class=\"attachment-thumbnail size-thumbnail\" alt=\"\" sizes=\"auto, (min-width: 1200px) 255px, (min-width: 992px) 210px, (min-width: 576px) 150px, calc( 50vw - 30px )\" aria-describedby=\"gallery-1-998\" \/><div class=\"post-action btn btn-skin-dark-shaded inverted\"><a href=\"https:\/\/blogs.uo.edu.cu\/patrimonio\/wp-content\/uploads\/sites\/36\/2019\/04\/DeporteVieja2.jpg\" class=\"icn-expand\" data-lb-type=\"grouped-gallery\" title=\"Juegos Mambises\"><\/a><\/div>\r\n                        <\/div>\r\n                              <figcaption class='wp-caption-text gallery-caption' id='gallery-1-998'>\r\n                              Juegos Mambises\r\n                              <\/figcaption><\/figure><figure class='gallery-item col col-auto'>\r\n                        <div class='gallery-icon portrait czr-gallery-icon'>\r\n                              <a href=https:\/\/blogs.uo.edu.cu\/patrimonio\/escanear00360\/ class=\"bg-link\"><\/a><img loading=\"lazy\" decoding=\"async\" width=\"150\" height=\"150\" src=\"https:\/\/blogs.uo.edu.cu\/patrimonio\/wp-content\/uploads\/sites\/36\/2019\/04\/escanear00360-150x150.jpg\" class=\"attachment-thumbnail size-thumbnail\" alt=\"\" sizes=\"auto, (min-width: 1200px) 255px, (min-width: 992px) 210px, (min-width: 576px) 150px, calc( 50vw - 30px )\" aria-describedby=\"gallery-1-998\" srcset=\"https:\/\/blogs.uo.edu.cu\/patrimonio\/wp-content\/uploads\/sites\/36\/2019\/04\/escanear00360-150x150.jpg 150w, https:\/\/blogs.uo.edu.cu\/patrimonio\/wp-content\/uploads\/sites\/36\/2019\/04\/escanear00360-510x510.jpg 510w\" \/><div class=\"post-action btn btn-skin-dark-shaded inverted\"><a href=\"https:\/\/blogs.uo.edu.cu\/patrimonio\/wp-content\/uploads\/sites\/36\/2019\/04\/escanear00360.jpg\" class=\"icn-expand\" data-lb-type=\"grouped-gallery\"><\/a><\/div>\r\n                        <\/div><\/figure><figure class='gallery-item col col-auto'>\r\n                        <div class='gallery-icon landscape czr-gallery-icon'>\r\n                              <a href=https:\/\/blogs.uo.edu.cu\/patrimonio\/eleccion-estrella-del-carnaval-de-la-uo-1962\/ class=\"bg-link\"><\/a><img loading=\"lazy\" decoding=\"async\" width=\"150\" height=\"150\" src=\"https:\/\/blogs.uo.edu.cu\/patrimonio\/wp-content\/uploads\/sites\/36\/2019\/04\/Eleccion-Estrella-del-Carnaval-de-la-UO-1962-150x150.jpg\" class=\"attachment-thumbnail size-thumbnail\" alt=\"\" sizes=\"auto, (min-width: 1200px) 255px, (min-width: 992px) 210px, (min-width: 576px) 150px, calc( 50vw - 30px )\" aria-describedby=\"gallery-1-1043\" srcset=\"https:\/\/blogs.uo.edu.cu\/patrimonio\/wp-content\/uploads\/sites\/36\/2019\/04\/Eleccion-Estrella-del-Carnaval-de-la-UO-1962-150x150.jpg 150w, https:\/\/blogs.uo.edu.cu\/patrimonio\/wp-content\/uploads\/sites\/36\/2019\/04\/Eleccion-Estrella-del-Carnaval-de-la-UO-1962-510x510.jpg 510w\" \/><div class=\"post-action btn btn-skin-dark-shaded inverted\"><a href=\"https:\/\/blogs.uo.edu.cu\/patrimonio\/wp-content\/uploads\/sites\/36\/2019\/04\/Eleccion-Estrella-del-Carnaval-de-la-UO-1962.jpg\" class=\"icn-expand\" data-lb-type=\"grouped-gallery\" title=\"Elecci\u00f3n Estrella del Carnaval de la UO 1962\"><\/a><\/div>\r\n                        <\/div>\r\n                              <figcaption class='wp-caption-text gallery-caption' id='gallery-1-1043'>\r\n                              Elecci\u00f3n Estrella del Carnaval de la UO 1962\r\n                              <\/figcaption><\/figure>\r\n                  <\/div>\n\n","protected":false},"excerpt":{"rendered":"<p>Desde la fundaci\u00f3n de la Universidad de Oriente, qued\u00f3 definida con toda precisi\u00f3n, la extraordinaria importancia y responsabilidad de la Educaci\u00f3n F\u00edsica para formar individuos f\u00edsicamente aptos, f\u00edsicamente capaces, desarrollando h\u00e1bitos permanentes y destrezas en relaci\u00f3n con su salud f\u00edsica y mental. El art\u00edculo 8 de los estatutos de la Universidad de Oriente dice textualmente: [&hellip;]<\/p>\n","protected":false},"author":30,"featured_media":0,"parent":0,"menu_order":0,"comment_status":"closed","ping_status":"closed","template":"","meta":{"ngg_post_thumbnail":0,"footnotes":""},"class_list":["post-511","page","type-page","status-publish","czr-hentry"],"_links":{"self":[{"href":"https:\/\/blogs.uo.edu.cu\/patrimonio\/wp-json\/wp\/v2\/pages\/511","targetHints":{"allow":["GET"]}}],"collection":[{"href":"https:\/\/blogs.uo.edu.cu\/patrimonio\/wp-json\/wp\/v2\/pages"}],"about":[{"href":"https:\/\/blogs.uo.edu.cu\/patrimonio\/wp-json\/wp\/v2\/types\/page"}],"author":[{"embeddable":true,"href":"https:\/\/blogs.uo.edu.cu\/patrimonio\/wp-json\/wp\/v2\/users\/30"}],"replies":[{"embeddable":true,"href":"https:\/\/blogs.uo.edu.cu\/patrimonio\/wp-json\/wp\/v2\/comments?post=511"}],"version-history":[{"count":2,"href":"https:\/\/blogs.uo.edu.cu\/patrimonio\/wp-json\/wp\/v2\/pages\/511\/revisions"}],"predecessor-version":[{"id":1236,"href":"https:\/\/blogs.uo.edu.cu\/patrimonio\/wp-json\/wp\/v2\/pages\/511\/revisions\/1236"}],"wp:attachment":[{"href":"https:\/\/blogs.uo.edu.cu\/patrimonio\/wp-json\/wp\/v2\/media?parent=511"}],"curies":[{"name":"wp","href":"https:\/\/api.w.org\/{rel}","templated":true}]}}