{"id":191,"date":"2018-10-26T13:36:10","date_gmt":"2018-10-26T13:36:10","guid":{"rendered":"http:\/\/blogs.uo.edu.cu\/rdt\/?page_id=191"},"modified":"2018-11-05T20:59:52","modified_gmt":"2018-11-05T20:59:52","slug":"proyectos","status":"publish","type":"page","link":"https:\/\/blogs.uo.edu.cu\/rdt\/proyectos\/","title":{"rendered":"Educaci\u00f3n F\u00edsica"},"content":{"rendered":"<h6><strong>T\u00cdTULO DEL PROGRAMA:<\/strong> APN Deporte y Desarrollo Humano.<\/h6>\n<h6>L\u00ednea de la UO: Perfeccionamiento de los procesos formativos educacionales.<\/h6>\n<h6>Sub-l\u00ednea: Deporte para todos en funci\u00f3n del desarrollo local.<\/h6>\n<h6><strong>T\u00cdTULO DEL PROYECTO: <\/strong>Educaci\u00f3n F\u00edsica con todos y para todos.<\/h6>\n<h6><strong>CLASIFICACI\u00d3N DEL PROYECTO:<\/strong> I+D+I(Aplicada, desarrollo, de innovaci\u00f3n y de Formaci\u00f3n de Recursos Humanos.<\/h6>\n<h6><strong>PRIORIDAD NACIONAL A LA QUE RESPONDE: <\/strong>A las l\u00edneas del Programa Nacional \u201cDesarrollo Humano y Deporte para todos\u201d. Responde a la necesidad de elevar la eficiencia de la Educaci\u00f3n F\u00edsica, el deporte para todos y al Recreaci\u00f3n a partir de las exigencias contempor\u00e1neas, propiciando un aprendizaje desarrollador, transformador, flexible, teniendo en cuenta las necesidades reales que se presentan en la actividad.<\/h6>\n<h1><\/h1>\n<h1><\/h1>\n<p><a href=\"http:\/\/blogs.uo.edu.cu\/rdt\/wp-content\/uploads\/sites\/25\/2018\/10\/Educaci%C3%B3n-F%C3%ADsica-con-todos-y-para-todos.pdf\" target=\"_blank\" rel=\"noopener\"><img loading=\"lazy\" decoding=\"async\" class=\"alignnone wp-image-1117 size-full\" src=\"http:\/\/blogs.uo.edu.cu\/rdt\/wp-content\/uploads\/sites\/25\/2018\/11\/icono-PDF-150x150.png\" alt=\"\" width=\"150\" height=\"150\" \/><\/a><\/p>\n","protected":false},"excerpt":{"rendered":"<p>T\u00cdTULO DEL PROGRAMA: APN Deporte y Desarrollo Humano. L\u00ednea de la UO: Perfeccionamiento de los procesos formativos educacionales. Sub-l\u00ednea: Deporte para todos en funci\u00f3n del desarrollo local. T\u00cdTULO DEL PROYECTO: Educaci\u00f3n F\u00edsica con todos y para todos. CLASIFICACI\u00d3N DEL PROYECTO:<\/p>\n","protected":false},"author":22,"featured_media":0,"parent":0,"menu_order":0,"comment_status":"closed","ping_status":"closed","template":"","meta":{"ngg_post_thumbnail":0,"footnotes":""},"class_list":["post-191","page","type-page","status-publish","hentry"],"_links":{"self":[{"href":"https:\/\/blogs.uo.edu.cu\/rdt\/wp-json\/wp\/v2\/pages\/191","targetHints":{"allow":["GET"]}}],"collection":[{"href":"https:\/\/blogs.uo.edu.cu\/rdt\/wp-json\/wp\/v2\/pages"}],"about":[{"href":"https:\/\/blogs.uo.edu.cu\/rdt\/wp-json\/wp\/v2\/types\/page"}],"author":[{"embeddable":true,"href":"https:\/\/blogs.uo.edu.cu\/rdt\/wp-json\/wp\/v2\/users\/22"}],"replies":[{"embeddable":true,"href":"https:\/\/blogs.uo.edu.cu\/rdt\/wp-json\/wp\/v2\/comments?post=191"}],"version-history":[{"count":13,"href":"https:\/\/blogs.uo.edu.cu\/rdt\/wp-json\/wp\/v2\/pages\/191\/revisions"}],"predecessor-version":[{"id":862,"href":"https:\/\/blogs.uo.edu.cu\/rdt\/wp-json\/wp\/v2\/pages\/191\/revisions\/862"}],"wp:attachment":[{"href":"https:\/\/blogs.uo.edu.cu\/rdt\/wp-json\/wp\/v2\/media?parent=191"}],"curies":[{"name":"wp","href":"https:\/\/api.w.org\/{rel}","templated":true}]}}