{"id":40,"date":"2020-07-16T16:22:35","date_gmt":"2020-07-16T14:22:35","guid":{"rendered":"http:\/\/blogs.uo.edu.cu\/vlir\/?page_id=40"},"modified":"2021-03-17T17:49:41","modified_gmt":"2021-03-17T16:49:41","slug":"p2-tecnologias-y-servicios-para-la-salud","status":"publish","type":"page","link":"https:\/\/blogs.uo.edu.cu\/vlir\/p2-tecnologias-y-servicios-para-la-salud\/","title":{"rendered":"P2 Tecnolog\u00edas y servicios para la salud"},"content":{"rendered":"\n<h1 class=\"wp-block-heading\">Tecnolog\u00edas y servicios biom\u00e9dicos para mejorar la asistencia m\u00e9dica en la regi\u00f3n este de Cuba.<\/h1>\n\n\n\n<p><strong>Objetivo general: <\/strong>Incrementar el desarrollo tecnol\u00f3gico de  equipos y software m\u00e9dico en la regi\u00f3n oriental de Cuba (acad\u00e9mico).  Incrementar las aplicaciones y el impacto de la tecnolog\u00eda cubana de  salud en la regi\u00f3n oriental de Cuba (de desarrollo).<\/p>\n\n\n\n<div class=\"wp-block-media-text alignwide is-stacked-on-mobile\" style=\"grid-template-columns:24% auto\"><figure class=\"wp-block-media-text__media\"><img fetchpriority=\"high\" decoding=\"async\" width=\"229\" height=\"220\" src=\"https:\/\/blogs.uo.edu.cu\/vlir\/wp-content\/uploads\/sites\/50\/2021\/03\/4.png\" alt=\"\" class=\"wp-image-344 size-full\" \/><\/figure><div class=\"wp-block-media-text__content\">\n<p class=\"has-small-font-size\"><strong>Jefe Proyecto Belga:\u00a0<\/strong>Jef Vandemeulebroucke, PhD |<strong>E -mail:<\/strong><a href=\"mailto:jefvdmb@etrovub.be\">jefvdmb@etrovub.be<\/a><\/p>\n<\/div><\/div>\n\n\n\n<div class=\"wp-block-media-text alignwide is-stacked-on-mobile\" style=\"grid-template-columns:23% auto\"><figure class=\"wp-block-media-text__media\"><img decoding=\"async\" width=\"158\" height=\"162\" src=\"https:\/\/blogs.uo.edu.cu\/vlir\/wp-content\/uploads\/sites\/50\/2021\/03\/3.png\" alt=\"\" class=\"wp-image-345 size-full\" \/><\/figure><div class=\"wp-block-media-text__content\">\n<p class=\"has-small-font-size\"><strong>Jefe Proyecto Cubano:<\/strong>\u00a0Juan Carlos Garc\u00eda Naranjo, PhD |<strong>E-mail:<\/strong><a href=\"mailto:sbesuo@vlir.uo.edu.cu\">sbesuo@vlir.uo.edu.cu<\/a><\/p>\n<\/div><\/div>\n\n\n\n<p><\/p>\n\n\n\n<p><strong><strong>Objetivos espec\u00edficos:<\/strong><\/strong>  <\/p>\n\n\n\n<ul class=\"wp-block-list\"><li>Incrementar  la formaci\u00f3n de grado y postgrado de recursos humanos en el  campo de  las im\u00e1genes m\u00e9dicas y el procesamiento de Biose\u00f1ales en la  regi\u00f3n  oriental de Cuba. <\/li><li>Incrementar la  infraestructura para la docencia y el procesamiento  digital de im\u00e1genes  m\u00e9dicas y Biose\u00f1ales en al regi\u00f3n oriental de Cuba. <\/li><li>Incrementar los  resultados acad\u00e9micos relacionados con las im\u00e1genes  biom\u00e9dicas y el  procesamiento digital de Biose\u00f1ales en la regi\u00f3n  oriental de Cuba. <\/li><li>Soportar las  aplicaciones de resultados acad\u00e9micos relacionados con las  im\u00e1genes  biom\u00e9dicas y el procesamiento digital de se\u00f1ales en la regi\u00f3n  oriental  de Cuba. <\/li><\/ul>\n\n\n\n<p><strong><strong>Resultados esperados:<\/strong><\/strong><\/p>\n\n\n\n<p> El sistema de salud cubano garantiza una cobertura a toda la poblaci\u00f3n  del pa\u00eds. Sin embargo, como en todo pa\u00eds en desarrollo,\u00a0 tiene una  dependencia expl\u00edcita de los pa\u00edses desarrollados con respecto a la  tecnolog\u00eda m\u00e9dica. Por ello, Cuba necesita incrementar la investigaci\u00f3n,  el desarrollo tecnol\u00f3gico y la formaci\u00f3n de recursos humanos en este  sector para construir una industria autosuficiente.\u00a0 El proyecto  beneficiar\u00e1 la infraestructura y las actividades de investigaci\u00f3n que se  realizan en la Universidad de Oriente en el campo de los equipos  m\u00e9dicos, las instituciones de salud y la poblaci\u00f3n de la regi\u00f3n oriental  de Cuba, as\u00ed como las habilidades del personal especializado que  manipula la tecnolog\u00eda m\u00e9dica en esta \u00e1rea geogr\u00e1fica. <\/p>\n\n\n\n<p><strong>MIEMBROS DEL EQUIPO POR LA PARTE NORTE<\/strong><\/p>\n\n\n\n<figure class=\"wp-block-table\"><table><tbody><tr><td>Sahli, Hichem<\/td><td>Vrije Universiteit Brussel<\/td><td>PhD, Prof Computer Vision &amp; machine learning<\/td><\/tr><tr><td>Jansen, Bart<\/td><td>Vrije Universiteit Brussel<\/td><td>PhD, Prof, Bio-engineering, Image processing &amp; Machine learning<\/td><\/tr><tr><td>Stiens, Johan<\/td><td>Vrije Universiteit Brussel<\/td><td>PhD, Prof, Bio-engineering, sensors development<\/td><\/tr><tr><td>Danielem Marinazzo<\/td><td>University of Ghent<\/td><td>PHD, Prof. EEG, Data Analytics<\/td><\/tr><tr><td>Nagels Guy<\/td><td>Vrije Universiteit Brussel<\/td><td>PHD, Prof. Medical Doctor, neurology, rehabilitation medicine, medical data management<\/td><\/tr><tr><td>VAN SCHEPENDOM, Jeroen<\/td><td>Vrije Universiteit Brussel<\/td><td>PhD, &nbsp;cognitive impairment<\/td><\/tr><tr><td>Philipp\u00e9, Jan<\/td><td>University of Ghent<\/td><td>MD, Prof, PhD\/Hematology<\/td><\/tr><tr><td>Rigo, Jean Michel<\/td><td>Hasseltt University<\/td><td>PhD, Prof\/ Cell Physiology<\/td><\/tr><\/tbody><\/table><\/figure>\n\n\n\n<p><strong>MIEMBROS DEL EQUIPO POR LA PARTE SUR<\/strong><\/p>\n\n\n\n<figure class=\"wp-block-table\"><table><tbody><tr><td>Blanco Lores, Henry<\/td><td>Centre of Medical Biophysics \/Universidad de Oriente<\/td><td>MSc\/ Software design<\/td><\/tr><tr><td>Delgado Ramos, Ariel<\/td><td>MINSAP. ICT Director<\/td><td>MD\/Informatics<\/td><\/tr><tr><td>Curbelo, Ariadna<\/td><td>SOFTEL. General Director<\/td><td>Eng.\/Informatics<\/td><\/tr><tr><td>Aznielle Rodriguez, Tania<\/td><td>CNEURO. Development Director<\/td><td>MSc\/ Neurosciences<\/td><\/tr><tr><td>Brossard Alejo, Julio<\/td><td>Juan Bruno Zayas Hospital<\/td><td>PhD\/Neuro-surgery<\/td><\/tr><tr><td>Martinez Canhete, Yadisbel<\/td><td>Telecommunication, biomedical and informatics faculty\/ Universidad de Oriente<\/td><td>MSc\/ signal processing<\/td><\/tr><tr><td>Subert Semanat, Andr\u00e9s<\/td><td>Telecommunication, biomedical and informatics faculty\/ Universidad de Oriente<\/td><td>PhD\/ Telecommunications<\/td><\/tr><tr><td>Aldama Figueroa, Alfredo<\/td><td>National institute of vascular surgery (INACV)<\/td><td>MD\/Vascular Physiology<\/td><\/tr><tr><td>Mengana Torres, Yulianela<\/td><td>Centre of Medical Biophysics \/Universidad de Oriente<\/td><td>MSc\/Physics<\/td><\/tr><tr><td>Garcia Herold, Silena<\/td><td>Computer Science Department\/Universidad de Oriente<\/td><td>PhD\/ Image processing<\/td><\/tr><tr><td>D\u00edaz Matos, Armando<\/td><td>Centre of Medical Biophysics \/Universidad de Oriente<\/td><td>B.Sc.\/ informatics<\/td><\/tr><tr><td>Mesa Pujals, Adrian<\/td><td>Centre of Medical Biophysics \/Universidad de Oriente<\/td><td>BSc\/ informatics<\/td><\/tr><tr><td>Fernando Fonseca Acosta<\/td><td>Centre of Medical Biophysics \/Universidad de Oriente<\/td><td>B.Sc.\/ informatics<\/td><\/tr><tr><td>Rodr\u00edguez Santiesteban, Liannet Yisel<\/td><td>Centre of Medical Biophysics \/Universidad de Oriente<\/td><td>BSc\/ informatics<\/td><\/tr><tr><td>Reinoso Leblanch, Ramon<\/td><td>Centre of Medical Biophysics \/Universidad de Oriente<\/td><td>B.Sc.\/ informatics<\/td><\/tr><tr><td>Cabal Mirabal, Carlos Alberto<\/td><td>Havana University<\/td><td>PhD, Prof, \/Physics and Magnetic Resonance<\/td><\/tr><tr><td>Bordelois Cayamo, Alejandro<\/td><td>Centre of Medical Biophysics \/Universidad de Oriente<\/td><td>PhD\/ Magnetic Resonance<\/td><\/tr><tr><td>Bordelois Boiz\u00e1n, Alejandro<\/td><td>Centre of Medical Biophysics \/Universidad de Oriente<\/td><td>PhD\/ Magnetic Resonance<\/td><\/tr><tr><td>S\u00f3nora Mengana, Alexander<\/td><td>Centre of Medical Biophysics \/Universidad de Oriente<\/td><td>MSc\/\/Electronic<\/td><\/tr><tr><td>Vald\u00e9s P\u00e9rez, Fernando Eudaldo<\/td><td>CENPIS\/ Universidad de Oriente<\/td><td>PhD\/ Signal Processing<\/td><\/tr><tr><td>Mara\u00f1\u00f3n Reyes, Enrique<\/td><td>CENPIS\/ Universidad de Oriente<\/td><td>PhD\/ Signal Processing<\/td><\/tr><tr><td>Rodriguez Aldana, Yissel<\/td><td>CENPIS\/ Universidad de Oriente<\/td><td>MSc\/ Informatics<\/td><\/tr><tr><td>Gonzalez Rubio, Tahimy<\/td><td>CENPIS\/ Universidad de Oriente<\/td><td>MSc\/ Informatics<\/td><\/tr><tr><td>V\u00e1zquez Seisdedos, Carlos Rom\u00e1n<\/td><td>CENPIS\/ Universidad de Oriente<\/td><td>PhD\/ Signal Processing<\/td><\/tr><tr><td>Su\u00e1rez Le\u00f3n, Alexander<\/td><td>CENPIS\/ Universidad de Oriente<\/td><td>MSc\/ Electronics<\/td><\/tr><tr><td>Noriega Alem\u00e1n, Maikel<\/td><td>Telecommunication, biomedical and informatics faculty\/ Universidad de Oriente<\/td><td>PhD\/ Signal Processing<\/td><\/tr><tr><td>Miriam Mara\u00f1\u00f3n Cardone<\/td><td>Telecommunication, biomedical and informatics faculty\/ Universidad de Oriente<\/td><td>PhD\/Electronic<\/td><\/tr><tr><td>Lena P\u00e9rez Font<\/td><td>CNEA\/ Universidad de Oriente<\/td><td>PhD\/Cellular and molecular Biology<\/td><\/tr><tr><td>Montoya Pedron, Arqu\u00edmedes &nbsp;<\/td><td>Juan Bruno Zayas Hospital<\/td><td>PhD\/Neurophysiology<\/td><\/tr><tr><td>Guilarte T\u00e9llez, Jorge Antonio<\/td><td>Infact neuro-development consult, Infantil Sur Hospital<\/td><td>PhD\/Infant neuro-development<\/td><\/tr><tr><td>E. Moya G\u00f3mez, Amanda &nbsp;<\/td><td>Telecommunication, biomedical and informatics faculty\/ Universidad de Oriente<\/td><td>MSc\/Biomedical engineering<\/td><\/tr><tr><td>Boizan Cobas, Liuvas<\/td><td>Centre of Medical Biophysics \/Universidad de Oriente<\/td><td>MSc\/Business and tech transfer<\/td><\/tr><tr><td>Carballo Reyna, Onelia<\/td><td>CENPIS\/ Universidad de Oriente<\/td><td>PhD\/ Neurosciences<\/td><\/tr><tr><td>Rodr\u00edguez Arias, Felipe<\/td><td>CENPIS\/ Universidad de Oriente<\/td><td>PhD\/ Signal Processing<\/td><\/tr><tr><td>Amondaray, Lidice<\/td><td>CENPIS\/ Universidad de Oriente<\/td><td>PhD\/ Telemedicine<\/td><\/tr><\/tbody><\/table><\/figure>\n<!-- AddThis Advanced Settings generic via filter on the_content --><!-- AddThis Share Buttons generic via filter on the_content -->","protected":false},"excerpt":{"rendered":"<p>Tecnolog\u00edas y servicios biom\u00e9dicos para mejorar la asistencia m\u00e9dica en la regi\u00f3n este de Cuba. Objetivo general: Incrementar el desarrollo tecnol\u00f3gico de equipos y software m\u00e9dico en la regi\u00f3n oriental de Cuba (acad\u00e9mico). Incrementar las aplicaciones y el impacto de la tecnolog\u00eda cubana de salud en la regi\u00f3n oriental de Cuba (de desarrollo). Jefe Proyecto [&hellip;]<!-- AddThis Advanced Settings generic via filter on get_the_excerpt --><!-- AddThis Share Buttons generic via filter on get_the_excerpt --><\/p>\n","protected":false},"author":958,"featured_media":0,"parent":0,"menu_order":0,"comment_status":"closed","ping_status":"closed","template":"","meta":{"ngg_post_thumbnail":0,"footnotes":""},"class_list":["post-40","page","type-page","status-publish","czr-hentry"],"_links":{"self":[{"href":"https:\/\/blogs.uo.edu.cu\/vlir\/wp-json\/wp\/v2\/pages\/40","targetHints":{"allow":["GET"]}}],"collection":[{"href":"https:\/\/blogs.uo.edu.cu\/vlir\/wp-json\/wp\/v2\/pages"}],"about":[{"href":"https:\/\/blogs.uo.edu.cu\/vlir\/wp-json\/wp\/v2\/types\/page"}],"author":[{"embeddable":true,"href":"https:\/\/blogs.uo.edu.cu\/vlir\/wp-json\/wp\/v2\/users\/958"}],"replies":[{"embeddable":true,"href":"https:\/\/blogs.uo.edu.cu\/vlir\/wp-json\/wp\/v2\/comments?post=40"}],"version-history":[{"count":7,"href":"https:\/\/blogs.uo.edu.cu\/vlir\/wp-json\/wp\/v2\/pages\/40\/revisions"}],"predecessor-version":[{"id":351,"href":"https:\/\/blogs.uo.edu.cu\/vlir\/wp-json\/wp\/v2\/pages\/40\/revisions\/351"}],"wp:attachment":[{"href":"https:\/\/blogs.uo.edu.cu\/vlir\/wp-json\/wp\/v2\/media?parent=40"}],"curies":[{"name":"wp","href":"https:\/\/api.w.org\/{rel}","templated":true}]}}