{"id":43,"date":"2020-07-16T16:23:21","date_gmt":"2020-07-16T14:23:21","guid":{"rendered":"http:\/\/blogs.uo.edu.cu\/vlir\/?page_id=43"},"modified":"2021-03-17T18:26:49","modified_gmt":"2021-03-17T17:26:49","slug":"p5-nuevos-materiales-para-la-industria","status":"publish","type":"page","link":"https:\/\/blogs.uo.edu.cu\/vlir\/p5-nuevos-materiales-para-la-industria\/","title":{"rendered":"P5 Nuevos materiales para la industria"},"content":{"rendered":"\n<h1 class=\"wp-block-heading\">Obtenci\u00f3n, caracterizaci\u00f3n y producci\u00f3n de nuevos materiales y tecnolog\u00edas para sistemas industriales.<\/h1>\n\n\n\n<p><strong>Objetivo general: <\/strong>Ampliar el n\u00famero de graduados de alto  nivel y de actividades de investigaci\u00f3n como garant\u00eda la formaci\u00f3n  sostenible de profesionales competentes en Energ\u00eda, Biocombustible y  Tecnolog\u00eda limpia contribuyendo al control y el manejo de los problemas  ambientales en las provincias orientales<em>.<\/em><\/p>\n\n\n\n<div class=\"wp-block-media-text alignwide is-stacked-on-mobile\" style=\"grid-template-columns:23% auto\"><figure class=\"wp-block-media-text__media\"><img fetchpriority=\"high\" decoding=\"async\" width=\"250\" height=\"250\" src=\"https:\/\/blogs.uo.edu.cu\/vlir\/wp-content\/uploads\/sites\/50\/2021\/03\/dries_van_damme-250x250-1.png\" alt=\"\" class=\"wp-image-362 size-full\" srcset=\"https:\/\/blogs.uo.edu.cu\/vlir\/wp-content\/uploads\/sites\/50\/2021\/03\/dries_van_damme-250x250-1.png 250w, https:\/\/blogs.uo.edu.cu\/vlir\/wp-content\/uploads\/sites\/50\/2021\/03\/dries_van_damme-250x250-1-150x150.png 150w\" sizes=\"(max-width: 250px) 100vw, 250px\" \/><\/figure><div class=\"wp-block-media-text__content\">\n<p class=\"has-small-font-size\"><strong>Jefe Proyecto Belga:\u00a0<\/strong>Vandamme, Dries PhD |<strong>\u00a0E-mail:<\/strong> dries.vandamme@uhasselt.be<\/p>\n<\/div><\/div>\n\n\n\n<div class=\"wp-block-media-text alignwide is-stacked-on-mobile\" style=\"grid-template-columns:23% auto\"><figure class=\"wp-block-media-text__media\"><img decoding=\"async\" width=\"445\" height=\"445\" src=\"https:\/\/blogs.uo.edu.cu\/vlir\/wp-content\/uploads\/sites\/50\/2021\/03\/9.png\" alt=\"\" class=\"wp-image-363 size-full\" srcset=\"https:\/\/blogs.uo.edu.cu\/vlir\/wp-content\/uploads\/sites\/50\/2021\/03\/9.png 445w, https:\/\/blogs.uo.edu.cu\/vlir\/wp-content\/uploads\/sites\/50\/2021\/03\/9-300x300.png 300w, https:\/\/blogs.uo.edu.cu\/vlir\/wp-content\/uploads\/sites\/50\/2021\/03\/9-150x150.png 150w\" sizes=\"(max-width: 445px) 100vw, 445px\" \/><\/figure><div class=\"wp-block-media-text__content\">\n<p class=\"has-small-font-size\"><strong>Jefe Proyecto Cubano:<\/strong>\u00a0Crespo Sariol, Harold, PhD | E-mail: <a href=\"mailto:senguo@vlir.uo.edu.cu\">harold@uo.edu.cu<\/a><\/p>\n<\/div><\/div>\n\n\n\n<p><\/p>\n\n\n\n<p><strong><strong>Objetivos espec\u00edficos:<\/strong><\/strong> <\/p>\n\n\n\n<ul class=\"wp-block-list\"><li>Organizar un laboratorio para la investigaci\u00f3n, el an\u00e1lisis y la  caracterizaci\u00f3n de biocombustibles especialmente gas, liquido, tambi\u00e9n  diferentes tipo de biomasas y residuales procedentes de la industria y  las actividades agr\u00edcolas lo que constituye un peligro para la  sostenibilidad del medio ambiente. <\/li><li>Incrementar la competencia cient\u00edfica y acad\u00e9mica de la educaci\u00f3n en  postgrado a trav\u00e9s de la elevaci\u00f3n del claustro de profesores,  incrementando las actividades de investigaci\u00f3n y para el desarrollo de  doctores y programas de doctorado en Energ\u00eda, Biocombustible y  Tecnolog\u00edas limpias<\/li><\/ul>\n\n\n\n<p><strong>Resultados esperados:<\/strong><\/p>\n\n\n\n<ul class=\"wp-block-list\"><li>Un incremento en la contribuci\u00f3n de las Fuentes renovables de energ\u00eda al balance de energ\u00eda en la regi\u00f3n Oriental de Cuba.<\/li><li>La aplicaci\u00f3n de dos nuevas Fuentes de energ\u00eda en las comunidades rurales.<\/li><li>Disminuci\u00f3n en un 5 % de la cantidad de diesel usado para la \nagricultura entre comunidades rurales de la regi\u00f3n oriental de Cuba.<\/li><li>Disminuci\u00f3n en un 5 % de la cantidad de diesel usada para la transportaci\u00f3n en las comunidades rurales de la regi\u00f3n oriental.<\/li><li>Incremento en 3000 kW.hr por mes de la generaci\u00f3n de energ\u00eda el\u00e9ctrica en comunidades locales usando biocombustibles.<\/li><li>Incremento del numero profesionales \ngraduados y postgraduado relacionados con el uso de biocombustibles en \nla regi\u00f3n oriental de Cuba.<\/li><li>Graduar al menos 50 ingenieros en el \nprograma de biocombustibles de la Universidad de Oriente. Defender 10 \ninvestigadores el titulo de doctor y alcanzar el titulo de Master 30 \ninvestigadores dentro del proyecto.<\/li><li>Incremento de al menos un 50 % del \ndesempe\u00f1o en ciencia y tecnolog\u00eda de la Universidad de Oriente en lo \nrelacionado con aplicaciones en el \u00e1rea de Biocombustibles.<\/li><\/ul>\n\n\n\n<p><strong>MIEMBROS DEL EQUIPO POR LA PARTE NORTE<\/strong><\/p>\n\n\n\n<figure class=\"wp-block-table\"><table><tbody><tr><td>Jan Yperman<\/td><td>Hasselt University<\/td><td>professor, dr<\/td><\/tr><tr><td>Robert Carleer<\/td><td>Hasselt University<\/td><td>professor, dr<\/td><\/tr><tr><td>Peter Adriaensens<\/td><td>Hasselt University<\/td><td>professor, dr<\/td><\/tr><tr><td>Sonja Schreurs<\/td><td>Hasselt University<\/td><td>professor, dr<\/td><\/tr><tr><td>Matthew Froeyens<\/td><td>Leuven University<\/td><td>professor, dr<\/td><\/tr><tr><td>Pieter Samyn<\/td><td>Hasselt University<\/td><td>Dr ir<\/td><\/tr><tr><td>Wouter Marchal<\/td><td>Hasselt University<\/td><td>Dr. ir.<\/td><\/tr><tr><td>Vera Meynen<\/td><td>University Antwerp<\/td><td>professor, dr<\/td><\/tr><tr><td>Frederik Ronsse<\/td><td>University Gent<\/td><td>professor, dr<\/td><\/tr><tr><td>Kenny Vanreppelen<\/td><td>Hasselt University<\/td><td>Dr ing<\/td><\/tr><tr><td>Tom Haeldemans<\/td><td>Hasselt University<\/td><td>LPhD student<\/td><\/tr><tr><td>Willem Vercruysse<\/td><td>Hasselt University<\/td><td>LPhD student<\/td><\/tr><tr><td>Nele Witters<\/td><td>Hasselt University<\/td><td>Prof, dr<\/td><\/tr><tr><td>Tom Cuppens<\/td><td>Hasselt University<\/td><td>Prof, dr<\/td><\/tr><\/tbody><\/table><\/figure>\n\n\n\n<p><strong>MIEMBROS DEL EQUIPO POR LA PARTE SUR<\/strong><\/p>\n\n\n\n<figure class=\"wp-block-table\"><table><tbody><tr><td>\u00c1ngel Brito Sauvanell<\/td><td><em>Manager<\/em><\/td><td>professor, dr<\/td><\/tr><tr><td>Hip\u00f3lito Carvajal Fals<\/td><td><em>Deputy-project leader<\/em><\/td><td>professor, dr<\/td><\/tr><tr><td>\u00c1ngel S\u00e1nchez Roca<\/td><td><em>Team Member<\/em><\/td><td>professor, dr<\/td><\/tr><tr><td>Pedro Mun\u00e9 Bandera<\/td><td><em>Team Member<\/em><\/td><td>professor, dr<\/td><\/tr><tr><td>Thayset Marino Peacok<\/td><td><em>Team Member<\/em><\/td><td><em>JPhD student<\/em><\/td><\/tr><tr><td>Jeamichel Puente Torres<\/td><td><em>Team Member<\/em><\/td><td><em>JPhD student<\/em><\/td><\/tr><tr><td>Marian Rignac Delgado<\/td><td><em>Team Member<\/em><\/td><td>JPhD student<\/td><\/tr><tr><td>Aymee&nbsp; Reyes Dalmau<\/td><td><em>Team Member<\/em><\/td><td>LPhD student<\/td><\/tr><tr><td>Julio Ay\u00e1n Rial<\/td><td><em>stakeholder (Cuba Ron SA)<\/em><\/td><td>Master (specialist in rum production)<\/td><\/tr><tr><td>Freddy Fong Casas<\/td><td><em>stakeholder (Cuba Ron SA)<\/em><\/td><td>LPhD student<\/td><\/tr><tr><td>Alejandro S\u00e1nchez \u00c1lvares<\/td><td><em>stakeholder (AZCUBA)<\/em><\/td><td>LPhD student<\/td><\/tr><tr><td>Alexis Delgado Ortiz<\/td><td><em>stakeholder (PROVARI)<\/em><\/td><td>(specialist in AC production)<\/td><\/tr><tr><td>Ad\u00e1n Santana P\u00e9rez<\/td><td><em>stakeholder (Hnos Diaz refinery)<\/em><\/td><td>(specialist in petro-chemical indusry)<\/td><\/tr><tr><td>Jos\u00e9 R. Fern\u00e1ndez Gamboa<\/td><td><em>Team Member<\/em><\/td><td>LPhD student<\/td><\/tr><tr><td>Yaumel Areas Sosa<\/td><td><em>Team Member<\/em><\/td><td>LPhD student<\/td><\/tr><tr><td>Liset Lucambio Mir\u00f3<\/td><td><em>stakeholder (Cuba Ron SA)<\/em><\/td><td>(specialist in rum production)<\/td><\/tr><tr><td>Manuel Serrat D\u00edaz<\/td><td><em>Team Member<\/em><\/td><td>professor, dr<\/td><\/tr><tr><td>Omaida Quesada Gonz\u00e1lez<\/td><td><em>Team Member<\/em><\/td><td>professor, dr<\/td><\/tr><tr><td>Edelio Danguillecourt \u00c1lvarez<\/td><td><em>Team Member<\/em><em><\/em><\/td><td>professor, dr<\/td><\/tr><tr><td>Dany Adrian Cascaret Carmenaty<\/td><td><em>Team Member<\/em><\/td><td>LPhD student<\/td><\/tr><tr><td>Leandro Le\u00f3n Duharte<\/td><td><em>Team Member<\/em><\/td><td>LPhD student<\/td><\/tr><tr><td>\u00c1ngel Daniel de la F\u00e9 Isaac<\/td><td><em>Team Member<\/em><\/td><td>LPhD student<\/td><\/tr><tr><td>Andrea Alfonseca Ladr\u00f3n de Guevara<\/td><td><em>Team Member<\/em><\/td><td>professor, dr<\/td><\/tr><tr><td>Yohandys Zulueta Leyva<\/td><td><em>Team Member<\/em><\/td><td>professor, dr<\/td><\/tr><tr><td>Rosa Mar\u00eda P\u00e9rez Silva<\/td><td><em>Team Member<\/em><\/td><td>professor, dr<\/td><\/tr><tr><td>Jorge David Rivas<\/td><td><em>stakeholder (ZETI)<\/em><\/td><td>LPhD student<\/td><\/tr><tr><td>Jos\u00e9 Enrique la Salle<\/td><td><em>stakeholder (YPROYAZ)<\/em><\/td><td>LPhD student<\/td><\/tr><tr><td>Rene Jos\u00e9<\/td><td><em>stakeholder (ZETI)<\/em><\/td><td>LPhD student<\/td><\/tr><tr><td>An\u00edbal Prieto<\/td><td><em>stakeholder (ATAC)<\/em><\/td><td>Specialist in sugar cane production<\/td><\/tr><tr><td>Roberto Machado Garcia<\/td><td><em>Team Member<\/em><\/td><td>JPhD student<\/td><\/tr><tr><td>M\u00f3nica Hern\u00e1ndez Rodriguez<\/td><td><em>Team Member<\/em><\/td><td>JPhD student<\/td><\/tr><tr><td>Jorge Jadid Tamayo Pacheco<\/td><td><em>Team Member<\/em><\/td><td>J-LPhD student<\/td><\/tr><tr><td>Yadira Silveira Font<\/td><td><em>Team Member<\/em><\/td><td>J-LPhD student<\/td><\/tr><tr><td>Radames Hodelin Bariera<\/td><td><em>Team Member<\/em><\/td><td>J-LPhD student<\/td><\/tr><tr><td>Adrian Cascaret Carmenaty<\/td><td><em>Team Member<\/em><\/td><td>J-LPhD student<\/td><\/tr><tr><td>Adriana Alfonso Rojas<\/td><td><em>Team Member<\/em><\/td><td>J-LPhD student<\/td><\/tr><tr><td>Maria de los Angeles Arada P\u00e9rez<\/td><td><em>Team Member<\/em><em><\/em><\/td><td>Prof, dr (UO)<\/td><\/tr><tr><td>Jos\u00e9 Falc\u00f3n Hern\u00e1ndez<\/td><td><em>Team Member<\/em><em><\/em><\/td><td>Prof, dr (UO)<\/td><\/tr><tr><td>Alexis Otero Calvi<\/td><td><em>Team Member<\/em><em><\/em><\/td><td>Prof, dr (ISSM)<\/td><\/tr><\/tbody><\/table><\/figure>\n<!-- AddThis Advanced Settings generic via filter on the_content --><!-- AddThis Share Buttons generic via filter on the_content -->","protected":false},"excerpt":{"rendered":"<p>Obtenci\u00f3n, caracterizaci\u00f3n y producci\u00f3n de nuevos materiales y tecnolog\u00edas para sistemas industriales. Objetivo general: Ampliar el n\u00famero de graduados de alto nivel y de actividades de investigaci\u00f3n como garant\u00eda la formaci\u00f3n sostenible de profesionales competentes en Energ\u00eda, Biocombustible y Tecnolog\u00eda limpia contribuyendo al control y el manejo de los problemas ambientales en las provincias orientales. [&hellip;]<!-- AddThis Advanced Settings generic via filter on get_the_excerpt --><!-- AddThis Share Buttons generic via filter on get_the_excerpt --><\/p>\n","protected":false},"author":958,"featured_media":0,"parent":0,"menu_order":0,"comment_status":"closed","ping_status":"closed","template":"","meta":{"ngg_post_thumbnail":0,"footnotes":""},"class_list":["post-43","page","type-page","status-publish","czr-hentry"],"_links":{"self":[{"href":"https:\/\/blogs.uo.edu.cu\/vlir\/wp-json\/wp\/v2\/pages\/43","targetHints":{"allow":["GET"]}}],"collection":[{"href":"https:\/\/blogs.uo.edu.cu\/vlir\/wp-json\/wp\/v2\/pages"}],"about":[{"href":"https:\/\/blogs.uo.edu.cu\/vlir\/wp-json\/wp\/v2\/types\/page"}],"author":[{"embeddable":true,"href":"https:\/\/blogs.uo.edu.cu\/vlir\/wp-json\/wp\/v2\/users\/958"}],"replies":[{"embeddable":true,"href":"https:\/\/blogs.uo.edu.cu\/vlir\/wp-json\/wp\/v2\/comments?post=43"}],"version-history":[{"count":4,"href":"https:\/\/blogs.uo.edu.cu\/vlir\/wp-json\/wp\/v2\/pages\/43\/revisions"}],"predecessor-version":[{"id":365,"href":"https:\/\/blogs.uo.edu.cu\/vlir\/wp-json\/wp\/v2\/pages\/43\/revisions\/365"}],"wp:attachment":[{"href":"https:\/\/blogs.uo.edu.cu\/vlir\/wp-json\/wp\/v2\/media?parent=43"}],"curies":[{"name":"wp","href":"https:\/\/api.w.org\/{rel}","templated":true}]}}