{"id":291,"date":"2017-08-31T12:34:29","date_gmt":"2017-08-31T12:34:29","guid":{"rendered":"http:\/\/vrd.uniblog.uo.edu.cu\/?page_id=291"},"modified":"2017-08-31T12:34:29","modified_gmt":"2017-08-31T12:34:29","slug":"curso-2016-2017","status":"publish","type":"page","link":"https:\/\/blogs.uo.edu.cu\/vrd\/trabajo-metodologico\/actividades-docente-metodologicas\/curso-2016-2017\/","title":{"rendered":"Curso 2016 &#8211; 2017"},"content":{"rendered":"<p>\n\t<strong>Clases metodol&oacute;gicas instructivas<\/strong>\n<\/p>\n<p>\n\t&nbsp;&nbsp;&nbsp;&nbsp;&nbsp;&nbsp;&nbsp;&nbsp;&nbsp;&nbsp;&nbsp; <a href=\"http:\/\/vrd.uniblog.uo.edu.cu\/files\/2017\/08\/CMI-Autoaprendizaje-y-el-protagonismo-estudiantil.pdf\" target=\"_blank\">CMI Autoaprendizaje y el protagonismo estudiantil<\/a>\n<\/p>\n<p>\n\t&nbsp;&nbsp;&nbsp;&nbsp;&nbsp;&nbsp;&nbsp;&nbsp;&nbsp;&nbsp;&nbsp; <a href=\"http:\/\/vrd.uniblog.uo.edu.cu\/files\/2017\/08\/CMI-DPI-y-concepci\u00f3n-metodol\u00f3gica-de-la-PL.pdf\" target=\"_blank\">CMI DPI y concepci&oacute;n metodol&oacute;gica de la PL<\/a>\n<\/p>\n<p>\n\t&nbsp;&nbsp;&nbsp;&nbsp;&nbsp;&nbsp;&nbsp;&nbsp;&nbsp;&nbsp; <a href=\"http:\/\/vrd.uniblog.uo.edu.cu\/files\/2017\/08\/CMI-Implementaci\u00f3n-ense\u00f1anza-del-ingl\u00e9s.pdf\">CMI Implementaci&oacute;n ense&ntilde;anza del ingl&eacute;s<\/a>\n<\/p>\n<p>\n\t&nbsp;&nbsp;&nbsp;&nbsp;&nbsp;&nbsp;&nbsp;&nbsp;&nbsp;&nbsp;&nbsp; <a href=\"http:\/\/vrd.uniblog.uo.edu.cu\/files\/2017\/08\/CMI-Validaci\u00f3n-Planes-de-Estudios-E.pdf\" target=\"_blank\">CMI Validaci&oacute;n Planes de Estudios E<\/a>\n<\/p>\n<p>\n\t&nbsp;&nbsp;&nbsp;&nbsp;&nbsp;&nbsp;&nbsp;&nbsp;&nbsp;&nbsp;&nbsp; <a href=\"http:\/\/vrd.uniblog.uo.edu.cu\/files\/2017\/08\/CMI.Particularidades-del-CPE-y-la-EaD.pdf\" target=\"_blank\">CMI.Particularidades del CPE y la EaD<\/a>\n<\/p>\n<p>\n\t<strong>Reuniones metodol&oacute;gicas<\/strong>\n<\/p>\n<p>\n\t&nbsp;&nbsp;&nbsp;&nbsp;&nbsp;&nbsp;&nbsp;&nbsp;&nbsp;&nbsp;&nbsp; <a href=\"http:\/\/vrd.uniblog.uo.edu.cu\/files\/2017\/08\/RM-Acerca-de-la-labor-de-los-PPAA.pdf\" target=\"_blank\">RM Acerca de la labor de los PPAA<\/a>\n<\/p>\n<p>\n\t&nbsp;&nbsp;&nbsp;&nbsp;&nbsp;&nbsp;&nbsp;&nbsp;&nbsp;&nbsp;&nbsp; <a href=\"http:\/\/vrd.uniblog.uo.edu.cu\/files\/2017\/08\/RM-Control-a-la-proyecci\u00f3n-educativa-y-metodol\u00f3gica.pdf\" target=\"_blank\">RM Control a la proyecci&oacute;n educativa y metodol&oacute;gica<\/a>\n<\/p>\n<p>\n\t&nbsp;&nbsp;&nbsp;&nbsp;&nbsp;&nbsp;&nbsp;&nbsp;&nbsp;&nbsp;&nbsp; <a href=\"http:\/\/vrd.uniblog.uo.edu.cu\/files\/2017\/08\/RM-El-Dpto-docente-y-su-liderazgo-en-el-eslab\u00f3n-base.pdf\" target=\"_blank\">RM El Dpto. docente y su liderazgo en el eslab&oacute;n base<\/a>\n<\/p>\n<p>\n\t&nbsp;&nbsp;&nbsp;&nbsp;&nbsp;&nbsp;&nbsp;&nbsp;&nbsp;&nbsp;&nbsp; <a href=\"http:\/\/vrd.uniblog.uo.edu.cu\/files\/2017\/08\/RM-Prioridades-UO-para-la-LE-y-el-TPI.pdf\" target=\"_blank\">RM Prioridades UO para la LE y el TPI<\/a>\n<\/p>\n<p>\n\t&nbsp;&nbsp;&nbsp;&nbsp;&nbsp;&nbsp;&nbsp;&nbsp;&nbsp;&nbsp;&nbsp; <a href=\"http:\/\/vrd.uniblog.uo.edu.cu\/files\/2017\/08\/RM-Valoraci\u00f3n-de-la-formaci\u00f3n-en-el-inicio-de-curso.pdf\" target=\"_blank\">RM Valoraci&oacute;n de la formaci&oacute;n en el inicio de curso<\/a>\n<\/p>\n<p>\n\t<strong>Talleres metodol&oacute;gicos<\/strong>\n<\/p>\n<p style=\"margin-left:35.4pt\">\n\t<a href=\"http:\/\/vrd.uniblog.uo.edu.cu\/files\/2017\/08\/1.TM-La-evaluaci\u00f3n-externa-de-carreras.pdf\" target=\"_blank\">TM La evaluaci&oacute;n externa de carreras<\/a>\n<\/p>\n<p style=\"margin-left:35.4pt\">\n\t<a href=\"http:\/\/vrd.uniblog.uo.edu.cu\/files\/2017\/08\/2.1-TM-2-EXPERIENCIAS-Y-PERSPECTIVAS-EN-LA-UO-.pdf\" target=\"_blank\">TM 2 EXPERIENCIAS Y PERSPECTIVAS EN LA UO<\/a>\n<\/p>\n<p style=\"margin-left:35.4pt\">\n\t<a href=\"http:\/\/vrd.uniblog.uo.edu.cu\/files\/2017\/08\/2.2-TM-2-EXPERIENCIAS-EN-LA-LIC.EN-EDUCACI\u00d3N-BIOLOG\u00cdA.pdf\" target=\"_blank\">TM 2 EXPERIENCIAS EN LA LIC.EN EDUCACI&Oacute;N BIOLOG&Iacute;A<\/a>\n<\/p>\n<p style=\"margin-left:35.4pt\">\n\t<a href=\"http:\/\/vrd.uniblog.uo.edu.cu\/files\/2017\/08\/2.3-TM-2-EXPERIENCIAS-EN-LA-LIC.EN-CULTURA-F\u00cdSICA-.pdf\" target=\"_blank\">TM 2 EXPERIENCIAS EN LA LIC.EN CULTURA F&Iacute;SICA<\/a>\n<\/p>\n<p style=\"margin-left:35.4pt\">\n\t<a href=\"http:\/\/vrd.uniblog.uo.edu.cu\/files\/2017\/08\/2.4-TM-2-DEL-PROGRAMA-DE-MATEM\u00c1TICA-B\u00c1SICA.pdf\" target=\"_blank\">TM 2 DEL PROGRAMA DE MATEM&Aacute;TICA B&Aacute;SICA<\/a>\n<\/p>\n<p style=\"margin-left:35.4pt\">\n\t<a href=\"http:\/\/vrd.uniblog.uo.edu.cu\/files\/2017\/08\/2.5-TM-2-DEL-PROGRAMA-EXPA\u00d1OL-B\u00c1SICO.pdf\" target=\"_blank\">TM 2 DEL PROGRAMA EXPA&Ntilde;OL B&Aacute;SICO<\/a>\n<\/p>\n<p style=\"margin-left:35.4pt\">\n\t<a href=\"http:\/\/vrd.uniblog.uo.edu.cu\/files\/2017\/08\/3.TM-Impactos-de-las-investigaciones-en-el-pregrado.pdf\" target=\"_blank\">TM Impactos de las investigaciones en el pregrado<\/a><\/p>\n","protected":false},"excerpt":{"rendered":"<p>Clases metodol&oacute;gicas instructivas &nbsp;&nbsp;&nbsp;&nbsp;&nbsp;&nbsp;&nbsp;&nbsp;&nbsp;&nbsp;&nbsp; CMI Autoaprendizaje y el protagonismo estudiantil &nbsp;&nbsp;&nbsp;&nbsp;&nbsp;&nbsp;&nbsp;&nbsp;&nbsp;&nbsp;&nbsp; CMI DPI y concepci&oacute;n metodol&oacute;gica de la PL &nbsp;&nbsp;&nbsp;&nbsp;&nbsp;&nbsp;&nbsp;&nbsp;&nbsp;&nbsp; CMI Implementaci&oacute;n ense&ntilde;anza del ingl&eacute;s &nbsp;&nbsp;&nbsp;&nbsp;&nbsp;&nbsp;&nbsp;&nbsp;&nbsp;&nbsp;&nbsp; CMI Validaci&oacute;n Planes de Estudios E &nbsp;&nbsp;&nbsp;&nbsp;&nbsp;&nbsp;&nbsp;&nbsp;&nbsp;&nbsp;&nbsp; CMI.Particularidades del CPE y la EaD Reuniones metodol&oacute;gicas &nbsp;&nbsp;&nbsp;&nbsp;&nbsp;&nbsp;&nbsp;&nbsp;&nbsp;&nbsp;&nbsp; RM Acerca de la labor de los PPAA &nbsp;&nbsp;&nbsp;&nbsp;&nbsp;&nbsp;&nbsp;&nbsp;&nbsp;&nbsp;&nbsp; RM Control a la [&hellip;]<\/p>\n","protected":false},"author":25,"featured_media":0,"parent":287,"menu_order":0,"comment_status":"closed","ping_status":"closed","template":"","meta":{"ngg_post_thumbnail":0,"footnotes":""},"class_list":["post-291","page","type-page","status-publish","hentry"],"_links":{"self":[{"href":"https:\/\/blogs.uo.edu.cu\/vrd\/wp-json\/wp\/v2\/pages\/291","targetHints":{"allow":["GET"]}}],"collection":[{"href":"https:\/\/blogs.uo.edu.cu\/vrd\/wp-json\/wp\/v2\/pages"}],"about":[{"href":"https:\/\/blogs.uo.edu.cu\/vrd\/wp-json\/wp\/v2\/types\/page"}],"author":[{"embeddable":true,"href":"https:\/\/blogs.uo.edu.cu\/vrd\/wp-json\/wp\/v2\/users\/25"}],"replies":[{"embeddable":true,"href":"https:\/\/blogs.uo.edu.cu\/vrd\/wp-json\/wp\/v2\/comments?post=291"}],"version-history":[{"count":0,"href":"https:\/\/blogs.uo.edu.cu\/vrd\/wp-json\/wp\/v2\/pages\/291\/revisions"}],"up":[{"embeddable":true,"href":"https:\/\/blogs.uo.edu.cu\/vrd\/wp-json\/wp\/v2\/pages\/287"}],"wp:attachment":[{"href":"https:\/\/blogs.uo.edu.cu\/vrd\/wp-json\/wp\/v2\/media?parent=291"}],"curies":[{"name":"wp","href":"https:\/\/api.w.org\/{rel}","templated":true}]}}