{"id":329,"date":"2017-08-31T13:04:02","date_gmt":"2017-08-31T13:04:02","guid":{"rendered":"http:\/\/vrd.uniblog.uo.edu.cu\/?page_id=329"},"modified":"2017-08-31T13:04:02","modified_gmt":"2017-08-31T13:04:02","slug":"estrategias-curriculares","status":"publish","type":"page","link":"https:\/\/blogs.uo.edu.cu\/vrd\/trabajo-metodologico\/estrategias-curriculares\/","title":{"rendered":"Estrategias Curriculares"},"content":{"rendered":"<p>\n\t<a href=\"http:\/\/vrd.uniblog.uo.edu.cu\/files\/2017\/08\/EC-Computaci\u00f3n.pdf\" target=\"_blank\">EC Computaci&oacute;n<\/a>\n<\/p>\n<p>\n\t<a href=\"http:\/\/vrd.uniblog.uo.edu.cu\/files\/2017\/08\/EC-Educaci\u00f3n-Medioambiental.pdf\" target=\"_blank\">EC Educaci&oacute;n Medioambiental<\/a>\n<\/p>\n<p>\n\t<a href=\"http:\/\/vrd.uniblog.uo.edu.cu\/files\/2017\/08\/EC-Educaci\u00f3n-Vial.pdf\" target=\"_blank\">EC Educaci&oacute;n Vial<\/a>\n<\/p>\n<p>\n\t<a href=\"http:\/\/vrd.uniblog.uo.edu.cu\/files\/2017\/08\/EC-Formaci\u00f3n-C\u00edvica-y-Jur\u00eddica.pdf\" target=\"_blank\">EC Formaci&oacute;n C&iacute;vica y Jur&iacute;dica<\/a>\n<\/p>\n<p>\n\t<a href=\"http:\/\/vrd.uniblog.uo.edu.cu\/files\/2017\/08\/EC-Formaci\u00f3n-Econ\u00f3mica.pdf\" target=\"_blank\">EC Formaci&oacute;n Econ&oacute;mica<\/a>\n<\/p>\n<p>\n\t<a href=\"http:\/\/vrd.uniblog.uo.edu.cu\/files\/2017\/08\/EC-Formaci\u00f3n-Pedag\u00f3gica.pdf\" target=\"_blank\">EC Formaci&oacute;n Pedag&oacute;gica<\/a>\n<\/p>\n<p>\n\t<a href=\"http:\/\/vrd.uniblog.uo.edu.cu\/files\/2017\/08\/EC-Historia-de-Cuba.pdf\" target=\"_blank\">EC Historia de Cuba<\/a>\n<\/p>\n<p>\n\t<a href=\"http:\/\/vrd.uniblog.uo.edu.cu\/files\/2017\/08\/EC-Historia-de-la-profesi\u00f3n.pdf\" target=\"_blank\">EC Historia de la Profesi&oacute;n<\/a>\n<\/p>\n<p>\n\t<a href=\"http:\/\/vrd.uniblog.uo.edu.cu\/files\/2017\/08\/EC-Idioma-Ingl\u00e9s.pdf\" target=\"_blank\">EC Idioma Ingl&eacute;s<\/a>\n<\/p>\n<p>\n\t<a href=\"http:\/\/vrd.uniblog.uo.edu.cu\/files\/2017\/08\/EC-Lengua-Materna.pdf\" target=\"_blank\">EC Lengua Materna<\/a>\n<\/p>\n<p>\n\t<a href=\"http:\/\/vrd.uniblog.uo.edu.cu\/files\/2017\/08\/EC-T\u00e9cnicas-de-direcci\u00f3n.pdf\" target=\"_blank\">EC T&eacute;cnicas de Direcci&oacute;n<\/a><\/p>\n","protected":false},"excerpt":{"rendered":"<p>EC Computaci&oacute;n EC Educaci&oacute;n Medioambiental EC Educaci&oacute;n Vial EC Formaci&oacute;n C&iacute;vica y Jur&iacute;dica EC Formaci&oacute;n Econ&oacute;mica EC Formaci&oacute;n Pedag&oacute;gica EC Historia de Cuba EC Historia de la Profesi&oacute;n EC Idioma Ingl&eacute;s EC Lengua Materna EC T&eacute;cnicas de Direcci&oacute;n<\/p>\n","protected":false},"author":25,"featured_media":0,"parent":279,"menu_order":3,"comment_status":"closed","ping_status":"closed","template":"","meta":{"ngg_post_thumbnail":0,"footnotes":""},"class_list":["post-329","page","type-page","status-publish","hentry"],"_links":{"self":[{"href":"https:\/\/blogs.uo.edu.cu\/vrd\/wp-json\/wp\/v2\/pages\/329","targetHints":{"allow":["GET"]}}],"collection":[{"href":"https:\/\/blogs.uo.edu.cu\/vrd\/wp-json\/wp\/v2\/pages"}],"about":[{"href":"https:\/\/blogs.uo.edu.cu\/vrd\/wp-json\/wp\/v2\/types\/page"}],"author":[{"embeddable":true,"href":"https:\/\/blogs.uo.edu.cu\/vrd\/wp-json\/wp\/v2\/users\/25"}],"replies":[{"embeddable":true,"href":"https:\/\/blogs.uo.edu.cu\/vrd\/wp-json\/wp\/v2\/comments?post=329"}],"version-history":[{"count":0,"href":"https:\/\/blogs.uo.edu.cu\/vrd\/wp-json\/wp\/v2\/pages\/329\/revisions"}],"up":[{"embeddable":true,"href":"https:\/\/blogs.uo.edu.cu\/vrd\/wp-json\/wp\/v2\/pages\/279"}],"wp:attachment":[{"href":"https:\/\/blogs.uo.edu.cu\/vrd\/wp-json\/wp\/v2\/media?parent=329"}],"curies":[{"name":"wp","href":"https:\/\/api.w.org\/{rel}","templated":true}]}}